000
CXUS53 KABR 011443
CLM8D3


CLIMATE REPORT
NATIONAL WEATHER SERVICE ABERDEEN SD
937 AM CDT FRI APR 1 2016

...................................

...THE SISSETON SD CLIMATE SUMMARY FOR THE MONTH OF MARCH 2016...

CLIMATE NORMAL PERIOD 1981 TO 2010
CLIMATE RECORD PERIOD 1900 TO 2016

WEATHER         OBSERVED          NORMAL  DEPART  LAST YEAR`S
                 VALUE   DATE(S)  VALUE   FROM    VALUE  DATE(S)
                                          NORMAL
................................................................
TEMPERATURE (F)
RECORD
 HIGH              82   03/18/2012
                        03/31/1963
                        03/28/1946
 LOW              -22   03/10/1948
HIGHEST            71   03/12        MM      MM       76  03/15
LOWEST              9   03/01        MM      MM      -11  03/05
AVG. MAXIMUM     50.2              39.3    10.9     46.1
AVG. MINIMUM     27.2              20.8     6.4     24.3
MEAN             38.7              30.0     8.7     35.2
DAYS MAX >= 90      0               0.0     0.0        0
DAYS MAX <= 32      3               8.7    -5.7        5
DAYS MIN <= 32     23              26.5    -3.5       24
DAYS MIN <= 0       0               1.5    -1.5        2

PRECIPITATION (INCHES)
RECORD
 MAXIMUM         5.19   1977
 MINIMUM         0.03   1959
TOTALS           0.54              1.12   -0.58     0.93
DAYS >= .01        10                MM      MM        6
DAYS >= .10         2                MM      MM        5
DAYS >= .50         0                MM      MM        0
DAYS >= 1.00        0                MM      MM        0

SNOWFALL (INCHES)
RECORDS
 TOTAL           22.5   5
 SNOW DEPTH        MM   MM
TOTALS            1.9                MM      MM      5.8
SINCE 7/1        28.9                MM      MM     28.9
SNOWDEPTH AVG.      0                MM      MM        1
DAYS >= TRACE       4                MM      MM        4
DAYS >= 1.0         1                MM      MM        2
GREATEST
 SNOW DEPTH         0   MM                             4  03/03

DEGREE_DAYS
HEATING TOTAL     806              1083    -277      916
 SINCE 7/1       6107              7342   -1235     7185
COOLING TOTAL       0                 0       0        0
 SINCE 1/1          0                 0       0        0

FREEZE DATES
RECORD
 EARLIEST     MM
 LATEST       MM
EARLIEST                        MM
LATEST                          MM
.................................................................

WIND (MPH)
AVERAGE WIND SPEED              11.1
RESULTANT WIND SPEED/DIRECTION   2/352
HIGHEST WIND SPEED/DIRECTION    37/330    DATE  03/16
HIGHEST GUST SPEED/DIRECTION    47/240    DATE  03/06

SKY COVER
POSSIBLE SUNSHINE (PERCENT)   MM
AVERAGE SKY COVER           0.00
NUMBER OF DAYS FAIR           31
NUMBER OF DAYS PC              0
NUMBER OF DAYS CLOUDY          0

AVERAGE RH (PERCENT)     69

-  INDICATES NEGATIVE NUMBERS.
R  INDICATES RECORD WAS SET OR TIED.
MM INDICATES DATA IS MISSING.
T  INDICATES TRACE AMOUNT.

$$
