000
CXUS52 KTAE 020640
CLMAAF

MIACLMAAF 000
TTAA00 KTAE 011318


CLIMATE REPORT
NATIONAL WEATHER SERVICE TALLAHASSEE FL
917 AM EDT WED OCT 1 2014

...................................

...THE APALACHICOLA CLIMATE SUMMARY FOR THE MONTH OF SEPTEMBER 2014...

CLIMATE NORMAL PERIOD 1981 TO 2010
CLIMATE RECORD PERIOD 1931 TO 2014

WEATHER         OBSERVED                   LAST YEAR`S
                 VALUE   DATE(S)           VALUE  DATE(S)

.........................................................
TEMPERATURE (F)
HIGHEST            92   09/14                  91  09/17
                        09/12                      09/09
                        09/05                      09/06
LOWEST             62   09/26                  66  09/29
                        09/25
AVG. MAXIMUM     86.9                        88.1
AVG. MINIMUM     72.8                        73.2
MEAN             79.9                        80.6
DAYS MAX >= 90     10                          11
DAYS MAX <= 32      0                           0
DAYS MIN <= 32      0                           0
DAYS MIN <= 0       0                           0

PRECIPITATION (INCHES)
TOTALS           5.53                        6.14
DAILY AVG.       0.18                        0.20
DAYS >= .01        12                          14
DAYS >= .10         7                           9
DAYS >= .50         4                           4
DAYS >= 1.00        1                           3
GREATEST
 24 HR. TOTAL    2.51   09/28 TO 09/29       2.40

DEGREE_DAYS
HEATING TOTAL       0                           0
 SINCE 7/1          0                           0
COOLING TOTAL     454                         477
 SINCE 1/1       2434                        2397
..........................................................

WIND (MPH)
AVERAGE WIND SPEED              6.1
HIGHEST WIND SPEED/DIRECTION    22/210    DATE  09/15
HIGHEST GUST SPEED/DIRECTION    29/210    DATE  09/15

SKY COVER
AVERAGE SKY COVER           0.30

AVERAGE RH (PERCENT)     77

WEATHER CONDITIONS. NUMBER OF DAYS WITH
THUNDERSTORM              0     MIXED PRECIP               0
HEAVY RAIN                8     RAIN                       8
LIGHT RAIN               12     FREEZING RAIN              0
LT FREEZING RAIN          0     HAIL                       0
HEAVY SNOW                0     SNOW                       0
LIGHT SNOW                0     SLEET                      0
FOG                      12     FOG W/VIS <= 1/4 MILE      1
HAZE                      2

-  INDICATES NEGATIVE NUMBERS.
R  INDICATES RECORD WAS SET OR TIED.
MM INDICATES DATA IS MISSING.
T  INDICATES TRACE AMOUNT.

$$
