000
CXUS52 KTAE 020449
CLMAAF

CLIMATE REPORT
NATIONAL WEATHER SERVICE TALLAHASSEE FL
351 AM EST SUN MAR 1 2015

...................................

...THE APALACHICOLA CLIMATE SUMMARY FOR THE MONTH OF FEBRUARY 2015...

CLIMATE NORMAL PERIOD 1981 TO 2010
CLIMATE RECORD PERIOD 1931 TO 2015

WEATHER         OBSERVED                   LAST YEAR`S
                 VALUE   DATE(S)           VALUE  DATE(S)

.........................................................
TEMPERATURE (F)
HIGHEST            77   02/23                  80  02/05
LOWEST             30   02/20                  35  02/28
AVG. MAXIMUM     65.0                        67.3
AVG. MINIMUM     45.2                        49.4
MEAN             55.1                        58.3
DAYS MAX >= 90      0                           0
DAYS MAX <= 32      0                           0
DAYS MIN <= 32      2                           0
DAYS MIN <= 0       0                           0

PRECIPITATION (INCHES)
TOTALS           4.52                        6.22
DAILY AVG.       0.16                        0.22
DAYS >= .01         8                           9
DAYS >= .10         7                           6
DAYS >= .50         3                           4
DAYS >= 1.00        1                           3
GREATEST
 24 HR. TOTAL    2.19   02/04 TO 02/05       1.97

DEGREE_DAYS
HEATING TOTAL     277                         193
 SINCE 7/1        966                         948
COOLING TOTAL       6                          12
 SINCE 1/1         16                          13
..........................................................

WIND (MPH)
AVERAGE WIND SPEED              8.6
HIGHEST WIND SPEED/DIRECTION    31/240    DATE  02/25
HIGHEST GUST SPEED/DIRECTION    40/250    DATE  02/25

SKY COVER
AVERAGE SKY COVER           0.40

AVERAGE RH (PERCENT)     65

WEATHER CONDITIONS. NUMBER OF DAYS WITH
THUNDERSTORM              0     MIXED PRECIP               0
HEAVY RAIN                6     RAIN                       6
LIGHT RAIN                9     FREEZING RAIN              0
LT FREEZING RAIN          0     HAIL                       0
HEAVY SNOW                0     SNOW                       0
LIGHT SNOW                0     SLEET                      0
FOG                      14     FOG W/VIS <= 1/4 MILE      5
HAZE                     13

-  INDICATES NEGATIVE NUMBERS.
R  INDICATES RECORD WAS SET OR TIED.
MM INDICATES DATA IS MISSING.
T  INDICATES TRACE AMOUNT.

$$
