000
CXUS52 KTAE 012149 RRA
CLMAAF

CLIMATE REPORT
NATIONAL WEATHER SERVICE TALLAHASSEE FL
449 PM EST SUN JAN 1 2017

...................................

...THE APALACHICOLA CLIMATE SUMMARY FOR THE MONTH OF DECEMBER 2016...

CLIMATE NORMAL PERIOD 1981 TO 2010
CLIMATE RECORD PERIOD 1931 TO 2016

WEATHER         OBSERVED                   LAST YEAR`S
                 VALUE   DATE(S)           VALUE  DATE(S)

.........................................................
TEMPERATURE (F)
HIGHEST            77   12/29                  81  12/17
LOWEST             34   12/10                  38  12/20
                                                   12/19
AVG. MAXIMUM     69.7                        72.6
AVG. MINIMUM     51.5                        56.6
MEAN             60.6                        64.6
DAYS MAX >= 90      0                           0
DAYS MAX <= 32      0                           0
DAYS MIN <= 32      0                           0
DAYS MIN <= 0       0                           0

PRECIPITATION (INCHES)
TOTALS           3.71                        4.82
DAILY AVG.       0.12                        0.16
DAYS >= .01         8                           7
DAYS >= .10         6                           6
DAYS >= .50         2                           3
DAYS >= 1.00        1                           1
GREATEST
 24 HR. TOTAL    1.98   12/05 TO 12/06       2.25

DEGREE_DAYS
HEATING TOTAL     157                          93
 SINCE 7/1        259                         147
COOLING TOTAL      34                          90
 SINCE 1/1       3005                        3421
..........................................................

WIND (MPH)
AVERAGE WIND SPEED              7.7
HIGHEST WIND SPEED/DIRECTION    28/300    DATE  12/06
HIGHEST GUST SPEED/DIRECTION    35/250    DATE  12/06

SKY COVER
AVERAGE SKY COVER           0.40

AVERAGE RH (PERCENT)     76

WEATHER CONDITIONS. NUMBER OF DAYS WITH
THUNDERSTORM              0     MIXED PRECIP               0
HEAVY RAIN                5     RAIN                       4
LIGHT RAIN                8     FREEZING RAIN              0
LT FREEZING RAIN          0     HAIL                       0
HEAVY SNOW                0     SNOW                       0
LIGHT SNOW                0     SLEET                      0
FOG                       0     FOG W/VIS <= 1/4 MILE      0
HAZE                      0

-  INDICATES NEGATIVE NUMBERS.
R  INDICATES RECORD WAS SET OR TIED.
MM INDICATES DATA IS MISSING.
T  INDICATES TRACE AMOUNT.

$$
