000
CXUS51 KPHI 011315
CLMABE


CLIMATE REPORT
NATIONAL WEATHER SERVICE MOUNT HOLLY NJ
814 AM EST THU DEC 1 2016

...................................

...THE ALLENTOWN CLIMATE SUMMARY FOR THE MONTH OF NOVEMBER 2016...

CLIMATE NORMAL PERIOD 1981 TO 2010
CLIMATE RECORD PERIOD 1922 TO 2016

WEATHER         OBSERVED          NORMAL  DEPART  LAST YEAR`S
                 VALUE   DATE(S)  VALUE   FROM    VALUE  DATE(S)
                                          NORMAL
................................................................
TEMPERATURE (F)
RECORD
 HIGH              81   11/01/1950
 LOW                3   11/26/1938
HIGHEST            71                70       1       77
LOWEST             23                20       3       21
AVG. MAXIMUM     57.0              52.5     4.5     59.1
AVG. MINIMUM     34.8              32.9     1.9     37.0
MEAN             45.9              42.7     3.2     48.0
DAYS MAX >= 90      0               0.0     0.0        0
DAYS MAX <= 32      0               0.2    -0.2        0
DAYS MIN <= 32     12              14.6    -2.6       11
DAYS MIN <= 0       0               0.0     0.0        0

PRECIPITATION (INCHES)
RECORD
 MAXIMUM         9.69   1972
 MINIMUM         0.43   1931
TOTALS           3.33              3.50   -0.17     1.04
DAILY AVG.       0.11              0.12   -0.01     0.03
DAYS >= .01         6               9.8    -3.8        6
DAYS >= .10         5               6.2    -1.2        2
DAYS >= .50         2               2.4    -0.4        1
DAYS >= 1.00        2               0.9     1.1        0
GREATEST
 24 HR. TOTAL    1.66   11/28 TO 11/29              0.56
                        11/29 TO 11/29
                        11/29 TO 11/30

SNOWFALL (INCHES)
RECORDS
 TOTAL             MM   5
 24 HR TOTAL       MM
TOTALS              T               0.7    -0.7        T
SINCE 7/1           T               0.7    -0.7        T
SNOWDEPTH AVG.      0                MM      MM        0
DAYS >= 1.0         0               0.3    -0.3        0
GREATEST
 SNOW DEPTH         0   MM                             0  MM
 24 HR TOTAL        T   11/20 TO 11/20                 T

DEGREE_DAYS
HEATING TOTAL     567               669    -102      505
 SINCE 7/1        905              1180    -275      882
COOLING TOTAL       0                 0       0        4
 SINCE 1/1       1223               757     466     1061
.................................................................

WIND (MPH)
AVERAGE WIND SPEED              6.9
HIGHEST WIND SPEED/DIRECTION    32/280    DATE  11/19
HIGHEST GUST SPEED/DIRECTION    45/290    DATE  11/19

SKY COVER
POSSIBLE SUNSHINE (PERCENT)   MM
AVERAGE SKY COVER           0.40
NUMBER OF DAYS FAIR           18
NUMBER OF DAYS PC              4
NUMBER OF DAYS CLOUDY          8

AVERAGE RH (PERCENT)     62

WEATHER CONDITIONS. NUMBER OF DAYS WITH
THUNDERSTORM              0     MIXED PRECIP               0
HEAVY RAIN                3     RAIN                       5
LIGHT RAIN               11     FREEZING RAIN              0
LT FREEZING RAIN          0     HEAVY SNOW                 0
SNOW                      0     LIGHT SNOW                 2
SLEET                     0     FOG                       10
FOG W/VIS <= 1/4 MILE     3     HAZE                       4

-  INDICATES NEGATIVE NUMBERS.
R  INDICATES RECORD WAS SET OR TIED.
MM INDICATES DATA IS MISSING.
T  INDICATES TRACE AMOUNT.

$$
