000
CXUS54 KSJT 011332
CLMABI


CLIMATE REPORT
NATIONAL WEATHER SERVICE SAN ANGELO TX
832 AM CDT FRI MAY 1 2015

...................................

...THE ABILENE CLIMATE SUMMARY FOR THE MONTH OF APRIL 2015...

CLIMATE NORMAL PERIOD 1981 TO 2010
CLIMATE RECORD PERIOD 1886 TO 2015

WEATHER         OBSERVED          NORMAL  DEPART  LAST YEAR`S
                 VALUE   DATE(S)  VALUE   FROM    VALUE  DATE(S)
                                          NORMAL
................................................................
TEMPERATURE (F)
RECORD
 HIGH             104   04/25/2012
 LOW               25   04/09/1973
                        04/05/1886
HIGHEST            93   04/02        MM      MM       96  04/10
LOWEST             40   04/29        MM      MM       28  04/15
AVG. MAXIMUM     78.0              77.3     0.7     79.8
AVG. MINIMUM     55.3              51.9     3.4     53.8
MEAN             66.7              64.6     2.1     66.8
DAYS MAX >= 90      2               2.1    -0.1        9
DAYS MAX <= 32      0               0.0     0.0        0
DAYS MIN <= 32      0               0.3    -0.3        1
DAYS MIN <= 0       0               0.0     0.0        0

PRECIPITATION (INCHES)
RECORD
 MAXIMUM         9.80   1890
 MINIMUM         0.00   2012
TOTALS           2.18              1.64    0.54     0.61
DAILY AVG.       0.07              0.05    0.02     0.02
DAYS >= .01         8               5.0     3.0        4
DAYS >= .10         5               3.1     1.9        2
DAYS >= .50         2               1.1     0.9        0
DAYS >= 1.00        0               0.5    -0.5        0
GREATEST
 24 HR. TOTAL    0.78   04/27 TO 04/28

SNOWFALL (INCHES)
RECORDS
 TOTAL            9.3   1996
                        0
                        0
TOTALS            0.0               0.3    -0.3        T
SINCE 7/1         3.7               4.7    -1.0      3.1
SNOWDEPTH AVG.      0                MM      MM        0
DAYS >= 1.0         0               0.0     0.0        0
GREATEST
 SNOW DEPTH         0   MM                             0  MM
 24 HR TOTAL      0.0   04/30 TO 04/30

DEGREE_DAYS
HEATING TOTAL      63               111     -48       95
 SINCE 7/1       2466              2542     -76     2797
COOLING TOTAL     120                99      21      156
 SINCE 1/1        171               133      38      200
.................................................................

WIND (MPH)
AVERAGE WIND SPEED              11.7
HIGHEST WIND SPEED/DIRECTION    33/340    DATE  04/03
HIGHEST GUST SPEED/DIRECTION    40/170    DATE  04/08

SKY COVER
AVERAGE SKY COVER           0.30

AVERAGE RH (PERCENT)     64

WEATHER CONDITIONS. NUMBER OF DAYS WITH
THUNDERSTORM              1     MIXED PRECIP               0
HEAVY RAIN                3     RAIN                       4
LIGHT RAIN               13     FREEZING RAIN              0
LT FREEZING RAIN          0     HAIL                       0
HEAVY SNOW                0     SNOW                       0
LIGHT SNOW                0     SLEET                      0
FOG                       9     FOG W/VIS <= 1/4 MILE      0
HAZE                      2

-  INDICATES NEGATIVE NUMBERS.
R  INDICATES RECORD WAS SET OR TIED.
MM INDICATES DATA IS MISSING.
T  INDICATES TRACE AMOUNT.

$$
