000
CXUS55 KABQ 021154 CCA
CLMABQ

ABQCLMABQALLTTAA00 KABQ 021154


CLIMATE REPORT
NATIONAL WEATHER SERVICE ALBUQUERQUE NM
928 AM MDT THU JUN 1 2017

...................................

...THE ALBUQUERQUE  NM CLIMATE SUMMARY FOR THE MONTH OF MAY 2017...

CLIMATE NORMAL PERIOD 1981 TO 2010
CLIMATE RECORD PERIOD 1891 TO 2017

WEATHER         OBSERVED          NORMAL  DEPART  LAST YEAR`S
                 VALUE   DATE(S)  VALUE   FROM    VALUE  DATE(S)
                                          NORMAL
................................................................
TEMPERATURE (F)
RECORD
 HIGH              98   05/27/1951
 LOW               28   05/07/1975
                        05/01/1967
HIGHEST            89   05/24        90      -1       87  05/13
LOWEST             39   05/20        37       2       38  05/02
AVG. MAXIMUM     78.4              78.8    -0.4     77.1
AVG. MINIMUM     51.2              52.5    -1.3     50.8
MEAN             64.8              65.6    -0.8     64.0
DAYS MAX >= 90      0               1.6    -1.6        0
DAYS MAX <= 32      0               0.0     0.0        0
DAYS MIN <= 32      0               0.1    -0.1        0
DAYS MIN <= 0       0               0.0     0.0        0

PRECIPITATION (INCHES)
RECORD
 MAXIMUM         3.07   1941
 MINIMUM            T   2006
                        2004
                        1998
TOTALS           0.24              0.50   -0.26     0.11
DAILY AVG.       0.01              0.02   -0.01     0.00
DAYS >= .01         4               4.2    -0.2        4
DAYS >= .10         1               1.6    -0.6        0
DAYS >= .50         0               0.1    -0.1        0
DAYS >= 1.00        0               0.0     0.0        0
GREATEST
 24 HR. TOTAL    0.10   05/10 TO 05/10              0.07

SNOWFALL (INCHES)
RECORDS
 TOTAL              T   2016
                        2015
                        2011
TOTALS            0.0               0.0     0.0        T
SINCE 7/1         3.6               9.6    -6.0      9.8
SNOWDEPTH AVG.      0                MM      MM        0
DAYS >= 1.0         0               0.0     0.0        0
GREATEST
 SNOW DEPTH         0   MM                             0  MM
 24 HR TOTAL      0.0   05/31 TO 05/31                 T

DEGREE_DAYS
HEATING TOTAL      72                71       1       90
 SINCE 7/1       3300              4175    -875     3784
COOLING TOTAL      74                91     -17       66
 SINCE 1/1         79                98     -19       71
.................................................................

WIND (MPH)
AVERAGE WIND SPEED              9.8
HIGHEST WIND SPEED/DIRECTION    52/190    DATE  05/09
HIGHEST GUST SPEED/DIRECTION    63/190    DATE  05/09

SKY COVER
POSSIBLE SUNSHINE (PERCENT)   MM
AVERAGE SKY COVER           0.40
NUMBER OF DAYS FAIR           14
NUMBER OF DAYS PC             17
NUMBER OF DAYS CLOUDY          0

AVERAGE RH (PERCENT)     32

WEATHER CONDITIONS. NUMBER OF DAYS WITH
THUNDERSTORM              0     MIXED PRECIP               0
HEAVY RAIN                1     RAIN                       2
LIGHT RAIN                5     FREEZING RAIN              0
LT FREEZING RAIN          0     HAIL                       0
HEAVY SNOW                0     SNOW                       0
LIGHT SNOW                0     SLEET                      0
FOG                       0     FOG W/VIS <= 1/4 MILE      0
HAZE                      2

-  INDICATES NEGATIVE NUMBERS.
R  INDICATES RECORD WAS SET OR TIED.
MM INDICATES DATA IS MISSING.
T  INDICATES TRACE AMOUNT.

$$
---------------------------------------------------------------------
---------------------------------
THE AVERAGE MAX TEMPERATURE AT THE ALBUQUERQUE SUNPORT IN MAY WAS
78.4 DEGREES WHICH WAS 0.4 DEGREES BELOW NORMAL. THE MIN TEMPERATURE
WAS 51.2 WHICH WAS 1.3 DEGREES BELOW NORMAL. THE AVERAGE MONTHLY
TEMPERATURE WAS 64.8 DEGREES.

THE HIGHEST TEMPERATURE WAS 89 DEGREES ON THE 24TH AND THE LOWEST
TEMPERATURE WAS 39 DEGREES ON THE 20TH.

TOTAL PRECIPITATION FOR THE MONTH WAS 0.24 INCHES WHICH WAS 0.26
INCHES BELOW NORMAL. NO SNOWFALL WAS RECORDED.

THE AVERAGE WIND SPEED WAS 9.8 MPH. THE HIGHEST WIND SPEED WAS 52
MPH WITH A PEAK GUSTS OF 63 MPH WHICH WAS RECORDED ON MAY 9TH.
---------------------------------------------------------------------
-----------------------------------
$$
