000
CXUS51 KPHI 011805
CLMACY


CLIMATE REPORT
NATIONAL WEATHER SERVICE MOUNT HOLLY NJ
154 PM EDT SAT APR 1 2017

...................................

...THE ATLANTIC CITY CLIMATE SUMMARY FOR THE MONTH OF MARCH 2017...

CLIMATE NORMAL PERIOD 1981 TO 2010
CLIMATE RECORD PERIOD 1874 TO 2017

WEATHER         OBSERVED          NORMAL  DEPART  LAST YEAR`S
                 VALUE   DATE(S)  VALUE   FROM    VALUE  DATE(S)
                                          NORMAL
................................................................
TEMPERATURE (F)
RECORD
 HIGH              87   03/30/1998
 LOW                2   03/03/2014
HIGHEST            81   03/25        73       8       81  03/10
LOWEST             14   03/13        15      -1       21  03/05
                        03/05
AVG. MAXIMUM     51.8              51.8     0.0     58.1
AVG. MINIMUM     31.4              32.7    -1.3     37.5
MEAN             41.6              42.2    -0.6     47.8
DAYS MAX >= 90      0               0.0     0.0        0
DAYS MAX <= 32      1               0.4     0.6        0
DAYS MIN <= 32     18              14.8     3.2       10
DAYS MIN <= 0       0               0.0     0.0        0

PRECIPITATION (INCHES)
RECORD
 MAXIMUM         9.25   1994
 MINIMUM         0.37   2006
TOTALS           5.62              4.21    1.41     3.12
DAILY AVG.       0.18              0.14    0.04     0.10
DAYS >= .01        10              10.3    -0.3       12
DAYS >= .10         7               6.8     0.2        7
DAYS >= .50         2               3.1    -1.1        2
DAYS >= 1.00        2               1.1     0.9        1
GREATEST
 24 HR. TOTAL    3.02   03/14 TO 03/14              1.30

SNOWFALL (INCHES)
RECORDS
 TOTAL             MM   5
 24 HR TOTAL       MM
TOTALS            0.2               1.1    -0.9      5.1
SINCE 7/1         7.7              16.2    -8.5     25.7
SNOWDEPTH AVG.      0                MM      MM        0
DAYS >= 1.0         0               0.4    -0.4        1
GREATEST
 SNOW DEPTH         0   MM                             1  03/21
                                                          03/04
 24 HR TOTAL      0.2   03/10 TO 03/10               4.3

DEGREE_DAYS
HEATING TOTAL     719               706      13      531
 SINCE 7/1       3715              4297    -582     3412
COOLING TOTAL       0                 0       0        3
 SINCE 1/1          0                 0       0        3
.................................................................

WIND (MPH)
AVERAGE WIND SPEED              11.7
HIGHEST WIND SPEED/DIRECTION    37/310    DATE  03/22
HIGHEST GUST SPEED/DIRECTION    53/300    DATE  03/08

SKY COVER
POSSIBLE SUNSHINE (PERCENT)   MM
AVERAGE SKY COVER           0.40
NUMBER OF DAYS FAIR           16
NUMBER OF DAYS PC             10
NUMBER OF DAYS CLOUDY          5

AVERAGE RH (PERCENT)     57

WEATHER CONDITIONS. NUMBER OF DAYS WITH
THUNDERSTORM              0     MIXED PRECIP               0
HEAVY RAIN                3     RAIN                       5
LIGHT RAIN               10     FREEZING RAIN              0
LT FREEZING RAIN          0     HEAVY SNOW                 1
SNOW                      1     LIGHT SNOW                 4
SLEET                     0     FOG                       11
FOG W/VIS <= 1/4 MILE     4     HAZE                       6

-  INDICATES NEGATIVE NUMBERS.
R  INDICATES RECORD WAS SET OR TIED.
MM INDICATES DATA IS MISSING.
T  INDICATES TRACE AMOUNT.

$$
