000
CXAK58 PADQ 011141
CLMADQ

CLIMATE REPORT
NATIONAL WEATHER SERVICE KODIAK, AK
341 AM AKDT MON SEP 1 2014

...................................

...THE KODIAK AP CLIMATE SUMMARY FOR THE MONTH OF AUGUST 2014...

CLIMATE NORMAL PERIOD 1981 TO 2010
CLIMATE RECORD PERIOD 1949 TO 2014

WEATHER         OBSERVED          NORMAL  DEPART  LAST YEAR`S
                 VALUE   DATE(S)  VALUE   FROM    VALUE  DATE(S)
                                          NORMAL
................................................................
TEMPERATURE (F)
RECORD
 HIGH              83   8/05/1968
 LOW               34   8/29/1998
HIGHEST            69   8/18         72      -3      69  8/25
LOWEST             45                40       5      40  8/08
AVG. MAXIMUM       61.6              61.3     0.3    60.6
AVG. MINIMUM       51.0              48.9     2.1    51.6
MEAN               56.3              55.2     1.1    56.1
DAYS MAX >= 90      0                 0.0     0.0     0
DAYS MAX <= 32      0                 0.0     0.0     0
DAYS MAX >= 80      0                 0.0     0.0     0
DAYS MAX >= 70      0                 2.7    -2.7     0
DAYS MIN <= 32      0                 0.0     0.0     0
DAYS MIN <= 0       0                 0.0     0.0     0

PRECIPITATION (INCHES)
RECORD
 MAXIMUM           11.13   1977
 MINIMUM            0.65   1987
TOTALS              6.90              4.56    2.34    9.30
DAILY AVG.          0.22              0.15    0.07    0.30
DAYS >= .01        20                14.1     5.9    19
DAYS >= .10        16                 7.7     8.3    14
DAYS >= .50         6                 2.8     3.2     7
DAYS >= 1.0         1                 1.3    -0.3     2
GREATEST
 24 HR TOTAL        1.53   8/10                       1.78  8/29

SNOWFALL (INCHES)
RECORDS
 TOTAL              0.0   1949
 24 HR TOTAL        0.0   8-31-2014
 SNOW DEPTH         0     8-31-2014
TOTALS              0.0               0.0     0.0     0.0
SINCE 7/1           0.0               0.0     0.0     0.0
SNOWDEPTH AVG.      0                 0       0       0
DAYS >= TRACE       0                 0.0     0.0     0
DAYS >= 1.0         0                 0.0     0.0     0
DAYS >= 6.0         0                 0.0     0.0     0
GREATEST
 SNOW DEPTH         0   MM                            0  MM
 24 HR TOTAL      0.0   MM                          0.0  MM

DEGREE_DAYS
HEATING TOTAL     261               304     -43     268
 SINCE 7/1        501               630    -129     479
COOLING TOTAL       0                 0       0       0
 SINCE 1/1          4                 0       4       6
................................................................

WIND (MPH)
AVERAGE WIND SPEED                6.9
HIGHEST WIND SPEED/DIRECTION     29/100    DATE   08/15
HIGHEST GUST SPEED/DIRECTION     36/090    DATE   08/15

SKY COVER
POSSIBLE SUNSHINE (PERCENT)   MM
AVERAGE SKY COVER             MM
NUMBER OF DAYS FAIR           MM
NUMBER OF DAYS PC             MM
NUMBER OF DAYS CLOUDY         MM

AVERAGE RH (PERCENT)     MM

WEATHER CONDITIONS. NUMBER OF DAYS WITH
THUNDERSTORM              0     ICE PELLETS                 0
RAIN                     21     GLAZE                       0
DRIZZLE                   0     HAIL                        0
SNOW                      0     HAZE                        6
FOG                      22     FOG W/VIS <= 1/4 MILE       2
BLOWING SNOW              0


-  INDICATES NEGATIVE NUMBERS.
R  INDICATES RECORD WAS SET OR TIED.
MM INDICATES DATA IS MISSING.
T  INDICATES TRACE AMOUNT.

&&


$$
*** SEP 14
