000
CXUS52 KCAE 011933
CLMAGS


CLIMATE REPORT
NATIONAL WEATHER SERVICE COLUMBIA SC
330 PM EDT TUE APR 1 2014

...................................

...THE AUGUSTA BUSH FIELD GA CLIMATE SUMMARY FOR THE MONTH OF MARCH 2014...

CLIMATE NORMAL PERIOD 1981 TO 2010
CLIMATE RECORD PERIOD 1873 TO 2014

WEATHER         OBSERVED          NORMAL  DEPART
                 VALUE   DATE(S)  VALUE   FROM
                                          NORMAL
................................................
TEMPERATURE (F)
RECORD
 HIGH              93   03/25/1929
                        03/23/1907
 LOW               12   03/03/1980
HIGHEST            82   03/11         0      82
LOWEST             26   03/14        MM      MM
AVG. MAXIMUM     66.1              69.9    -3.8
AVG. MINIMUM     37.6              42.0    -4.4
MEAN             51.9              55.9    -4.0
DAYS MAX >= 90      0               0.1    -0.1
DAYS MAX <= 32      0               0.0     0.0
DAYS MIN <= 32      8               4.6     3.4
DAYS MIN <= 0       0               0.0     0.0

PRECIPITATION (INCHES)
RECORD
 MAXIMUM        11.92   1980
 MINIMUM         0.69   1910
TOTALS           2.56              4.18   -1.62
DAILY AVG.       0.08              0.13   -0.05
DAYS >= .01         9               8.6     0.4
DAYS >= .10         5               6.1    -1.1
DAYS >= .50         1               2.8    -1.8
DAYS >= 1.00        1               1.2    -0.2
GREATEST
 24 HR. TOTAL    1.27   03/16 TO 03/16
 STORM TOTAL       MM
 (MM/DD(HH))            MM

SNOWFALL (INCHES)
RECORDS
 TOTAL             MM   MM
TOTALS            0.0               0.0     0.0
SINCE 7/1         3.2               0.9     2.3
DAYS >= TRACE       0               0.0     0.0
DAYS >= 1.0         0               0.0     0.0
GREATEST
 SNOW DEPTH         0   MM

DEGREE_DAYS
HEATING TOTAL     400               296     104
 SINCE 7/1       2562              2328     234
COOLING TOTAL       0                15     -15
 SINCE 1/1          2                18     -16

FREEZE DATES
RECORD
 EARLIEST     MM
 LATEST       MM
EARLIEST      03/04             MM
LATEST                          MM
.................................................

WIND (MPH)
AVERAGE WIND SPEED              7.3
RESULTANT WIND SPEED/DIRECTION   2/305
HIGHEST WIND SPEED/DIRECTION    37/310    DATE  03/25
HIGHEST GUST SPEED/DIRECTION    48/310    DATE  03/12

SKY COVER
POSSIBLE SUNSHINE (PERCENT)   MM
AVERAGE SKY COVER           0.40
NUMBER OF DAYS FAIR           15
NUMBER OF DAYS PC             10
NUMBER OF DAYS CLOUDY          6

AVERAGE RH (PERCENT)     62

WEATHER CONDITIONS. NUMBER OF DAYS WITH
THUNDERSTORM              0     MIXED PRECIP               0
HEAVY RAIN                2     RAIN                       7
LIGHT RAIN               14     FREEZING RAIN              0
LT FREEZING RAIN          0     HAIL                       0
HEAVY SNOW                0     SNOW                       0
LIGHT SNOW                0     SLEET                      0
FOG                      18     FOG W/VIS <= 1/4 MILE      2
HAZE                      6

-  INDICATES NEGATIVE NUMBERS.
R  INDICATES RECORD WAS SET OR TIED.
MM INDICATES DATA IS MISSING.
T  INDICATES TRACE AMOUNT.

$$
