317
CXUS55 KCYS 031624
CLMAIA


CLIMATE REPORT
NATIONAL WEATHER SERVICE CHEYENNE WY
1024 AM MDT THU NOV 3 2016

...................................

...THE ALLIANCE NE AIRPORT CLIMATE SUMMARY FOR THE MONTH OF OCTOBER 2016...

CLIMATE NORMAL PERIOD 1981 TO 2010
CLIMATE RECORD PERIOD 1896 TO 2016

WEATHER         OBSERVED          NORMAL  DEPART  LAST YEAR`S
                 VALUE   DATE(S)  VALUE   FROM    VALUE
                                          NORMAL
.............................................................
TEMPERATURE (F)
RECORD
 HIGH              92   10/02/2005
 LOW               -8   10/31/1991
HIGHEST            86   10/14        MM      MM       88
LOWEST             20   10/07        MM      MM       13
AVG. MAXIMUM     71.6              62.1     9.5     66.3
AVG. MINIMUM     33.6              29.4     4.2     35.2
MEAN             52.5              45.7     6.8     50.8
DAYS MAX >= 90      0               0.1                0
DAYS MAX <= 32      0               0.7                0
DAYS MIN <= 32     16              18.7               13
DAYS MIN <= 0       0               0.1                0

PRECIPITATION (INCHES)
RECORD
 MAXIMUM         2.48   1994
 MINIMUM         0.00   1989
                        1988
                        1956
TOTALS           0.45              1.09   -0.64     1.68
DAYS >= .01         3                MM      MM        7
DAYS >= .10         2                MM      MM        2
DAYS >= .50         0                MM      MM        2
DAYS >= 1.00        0                MM      MM        0
GREATEST
 24 HR. TOTAL    0.31   10/06 TO 10/06

DEGREE_DAYS
HEATING TOTAL     381               597    -216      435
 SINCE 7/1        559               842    -283      563
COOLING TOTAL       1                 1       0        0
 SINCE 1/1        588               564      24      566
..............................................................

WIND (MPH)
AVERAGE WIND SPEED              9.7
HIGHEST WIND SPEED/DIRECTION    44/280    DATE  10/17
HIGHEST GUST SPEED/DIRECTION    54/270    DATE  10/17

SKY COVER
POSSIBLE SUNSHINE (PERCENT)   MM
AVERAGE SKY COVER           0.20
NUMBER OF DAYS FAIR           24
NUMBER OF DAYS PC              7
NUMBER OF DAYS CLOUDY          0

AVERAGE RH (PERCENT)     58

WEATHER CONDITIONS. NUMBER OF DAYS WITH
THUNDERSTORM              0     MIXED PRECIP               0
HEAVY RAIN                0     RAIN                       1
LIGHT RAIN                6     FREEZING RAIN              0
LT FREEZING RAIN          0     HAIL                       0
HEAVY SNOW                0     SNOW                       0
LIGHT SNOW                1     SLEET                      0
FOG                       5     FOG W/VIS <= 1/4 MILE      3
HAZE                      0

-  INDICATES NEGATIVE NUMBERS.
R  INDICATES RECORD WAS SET OR TIED.
MM INDICATES DATA IS MISSING.
T  INDICATES TRACE AMOUNT.

$$
