000
CXAK58 PAKN 011621
CLMAKN

CLIMATE REPORT - CORRECTION
NATIONAL WEATHER SERVICE KING SALMON, AK
821 AM AKDT MON AUG 1 2016

...................................

...THE KING SALMON AP CLIMATE SUMMARY FOR THE MONTH OF JULY 2016...

CLIMATE NORMAL PERIOD 1981 TO 2010
CLIMATE RECORD PERIOD 1917 TO 2016

WEATHER         OBSERVED          NORMAL  DEPART  LAST YEAR`S
                 VALUE   DATE(S)  VALUE   FROM    VALUE  DATE(S)
                                          NORMAL
................................................................
TEMPERATURE (F)
RECORD
 HIGH              86   7/10/1951
 LOW               31   7/05/2013
HIGHEST            80   7/12         70      10      79  7/03
LOWEST             37                36       1      39  7/03
AVG. MAXIMUM       67.7              63.8     3.9    64.9
AVG. MINIMUM       50.5              47.3     3.2    49.8
MEAN               59.1              55.5     3.6    57.4
DAYS MAX >= 90      0                 0.0     0.0     0
DAYS MAX <= 32      0                 0.0     0.0     0
DAYS MAX >= 80      1                 0.5     0.5     0
DAYS MAX >= 70     12                 5.4     6.6     7
DAYS MIN <= 32      0                 0.0     0.0     0
DAYS MIN <= 0       0                 0.0     0.0     0

PRECIPITATION (INCHES)
RECORD
 MAXIMUM            5.08   1990
 MINIMUM            0.32   1951
TOTALS              3.52              2.30    1.22    3.11
DAILY AVG.          0.11              0.08    0.03    0.10
DAYS >= .01        18                14.2     3.8    19
DAYS >= .10        11                 6.3     4.7     9
DAYS >= .50         1                 1.0     0.0     2
DAYS >= 1.0         0                 0.0    -0.0     0
GREATEST
 24 HR TOTAL        0.54   7/31                       0.75  7/16

SNOWFALL (INCHES)
RECORDS
 TOTAL              0.0   1949
 24 HR TOTAL        0.0   7-31-2016
 SNOW DEPTH         0     7-31-2016
TOTALS              0.0               0.0     0.0     0.0
SINCE 7/1           0.0               0.0     0.0     0.0
SNOWDEPTH AVG.      0                 0       0       0
DAYS >= TRACE       0                 0.0     0.0     0
DAYS >= 1.0         0                 0.0     0.0     0
DAYS >= 6.0         0                 0.0     0.0     0
GREATEST
 SNOW DEPTH         0   MM                            0  MM
 24 HR TOTAL      0.0   MM                          0.0  MM

DEGREE_DAYS
HEATING TOTAL     176               290    -114     230
 SINCE 7/1        176               290    -114     230
COOLING TOTAL       0                 0       0       0
 SINCE 1/1          0                 0       0       2
................................................................

WIND (MPH)
AVERAGE WIND SPEED                7.8
HIGHEST WIND SPEED/DIRECTION     26/090    DATE   07/14
HIGHEST GUST SPEED/DIRECTION     34/270    DATE   07/18

SKY COVER
POSSIBLE SUNSHINE (PERCENT)   MM
AVERAGE SKY COVER             MM
NUMBER OF DAYS FAIR           MM
NUMBER OF DAYS PC             MM
NUMBER OF DAYS CLOUDY         MM

AVERAGE RH (PERCENT)     MM

WEATHER CONDITIONS. NUMBER OF DAYS WITH
THUNDERSTORM              0     ICE PELLETS                 0
RAIN                     21     GLAZE                       0
DRIZZLE                   0     HAIL                        0
SNOW                      0     HAZE                        1
FOG                      20     FOG W/VIS <= 1/4 MILE       7
BLOWING SNOW              0


-  INDICATES NEGATIVE NUMBERS.
R  INDICATES RECORD WAS SET OR TIED.
MM INDICATES DATA IS MISSING.
T  INDICATES TRACE AMOUNT.

&&


$$
DJH AUG 16
