000
CXUS55 KPUB 012123
CLMALS


CLIMATE REPORT
NATIONAL WEATHER SERVICE PUEBLO
313 PM MDT MON JUN 1 2015

...................................

...THE ALAMOSA CO CLIMATE SUMMARY FOR THE MONTH OF MAY 2015...

CLIMATE NORMAL PERIOD 1981 TO 2010
CLIMATE RECORD PERIOD 1932 TO 2015

WEATHER         OBSERVED          NORMAL  DEPART  LAST YEAR`S
                 VALUE   DATE(S)  VALUE   FROM    VALUE  DATE(S)
                                          NORMAL
................................................................
TEMPERATURE (F)
RECORD
 HIGH              90   05/31/2002
 LOW               11   05/03/2011
                        05/01/1967
                        01/01/2000
HIGHEST            77   05/31        74       3       82  05/28
LOWEST             26   05/17        27      -1       17  05/14
AVG. MAXIMUM     64.9              69.1    -4.2     69.2
AVG. MINIMUM     34.7              33.4     1.3     32.0
MEAN             49.8              51.2    -1.4     50.6
DAYS MAX >= 90      0               0.0     0.0
DAYS MAX <= 32      0               0.0     0.0
DAYS MIN <= 32      9              12.1    -3.1
DAYS MIN <= 0       0               0.0     0.0

PRECIPITATION (INCHES)
RECORD
 MAXIMUM         2.97   1935
 MINIMUM         0.00   1942
TOTALS           1.77              0.58    1.19     0.23
DAILY AVG.       0.06              0.02    0.04
DAYS >= .01        13               5.6     7.4
DAYS >= .10         3               2.0     1.0
DAYS >= .50         1               0.2     0.8
DAYS >= 1.00        0               0.0     0.0
GREATEST
 24 HR. TOTAL    0.96   05/18 TO 05/19

SNOWFALL (INCHES)
RECORDS
 TOTAL           13.5   1978
TOTALS              T               0.9    -0.9      1.3
SINCE 7/1        23.8              27.6    -3.8     39.8
SNOWDEPTH AVG.      0
DAYS >= 1.0         0               0.4    -0.4
GREATEST
 SNOW DEPTH         0                                  1
 24 HR TOTAL        T   05/11 TO 05/11               1.3
                        05/10 TO 05/10
                        05/09 TO 05/09

DEGREE_DAYS
HEATING TOTAL     464               426      38      437
 SINCE 7/1       7381              8426   -1045     8546
COOLING TOTAL       0                 0       0        0
 SINCE 1/1          0                 0       0        0
.................................................................

WIND (MPH)
AVERAGE WIND SPEED              8.8
HIGHEST WIND SPEED/DIRECTION    41/250    DATE  05/29
HIGHEST GUST SPEED/DIRECTION    55/250    DATE  05/29

SKY COVER
POSSIBLE SUNSHINE (PERCENT)   MM
AVERAGE SKY COVER           0.40
NUMBER OF DAYS FAIR           16
NUMBER OF DAYS PC             13
NUMBER OF DAYS CLOUDY          2

AVERAGE RH (PERCENT)     57

WEATHER CONDITIONS. NUMBER OF DAYS WITH
THUNDERSTORM             11     MIXED PRECIP               0
HEAVY RAIN                4     RAIN                       5
LIGHT RAIN               21     FREEZING RAIN              0
LT FREEZING RAIN          0     HAIL                       0
HEAVY SNOW                0     SNOW                       0
LIGHT SNOW                3     SLEET                      0
FOG                       7     FOG W/VIS <= 1/4 MILE      2
HAZE                      2

-  INDICATES NEGATIVE NUMBERS.
R  INDICATES RECORD WAS SET OR TIED.
MM INDICATES DATA IS MISSING.
T  INDICATES TRACE AMOUNT.

$$
