000
CXUS54 KLCH 011451
CLMARA


CLIMATE REPORT
NATIONAL WEATHER SERVICE LAKE CHARLES, LA
951 AM CDT MON JUN 1 2015

...................................

...THE NEW IBERIA CLIMATE SUMMARY FOR THE MONTH OF MAY 2015...

CLIMATE NORMAL PERIOD 1981 TO 2010
CLIMATE RECORD PERIOD 1948 TO 2015

WEATHER         OBSERVED          NORMAL  DEPART  LAST YEAR`S
                 VALUE   DATE(S)  VALUE   FROM    VALUE  DATE(S)
                                          NORMAL
................................................................
TEMPERATURE (F)
RECORD
 HIGH              98   05/22/2005
                        05/21/2005
                        05/31/1951
 LOW               42   05/12/1952
HIGHEST            90   05/28        MM      MM       MM  MM
LOWEST             59   05/01        MM      MM       MM  MM
AVG. MAXIMUM     86.4              85.9     0.5       MM
AVG. MINIMUM     68.9              66.6     2.3       MM
MEAN             77.7              76.3     1.4       MM
DAYS MAX >= 90      1               4.2    -3.2       MM
DAYS MAX <= 32      0               0.0     0.0       MM
DAYS MIN <= 32      0               0.0     0.0       MM
DAYS MIN <= 0       0               0.0     0.0       MM

PRECIPITATION (INCHES)
RECORD
 MAXIMUM        14.06   1991
 MINIMUM         0.25   2000
TOTALS           7.17              4.98    2.19       MM
DAILY AVG.       0.24              0.16    0.08       MM
DAYS >= .01        11                MM      MM       MM
DAYS >= .10         8                MM      MM       MM
DAYS >= .50         4                MM      MM       MM
DAYS >= 1.00        3                MM      MM       MM
GREATEST
 24 HR. TOTAL    1.98   05/24 TO 05/24

SNOWFALL (INCHES)
RECORDS
 TOTAL            0.0   5
                        0
                        -26215
TOTALS            0.0                MM      MM       MM
SINCE 7/1           T                MM      MM       MM
SNOWDEPTH AVG.      0                MM      MM       MM
DAYS >= 1.0         0                MM      MM       MM
GREATEST
 SNOW DEPTH         0   MM                            MM  MM
 24 HR TOTAL      0.0   05/31 TO 05/31

DEGREE_DAYS
HEATING TOTAL       0                 1      -1       MM
 SINCE 7/1       1416              1409       7       MM
COOLING TOTAL     298               350     -52       MM
 SINCE 1/1        620               570      50       MM
.................................................................

WIND (MPH)
AVERAGE WIND SPEED              8.5
HIGHEST WIND SPEED/DIRECTION    37/320    DATE  05/27
HIGHEST GUST SPEED/DIRECTION    48/320    DATE  05/27

SKY COVER
POSSIBLE SUNSHINE (PERCENT)   MM
AVERAGE SKY COVER           0.30
NUMBER OF DAYS FAIR           19
NUMBER OF DAYS PC              9
NUMBER OF DAYS CLOUDY          1

AVERAGE RH (PERCENT)     76

WEATHER CONDITIONS. NUMBER OF DAYS WITH
THUNDERSTORM              0     MIXED PRECIP               0
HEAVY RAIN                6     RAIN                       7
LIGHT RAIN               14     FREEZING RAIN              0
LT FREEZING RAIN          0     HAIL                       0
HEAVY SNOW                0     SNOW                       0
LIGHT SNOW                0     SLEET                      0
FOG                      17     FOG W/VIS <= 1/4 MILE      2
HAZE                      2

-  INDICATES NEGATIVE NUMBERS.
R  INDICATES RECORD WAS SET OR TIED.
MM INDICATES DATA IS MISSING.
T  INDICATES TRACE AMOUNT.

$$
