000
CXUS56 KPQR 011507
CLMAST


CLIMATE REPORT
NATIONAL WEATHER SERVICE PORTLAND OREGON
807 AM PDT SAT AUG 1 2015

...................................

...THE ASTORIA OR CLIMATE SUMMARY FOR THE MONTH OF JULY 2015...

CLIMATE NORMAL PERIOD 1981 TO 2010
CLIMATE RECORD PERIOD 1892 TO 2015

WEATHER         OBSERVED          NORMAL  DEPART  LAST YEAR`S
                 VALUE   DATE(S)  VALUE   FROM    VALUE  DATE(S)
                                          NORMAL
................................................................
TEMPERATURE (F)
HIGHEST            89                                 89  07/01
LOWEST             51                                 48  07/25
AVG. MAXIMUM     72.3              67.4     4.9     68.8
AVG. MINIMUM     56.0              53.1     2.9     54.2
MEAN             64.1              60.3     3.8     61.6
DAYS MAX >= 90      0               0.0     0.0        0
DAYS MAX <= 32      0               0.0     0.0        0
DAYS MIN <= 32      0               0.0     0.0        0
DAYS MIN <= 0       0               0.0     0.0        0

PRECIPITATION (INCHES)
RECORD
 MAXIMUM         7.58   1916
 MINIMUM         0.01   1960
                        1896
TOTALS           0.39              1.03   -0.64     1.08
DAYS >= .01         7               8.3    -1.3        4
DAYS >= .10         2               2.7    -0.7        2
DAYS >= .50         0               0.4    -0.4        1
DAYS >= 1.00        0               0.1    -0.1        0
GREATEST
 24 HR. TOTAL    0.30   07/24 TO 07/25

DEGREE_DAYS
HEATING TOTAL      39               150    -111      105
 SINCE 7/1         39               150    -111      105
COOLING TOTAL      21                 3      18        8
 SINCE 1/1         27                 3      24       19
.................................................................

WIND (MPH)
AVERAGE WIND SPEED              7.8
RESULTANT WIND SPEED/DIRECTION   5/283
HIGHEST WIND SPEED/DIRECTION    22/310    DATE  07/30
HIGHEST GUST SPEED/DIRECTION    32/220    DATE  07/19

SKY COVER
POSSIBLE SUNSHINE (PERCENT)   MM
AVERAGE SKY COVER           0.60
NUMBER OF DAYS FAIR            7
NUMBER OF DAYS PC             13
NUMBER OF DAYS CLOUDY         11

AVERAGE RH (PERCENT)     77

WEATHER CONDITIONS. NUMBER OF DAYS WITH
THUNDERSTORM              0     MIXED PRECIP               0
HEAVY RAIN                0     RAIN                       1
LIGHT RAIN                8     FREEZING RAIN              0
LT FREEZING RAIN          0     HAIL                       0
HEAVY SNOW                0     SNOW                       0
LIGHT SNOW                0     SLEET                      0
FOG                      16     FOG W/VIS <= 1/4 MILE      0
HAZE                      1

-  INDICATES NEGATIVE NUMBERS.
R  INDICATES RECORD WAS SET OR TIED.
MM INDICATES DATA IS MISSING.
T  INDICATES TRACE AMOUNT.

$$
