000
CXUS54 KEWX 020025 CCA
CLMATT

CLIMATE REPORT...CORRECTED PRELIM LOCAL CLIMATE DATA CF6
NATIONAL WEATHER SERVICE AUSTIN/SAN ANTONIO, TX
725 PM CDT THU SEP 1 2016

...................................

...THE AUSTIN CAMP MABRY CLIMATE SUMMARY FOR THE MONTH OF AUGUST 2016...

CLIMATE NORMAL PERIOD 1981 TO 2010
CLIMATE RECORD PERIOD 1897 TO 2016

WEATHER         OBSERVED          NORMAL  DEPART  LAST YEAR`S
                 VALUE   DATE(S)  VALUE   FROM    VALUE  DATE(S)
                                          NORMAL
................................................................
TEMPERATURE (F)
HIGHEST           105   08/12                        105  08/12
                                                          08/11
LOWEST             71   08/16                         71  08/29
                        08/15
                        08/14
AVG. MAXIMUM     93.6              97.0    -3.4     99.3
AVG. MINIMUM     75.2              74.6     0.6     75.5
MEAN             84.4              85.8    -1.4     87.4
DAYS MAX >= 90     24                                 30
DAYS MAX <= 32      0                                  0
DAYS MIN <= 32      0                                  0
DAYS MIN <= 0       0                                  0

PRECIPITATION (INCHES)
TOTALS           6.93              2.35    4.58     0.35
DAILY AVG.       0.22              0.08    0.14     0.01
DAYS >= .01        14                                  1
DAYS >= .10         9                                  1
DAYS >= .50         4                                  0
DAYS >= 1.00        2                                  0
GREATEST
 24 HR. TOTAL    2.35   08/15 TO 08/15

SNOWFALL (INCHES)
TOTALS            0.0               0.0     0.0      0.0
SINCE 7/1         0.0

DEGREE_DAYS
HEATING TOTAL       0                 0       0        0
 SINCE 7/1          0                 0       0        0
COOLING TOTAL     609               645     -36      703
 SINCE 1/1       2494              2394     100     2440
.................................................................

WIND (MPH)
AVERAGE WIND SPEED              4.0
HIGHEST WIND SPEED/DIRECTION    16/100    DATE  08/29
HIGHEST GUST SPEED/DIRECTION    25/100    DATE  08/29

SKY COVER
POSSIBLE SUNSHINE (PERCENT)   MM
AVERAGE SKY COVER           0.40
NUMBER OF DAYS FAIR           17
NUMBER OF DAYS PC              9
NUMBER OF DAYS CLOUDY          5

AVERAGE RH (PERCENT)     74

WEATHER CONDITIONS. NUMBER OF DAYS WITH
THUNDERSTORM              0     MIXED PRECIP               0
HEAVY RAIN                8     RAIN                       7
LIGHT RAIN               14     FREEZING RAIN              0
LT FREEZING RAIN          0     HAIL                       0
HEAVY SNOW                0     SNOW                       0
LIGHT SNOW                0     SLEET                      0
FOG                      15     FOG W/VIS <= 1/4 MILE      1
HAZE                      1

-  INDICATES NEGATIVE NUMBERS.
R  INDICATES RECORD WAS SET OR TIED.
MM INDICATES DATA IS MISSING.
T  INDICATES TRACE AMOUNT.

&&

MONTHLY CLIMATE SUMMARY:
AUGUST 2016 WAS THE 50TH COOLEST AND THE 6TH WETTEST AUGUST
SINCE RECORD KEEPING BEGAN.

SEA LEVEL PRESSURE DATA:
HIGHEST SLP 30.12 ON 23RD
LOWEST  SLP 29.68 ON 12TH

PRELIMINARY LOCAL CLIMATOLOGICAL DATA (WS FORM: F-6)

                                          STATION:   AUSTIN CAMP MABRY
                                          MONTH:     AUGUST
                                          YEAR:      2016
                                          LATITUDE:   30 17 N
                                          LONGITUDE:  97 42 W

  TEMPERATURE IN F:       :PCPN:    SNOW:  WIND      :SUNSHINE: SKY     :PK WND
================================================================================
1   2   3   4   5  6A  6B    7    8   9   10  11  12  13   14  15   16   17  18
                                     12Z  AVG MX 2MIN
DY MAX MIN AVG DEP HDD CDD  WTR  SNW DPTH SPD SPD DIR MIN PSBL S-S WX    SPD DR
================================================================================

 1  99  75  87   1   0  22 0.00  0.0    0  5.9 13 160   M    M   1        22 150
 2  98  75  87   1   0  22 0.00  0.0    0  5.0 12 140   M    M   1        19 150
 3  99  76  88   2   0  23 0.00  0.0    0  4.2 10 140   M    M   0        18 160
 4  99  76  88   2   0  23 0.00  0.0    0  5.1 12 160   M    M   1        20 150
 5 100  77  89   3   0  24 0.00  0.0    0  4.9 12 150   M    M   2        18 200
 6 100  77  89   3   0  24 0.00  0.0    0  4.2 12 140   M    M   1        18 140
 7 100  77  89   3   0  24 0.00  0.0    0  5.5 12 130   M    M   1        19 130
 8 100  78  89   3   0  24 0.00  0.0    0  5.4 10 160   M    M   1        20 150
 9 102  79  91   5   0  26 0.00  0.0    0  6.0 13 140   M    M   2        20 140
10 102  81  92   6   0  27 0.00  0.0    0  5.4 12 140   M    M   2        20 160
11 102  78  90   4   0  25 0.00  0.0    0  4.7 12 170   M    M   1        21 150
12 105  79  92   6   0  27 0.00  0.0    0  4.8 15 360   M    M   2        24 200
13  96  77  87   1   0  22 0.10  0.0    0  3.1 13 230   M    M   5 13     19  20
14  84  71  78  -8   0  13 0.92  0.0    0  2.6 15 150   M    M   9 13     24 160
15  76  71  74 -12   0   9 2.35  0.0    0  1.7  7 170   M    M   9 1      12 170
16  83  71  77  -9   0  12 1.79  0.0    0  2.8 10 120   M    M   9 123    16  90
17  84  75  80  -6   0  15 0.30  0.0    0  2.6 12 110   M    M   9 13     16 120
18  88  74  81  -5   0  16 0.17  0.0    0  1.9 12 150   M    M   6 1      18 150
19  93  75  84  -2   0  19 0.06  0.0    0  5.0 10 130   M    M   6 1      19 140
20  83  73  78  -8   0  13 0.74  0.0    0  3.5 10 250   M    M   7 13     17 240
21  82  73  78  -8   0  13 0.11  0.0    0  2.3  8 150   M    M   9 1      14 120
22  91  75  83  -3   0  18 0.04  0.0    0  4.1 13 110   M    M   5 1      20 110
23  94  77  86   0   0  21 0.00  0.0    0  7.3 13 150   M    M   5 1      21 150
24  93  76  85   0   0  20 0.00  0.0    0  5.8 13 160   M    M   5        21 140
25  94  74  84  -1   0  19 0.04  0.0    0  2.4 13 130   M    M   3 1      17 130
26  93  75  84  -1   0  19 0.00  0.0    0  2.8 13 120   M    M   3        20 110
27  92  72  82  -3   0  17 0.00  0.0    0  2.5 12 100   M    M   1        19 110
28  92  73  83  -2   0  18 0.16  0.0    0  3.0 12  60   M    M   2 18     22  40
29  91  73  82  -3   0  17 0.06  0.0    0  4.5 16 100   M    M   4 1      25 100
30  92  73  83  -1   0  18 0.00  0.0    0  3.7 12 120   M    M   5        16 110
31  94  74  84   0   0  19 0.09  0.0    0  1.8  9 100   M    M   2 1      14 100
================================================================================
SM 2901 2330         0 609  6.93     0.0 124.5          M      119
================================================================================
AV 93.6 75.2                               4.0 FASTST   M    M   4    MAX(MPH)
                                 MISC ---->  # 16 100               # 25  100
================================================================================
NOTES:
# LAST OF SEVERAL OCCURRENCES

COLUMN 17 PEAK WIND IN M.P.H.

SYMBOLS USED IN COLUMN 16
1 = FOG OR MIST
2 = FOG REDUCING VISIBILITY
3 = THUNDER
4 = ICE PELLETS
5 = HAIL
6 = FREEZING RAIN OR DRIZZLE
7 = DUSTSTORM OR SANDSTORM:
8 = SMOKE OR HAZE
9 = BLOWING SNOW
X = TORNADO

$$
