000
CXUS54 KEWX 011957
CLMATT

SATCLMATT 000
TTAA00 KEWX 011945


CLIMATE REPORT
NATIONAL WEATHER SERVICE AUSTIN/SAN ANTONIO, TX
157 PM CST WED MAR 1 2017

...................................

...THE AUSTIN CAMP MABRY CLIMATE SUMMARY FOR THE MONTH OF FEBRUARY 2017...

CLIMATE NORMAL PERIOD 1981 TO 2010
CLIMATE RECORD PERIOD 1897 TO 2017

WEATHER         OBSERVED          NORMAL  DEPART  LAST YEAR`S
                 VALUE   DATE(S)  VALUE   FROM    VALUE  DATE(S)
                                          NORMAL
................................................................
TEMPERATURE (F)
HIGHEST            90   02/23                         83  02/11
LOWEST             40   02/16                         32  02/07
AVG. MAXIMUM     75.5              65.2    10.3     71.7
AVG. MINIMUM     53.5              44.8     8.7     47.9
MEAN             64.5              55.0     9.5     59.8
DAYS MAX >= 90      1                                  0
DAYS MAX <= 32      0                                  0
DAYS MIN <= 32      0                                  1
DAYS MIN <= 0       0                                  0

PRECIPITATION (INCHES)
TOTALS           2.09              2.02    0.07     1.34
DAILY AVG.       0.07              0.07    0.00     0.05
DAYS >= .01         4                                  2
DAYS >= .10         2                                  1
DAYS >= .50         2                                  1
DAYS >= 1.00        1                                  1
GREATEST
 24 HR. TOTAL    1.21   02/19 TO 02/20

SNOWFALL (INCHES)
TOTALS            0.0               0.2    -0.2      0.0
SINCE 7/1         0.0

DEGREE_DAYS
HEATING TOTAL     104               297    -193      172
 SINCE 7/1        778              1337    -559      997
COOLING TOTAL      95                18      77       31
 SINCE 1/1        117                27      90       39
.................................................................

WIND (MPH)
AVERAGE WIND SPEED              5.2
HIGHEST WIND SPEED/DIRECTION    21/260    DATE  02/20
HIGHEST GUST SPEED/DIRECTION    37/290    DATE  02/19

SKY COVER
POSSIBLE SUNSHINE (PERCENT)   MM
AVERAGE SKY COVER           0.50
NUMBER OF DAYS FAIR           12
NUMBER OF DAYS PC              6
NUMBER OF DAYS CLOUDY         10

AVERAGE RH (PERCENT)     63

WEATHER CONDITIONS. NUMBER OF DAYS WITH
THUNDERSTORM              0     MIXED PRECIP               0
HEAVY RAIN                3     RAIN                       3
LIGHT RAIN                5     FREEZING RAIN              0
LT FREEZING RAIN          0     HAIL                       0
HEAVY SNOW                0     SNOW                       0
LIGHT SNOW                0     SLEET                      0
FOG                      12     FOG W/VIS <= 1/4 MILE      0
HAZE                      5

-  INDICATES NEGATIVE NUMBERS.
R  INDICATES RECORD WAS SET OR TIED.
MM INDICATES DATA IS MISSING.
T  INDICATES TRACE AMOUNT.

&&

FEBRUARY 2017 WAS THE WARMEST FEBRUARY ON RECORD...AND THE 62ND WETTEST.

SEA LEVEL PRESSURE DATA:
HIGHEST SLP 30.44 INCHES ON THE 3RD
LOWEST  SLP 29.52 INCHES ON THE 23RD



PRELIMINARY LOCAL CLIMATOLOGICAL DATA (WS FORM: F-6)

                                          STATION:   AUSTIN CAMP MABRY
                                          MONTH:     FEBRUARY
                                          YEAR:      2017
                                          LATITUDE:   30 17 N
                                          LONGITUDE:  97 42 W

  TEMPERATURE IN F:       :PCPN:    SNOW:  WIND      :SUNSHINE: SKY     :PK WND
================================================================================
1   2   3   4   5  6A  6B    7    8   9   10  11  12  13   14  15   16   17  18
                                     12Z  AVG MX 2MIN
DY MAX MIN AVG DEP HDD CDD  WTR  SNW DPTH SPD SPD DIR MIN PSBL S-S WX    SPD DR
================================================================================

 1  82  51  67  14   0   2 0.00  0.0    0  3.5 14 340   M    M   1 1      20 330
 2  64  46  55   2  10   0 0.00  0.0    0  6.5 13 350   M    M   9        20 340
 3  53  45  49  -4  16   0    T  0.0    0  6.0 13  20   M    M  10        21  50
 4  51  47  49  -4  16   0 0.02  0.0    0  1.4  9 110   M    M  10 1      12 130
 5  72  51  62   9   3   0    T  0.0    0  2.6 12 200   M    M   9 18     19 190
 6  78  67  73  20   0   8    T  0.0    0  5.4 12 210   M    M  10 1      22 210
 7  86  56  71  17   0   6 0.00  0.0    0  2.3 13 200   M    M   3 1      22 210
 8  87  51  69  15   0   4 0.00  0.0    0  5.0 18  10   M    M   0        26  30
 9  68  43  56   2   9   0 0.00  0.0    0  5.1 10  30   M    M   0        19  40
10  79  51  65  11   0   0 0.00  0.0    0  3.4  7 190   M    M   5        22 210
11  86  66  76  22   0  11 0.00  0.0    0  6.3 12 160   M    M   5 18     21 160
12  79  66  73  19   0   8 0.00  0.0    0  5.1 14 360   M    M   7 1      21  40
13  78  63  71  16   0   6    T  0.0    0  8.6 18 120   M    M   9        28 150
14  67  47  57   2   8   0 0.86  0.0    0  8.8 20 300   M    M  10 13     32 320
15  65  43  54  -1  11   0 0.00  0.0    0  7.0 16 330   M    M   1        24 310
16  70  40  55   0  10   0 0.00  0.0    0  3.3 12 130   M    M   0        15 140
17  77  50  64   9   1   0 0.00  0.0    0  5.5 13 150   M    M   1        22 150
18  86  62  74  18   0   9 0.00  0.0    0  6.1 12 160   M    M   5        20 150
19  81  61  71  15   0   6 0.09  0.0    0  8.2 20 280   M    M  10 138    37 290
20  70  58  64   8   1   0 1.12  0.0    0  3.6 21 260   M    M   6 13     34 270
21  82  52  67  11   0   2 0.00  0.0    0  6.1 15 330   M    M   0        26 320
22  87  51  69  13   0   4 0.00  0.0    0  2.7 10 150   M    M   0        15 150
23  90  55  73  16   0   8 0.00  0.0    0  5.3 15 160   M    M   0        25 170
24  80  54  67  10   0   2 0.00  0.0    0  5.5 17 290   M    M   1        23 290
25  63  44  54  -3  11   0 0.00  0.0    0  5.6 13  20   M    M   0        22  20
26  72  42  57   0   8   0    T  0.0    0  3.3 12 140   M    M   7        18 130
27  82  66  74  16   0   9    T  0.0    0  5.7 13 190   M    M   8 18     21 190
28  80  69  75  17   0  10 0.00  0.0    0  6.6 14 210   M    M   8 18     24 180
================================================================================
SM 2115 1497       104  95  2.09     0.0 144.5          M      135
================================================================================
AV 75.5 53.5                               5.2 FASTST   M    M   5    MAX(MPH)
                                 MISC ---->  # 21 260               # 37  290
================================================================================

NOTES:
# LAST OF SEVERAL OCCURRENCES

COLUMN 17 PEAK WIND IN M.P.H.

SYMBOLS USED IN COLUMN 16
1 = FOG OR MIST
2 = FOG REDUCING VISIBILITY
3 = THUNDER
4 = ICE PELLETS
5 = HAIL
6 = FREEZING RAIN OR DRIZZLE
7 = DUSTSTORM OR SANDSTORM:
8 = SMOKE OR HAZE
9 = BLOWING SNOW
X = TORNADO

$$
