000
CXUS53 KABR 011258
CLMATY


CLIMATE REPORT
NATIONAL WEATHER SERVICE ABERDEEN SD
740 AM CDT SAT AUG 1 2015

...................................

...THE WATERTOWN SD CLIMATE SUMMARY FOR THE MONTH OF JULY 2015...

CLIMATE NORMAL PERIOD 1981 TO 2010
CLIMATE RECORD PERIOD 1898 TO 2015

WEATHER         OBSERVED          NORMAL  DEPART  LAST YEAR`S
                 VALUE   DATE(S)  VALUE   FROM    VALUE  DATE(S)
                                          NORMAL
................................................................
TEMPERATURE (F)
RECORD
 HIGH             110   07/21/1934
 LOW               35   07/03/1917
HIGHEST            94   07/12        MM      MM       90  07/11
LOWEST             44   07/07        MM      MM       45  07/16
AVG. MAXIMUM     82.7              82.6     0.1     77.9
AVG. MINIMUM     60.4              59.6     0.8     57.2
MEAN             71.5              71.1     0.4     67.5
DAYS MAX >= 90      3               4.6    -1.6        1
DAYS MAX <= 32      0               0.0     0.0        0
DAYS MIN <= 32      0               0.0     0.0        0
DAYS MIN <= 0       0               0.0     0.0        0

PRECIPITATION (INCHES)
RECORD
 MAXIMUM        10.36   1963
 MINIMUM         0.26   2007
TOTALS           3.57              3.02    0.55     1.25
DAYS >= .01         9               9.7    -0.7        9
DAYS >= .10         5               6.2    -1.2        3
DAYS >= .50         4               2.0     2.0        0
DAYS >= 1.00        1               0.5     0.5        0

SNOWFALL (INCHES)
RECORDS
 TOTAL             MM   MM
 SNOW DEPTH        MM   MM
TOTALS            0.0               0.0     0.0      0.0
SINCE 7/1         0.0               0.0     0.0      0.0
SNOWDEPTH AVG.      0                MM      MM        0
DAYS >= TRACE       0               0.0     0.0        0
DAYS >= 1.0         0               0.0     0.0        0
GREATEST
 SNOW DEPTH         0   MM                             0  MM

DEGREE_DAYS
HEATING TOTAL      13                17      -4       35
 SINCE 7/1         13                17      -4       35
COOLING TOTAL     223               206      17      121
 SINCE 1/1        328               324       4      223

FREEZE DATES
RECORD
 EARLIEST     MM
 LATEST       MM
EARLIEST                        MM
LATEST                          MM
.................................................................

WIND (MPH)
AVERAGE WIND SPEED              9.2
RESULTANT WIND SPEED/DIRECTION   4/199
HIGHEST WIND SPEED/DIRECTION    38/350    DATE  07/17
HIGHEST GUST SPEED/DIRECTION    48/340    DATE  07/17

SKY COVER
POSSIBLE SUNSHINE (PERCENT)   MM
AVERAGE SKY COVER           0.20
NUMBER OF DAYS FAIR           26
NUMBER OF DAYS PC              5
NUMBER OF DAYS CLOUDY          0

AVERAGE RH (PERCENT)     68

WEATHER CONDITIONS. NUMBER OF DAYS WITH
THUNDERSTORM              0     MIXED PRECIP               0
HEAVY RAIN                4     RAIN                       3
LIGHT RAIN               10     FREEZING RAIN              0
LT FREEZING RAIN          0     HAIL                       0
HEAVY SNOW                0     SNOW                       0
LIGHT SNOW                0     SLEET                      0
FOG                      15     FOG W/VIS <= 1/4 MILE      1
HAZE                      4

-  INDICATES NEGATIVE NUMBERS.
R  INDICATES RECORD WAS SET OR TIED.
MM INDICATES DATA IS MISSING.
T  INDICATES TRACE AMOUNT.

$$
