000
CXUS54 KEWX 011421
CLMAUS

CLIMATE REPORT
NATIONAL WEATHER SERVICE AUSTIN/SAN ANTONIO, TX
921 AM CDT SAT AUG 1 2015

...................................

...THE AUSTIN BERGSTROM CLIMATE SUMMARY FOR THE MONTH OF JULY 2015...

CLIMATE NORMAL PERIOD 1981 TO 2010
CLIMATE RECORD PERIOD 1943 TO 2015

WEATHER         OBSERVED          NORMAL  DEPART  LAST YEAR`S
                 VALUE   DATE(S)  VALUE   FROM    VALUE  DATE(S)
                                          NORMAL
................................................................
TEMPERATURE (F)
HIGHEST           101   07/31                        100  07/28
LOWEST             65   07/11                         64  07/12
                                                          07/11
AVG. MAXIMUM     94.6              95.2    -0.6     94.9
AVG. MINIMUM     71.6              71.7    -0.1     70.6
MEAN             83.1              83.4    -0.3     82.8
DAYS MAX >= 90     29                                 29
DAYS MAX <= 32      0                                  0
DAYS MIN <= 32      0                                  0
DAYS MIN <= 0       0                                  0

PRECIPITATION (INCHES)
TOTALS           0.01              2.44   -2.43     2.05
DAILY AVG.       0.00              0.08   -0.08     0.07
DAYS >= .01         1                                  6
DAYS >= .10         0                                  4
DAYS >= .50         0                                  2
DAYS >= 1.00        0                                  0
GREATEST
 24 HR. TOTAL    0.64   06/30 TO 07/01

SNOWFALL (INCHES)
TOTALS            0.0                MM      MM      0.0
SINCE 7/1         0.0                MM      MM      0.0

DEGREE_DAYS
HEATING TOTAL       0                 0       0        0
 SINCE 7/1          0                 0       0        0
COOLING TOTAL     568               572      -4      558
 SINCE 1/1       1491              1560     -69     1520
.................................................................

WIND (MPH)
AVERAGE WIND SPEED              9.4
HIGHEST WIND SPEED/DIRECTION    30/180    DATE  07/01
HIGHEST GUST SPEED/DIRECTION    37/190    DATE  07/01

SKY COVER
POSSIBLE SUNSHINE (PERCENT)   MM
AVERAGE SKY COVER           0.40
NUMBER OF DAYS FAIR           13
NUMBER OF DAYS PC             16
NUMBER OF DAYS CLOUDY          2

AVERAGE RH (PERCENT)     71

WEATHER CONDITIONS. NUMBER OF DAYS WITH
THUNDERSTORM              0     MIXED PRECIP               0
HEAVY RAIN                0     RAIN                       0
LIGHT RAIN                1     FREEZING RAIN              0
LT FREEZING RAIN          0     HAIL                       0
HEAVY SNOW                0     SNOW                       0
LIGHT SNOW                0     SLEET                      0
FOG                      16     FOG W/VIS <= 1/4 MILE      0
HAZE                      2

-  INDICATES NEGATIVE NUMBERS.
R  INDICATES RECORD WAS SET OR TIED.
MM INDICATES DATA IS MISSING.
T  INDICATES TRACE AMOUNT.

&&

[MONTHLY CLIMATE SUMMARY]
JULY 2015 WAS THE 13TH COLDEST JULY AT AUSTIN BERGSTROM WITH
AN AVERAGE TEMPERATURES OF 83.1 DEGREES.

JULY 2015 WAS THE 3RD DRIEST JULY ON RECORD AT AUSTIN BERGSTROM
WITH 0.01 INCHES OF PRECIPITATION. JULY 1993 RECORDED A TRACE OF
PRECIPITATION WHILE JULY 1947 WAS DRY.

[SEA LEVEL PRESSURE DATA]
HIGHEST SLP WAS 30.13 ON THE 11TH.
LOWEST SLP WAS 29.78 ON THE 21ST.

PRELIMINARY LOCAL CLIMATOLOGICAL DATA (WS FORM: F-6)

                                          STATION:   AUSTIN BERGSTROM
                                          MONTH:     JULY
                                          YEAR:      2015
                                          LATITUDE:   30 13 N
                                          LONGITUDE:  97 40 W

  TEMPERATURE IN F:       :PCPN:    SNOW:  WIND      :SUNSHINE: SKY     :PK WND
================================================================================
1   2   3   4   5  6A  6B    7    8   9   10  11  12  13   14  15   16   17  18
                                     12Z  AVG MX 2MIN
DY MAX MIN AVG DEP HDD CDD  WTR  SNW DPTH SPD SPD DIR MIN PSBL S-S WX    SPD DR
================================================================================

 1  89  66  78  -4   0  13 0.01  0.0    0  7.3 30 180   M    M   5 1      37 190
 2  89  69  79  -4   0  14 0.00  0.0    0 10.3 29 190   M    M   6 1      36 180
 3  90  73  82  -1   0  17 0.00  0.0    0  8.1 16 150   M    M   6 1      22 170
 4  91  73  82  -1   0  17 0.00  0.0    0 10.4 18 170   M    M   6        24 170
 5  91  73  82  -1   0  17    T  0.0    0 10.7 22 150   M    M   5        28 150
 6  92  76  84   1   0  19 0.00  0.0    0 13.5 24 170   M    M   7        33 150
 7  92  77  85   2   0  20    T  0.0    0 14.1 24 160   M    M   8 1      31 160
 8  90  76  83   0   0  18 0.00  0.0    0 14.0 24 180   M    M   8 1      31 180
 9  93  68  81  -2   0  16 0.00  0.0    0 10.4 21 180   M    M   4 1      26 180
10  93  66  80  -3   0  15 0.00  0.0    0  7.7 17 160   M    M   4 18     24 160
11  93  65  79  -4   0  14 0.00  0.0    0  6.4 16 150   M    M   3 1      20 150
12  93  69  81  -2   0  16 0.00  0.0    0  8.6 16 180   M    M   3        19 220
13  95  72  84   1   0  19 0.00  0.0    0  8.8 16 180   M    M   1        20 200
14  95  73  84   1   0  19 0.00  0.0    0  9.3 16 190   M    M   2        22 220
15  95  70  83   0   0  18 0.00  0.0    0  9.3 16 160   M    M   3        21 210
16  94  69  82  -2   0  17 0.00  0.0    0  9.3 18 180   M    M   4 1      26 200
17  96  75  86   2   0  21 0.00  0.0    0 11.5 17 200   M    M   5        23 180
18  96  74  85   1   0  20 0.00  0.0    0 10.9 20 200   M    M   4        28 210
19  96  74  85   1   0  20 0.00  0.0    0  9.9 17 150   M    M   4        22 180
20  96  68  82  -2   0  17 0.00  0.0    0  8.6 16 150   M    M   2 1      21 190
21  95  71  83  -1   0  18 0.00  0.0    0  9.4 17 150   M    M   3 1      24 150
22  96  75  86   2   0  21 0.00  0.0    0 10.9 20 180   M    M   3        26 200
23  98  74  86   2   0  21 0.00  0.0    0 11.5 20 180   M    M   3 8      25 190
24  98  73  86   2   0  21 0.00  0.0    0 10.4 20 190   M    M   5        23 180
25  96  68  82  -2   0  17 0.00  0.0    0  6.6 15 130   M    M   3 1      19 200
26  96  70  83  -1   0  18 0.00  0.0    0  8.2 17 180   M    M   4 1      23 180
27  97  73  85   1   0  20 0.00  0.0    0  8.8 20 140   M    M   4 1      23 210
28  99  73  86   2   0  21 0.00  0.0    0 10.1 20 160   M    M   3 1      27 150
29  99  71  85   1   0  20 0.00  0.0    0  6.7 17 190   M    M   3 1      21 190
30 100  69  85   1   0  20 0.00  0.0    0  2.5 12 130   M    M   3        15 120
31 101  77  89   5   0  24 0.00  0.0    0  6.8 18  90   M    M   6        23  30
================================================================================
SM 2934 2220         0 568  0.01     0.0 291.0          M      130
================================================================================
AV 94.6 71.6                               9.4 FASTST   M    M   4    MAX(MPH)
                                 MISC ---->  # 30 180               # 37  190
================================================================================
NOTES:
# LAST OF SEVERAL OCCURRENCES

COLUMN 17 PEAK WIND IN M.P.H.

SYMBOLS USED IN COLUMN 16
1 = FOG OR MIST
2 = FOG REDUCING VISIBILITY
3 = THUNDER
4 = ICE PELLETS
5 = HAIL
6 = FREEZING RAIN OR DRIZZLE
7 = DUSTSTORM OR SANDSTORM:
8 = SMOKE OR HAZE
9 = BLOWING SNOW
X = TORNADO

$$
