000
CXUS53 KGRB 010624
CLMAUW


CLIMATE REPORT
NATIONAL WEATHER SERVICE GREEN BAY
123 AM CDT TUE JUL 1 2014

...................................

...THE WAUSAU WI CLIMATE SUMMARY FOR THE MONTH OF JUNE 2014...

CLIMATE NORMAL PERIOD 1981 TO 2010
CLIMATE RECORD PERIOD 1896 TO 2014

WEATHER         OBSERVED          NORMAL  DEPART  LAST YEAR`S
                 VALUE   DATE(S)  VALUE   FROM    VALUE  DATE(S)
                                          NORMAL
................................................................
TEMPERATURE (F)
RECORD
 HIGH             100   06/27/1933
                        06/30/1931
                        06/29/1931
 LOW               30   06/07/1924
HIGHEST            86   06/28        90      -4       84  06/27
                                                          06/26
LOWEST             45   06/14        41       4       40  06/03
AVG. MAXIMUM     77.9              75.8     2.1     74.1
AVG. MINIMUM     57.5              53.9     3.6     55.3
MEAN             67.7              64.9     2.8     64.7
DAYS MAX >= 90      0               1.1    -1.1        0
DAYS MAX <= 32      0               0.0     0.0        0
DAYS MIN <= 32      0               0.0     0.0        0
DAYS MIN <= 0       0               0.0     0.0        0

PRECIPITATION (INCHES)
RECORD
 MAXIMUM         9.61   1930
 MINIMUM         0.52   1976
TOTALS           5.51              4.31    1.20     5.81
DAILY AVG.       0.18              0.14    0.04     0.19
DAYS >= .01        18              12.2     5.8       18
DAYS >= .10        13               7.5     5.5       17
DAYS >= .50         4               2.8     1.2
DAYS >= 1.00        1               1.0     0.0        2
GREATEST
 STORM TOTAL       MM
 (MM/DD(HH))            MM

SNOWFALL (INCHES)
RECORDS
 TOTAL            0.0   MM
 24 HR TOTAL        T   MM
TOTALS            0.0               0.0     0.0      0.0
SINCE 7/1        84.3              59.6    24.7     78.8
DAYS >= TRACE       0               0.0     0.0
DAYS >= 1.0         0               0.0     0.0        0
GREATEST
 SNOW DEPTH         0   MM                             0  MM
 24 HR TOTAL      0.0   06/30 TO 06/30

DEGREE_DAYS
HEATING TOTAL      22                89     -67       86
 SINCE 7/1       9340              8249    1091     8252
COOLING TOTAL     110                85      25       84
 SINCE 1/1        135               104      31      121
.................................................................

WIND (MPH)
AVERAGE WIND SPEED              8.0
HIGHEST WIND SPEED/DIRECTION    31/160    DATE  06/15
HIGHEST GUST SPEED/DIRECTION    38/150    DATE  06/15

SKY COVER
POSSIBLE SUNSHINE (PERCENT)   MM
AVERAGE SKY COVER           0.50
NUMBER OF DAYS FAIR           12
NUMBER OF DAYS PC             14
NUMBER OF DAYS CLOUDY          4

AVERAGE RH (PERCENT)     71

WEATHER CONDITIONS. NUMBER OF DAYS WITH
THUNDERSTORM              0     MIXED PRECIP               0
HEAVY RAIN                8     RAIN                       8
LIGHT RAIN               21     FREEZING RAIN              0
LT FREEZING RAIN          0     HAIL                       0
HEAVY SNOW                0     SNOW                       0
LIGHT SNOW                0     SLEET                      0
FOG                      18     FOG W/VIS <= 1/4 MILE      1
HAZE                      3

-  INDICATES NEGATIVE NUMBERS.
R  INDICATES RECORD WAS SET OR TIED.
MM INDICATES DATA IS MISSING.
T  INDICATES TRACE AMOUNT.

$$
