000
CXUS53 KGRB 011141
CLMAUW


CLIMATE REPORT
NATIONAL WEATHER SERVICE GREEN BAY
535 AM CST SUN FEB 1 2015

...................................

...THE WAUSAU WI CLIMATE SUMMARY FOR THE MONTH OF JANUARY 2015...

CLIMATE NORMAL PERIOD 1981 TO 2010
CLIMATE RECORD PERIOD 1896 TO 2015

WEATHER         OBSERVED          NORMAL  DEPART  LAST YEAR`S
                 VALUE   DATE(S)  VALUE   FROM    VALUE  DATE(S)
                                          NORMAL
................................................................
TEMPERATURE (F)
RECORD
 HIGH              54   01/24/1942
 LOW              -40   01/30/1951
                        01/18/1948
HIGHEST            36   01/24        40      -4       38  01/12
                        01/17
LOWEST            -19   01/13       -19       0      -26  01/06
AVG. MAXIMUM     21.5              23.1    -1.6     14.9
AVG. MINIMUM      8.0               6.0     2.0     -3.9
MEAN             14.7              14.6     0.1      5.5
DAYS MAX >= 90      0               0.0     0.0        0
DAYS MAX <= 32     27              24.4     2.6       29
DAYS MIN <= 32     31              30.8     0.2       31
DAYS MIN <= 0      10              10.5    -0.5       20

PRECIPITATION (INCHES)
RECORD
 MAXIMUM         3.12   1967
 MINIMUM         0.07   1981
                        1961
TOTALS           0.58              1.02   -0.44     1.55
DAILY AVG.       0.02              0.03   -0.01     0.05
DAYS >= .01         8               9.7    -1.7       12
DAYS >= .10         3               3.3    -0.3        4
DAYS >= .50         0               0.2    -0.2
DAYS >= 1.00        0               0.0     0.0        0
GREATEST
 STORM TOTAL       MM
 (MM/DD(HH))            MM

SNOWFALL (INCHES)
RECORDS
 TOTAL           32.9   1929
 24 HR TOTAL       MM
TOTALS            9.4              13.5    -4.1     23.3
SINCE 7/1        40.4              35.7     4.7     52.0
DAYS >= TRACE      18              10.2     7.8
DAYS >= 1.0         5               4.4     0.6        8
GREATEST
 SNOW DEPTH        10   01/08                         22  01/30
 24 HR TOTAL      2.4   MM

DEGREE_DAYS
HEATING TOTAL    1550              1564     -14     1837
 SINCE 7/1       4957              4850     107     5310
COOLING TOTAL       0                 0       0        0
 SINCE 1/1          0                 0       0        0
.................................................................

WIND (MPH)
AVERAGE WIND SPEED              8.1
HIGHEST WIND SPEED/DIRECTION    28/300    DATE  01/17
HIGHEST GUST SPEED/DIRECTION    36/360    DATE  01/04

SKY COVER
POSSIBLE SUNSHINE (PERCENT)   MM
AVERAGE SKY COVER           0.70
NUMBER OF DAYS FAIR            7
NUMBER OF DAYS PC              8
NUMBER OF DAYS CLOUDY         16

AVERAGE RH (PERCENT)     75

WEATHER CONDITIONS. NUMBER OF DAYS WITH
THUNDERSTORM              0     MIXED PRECIP               0
HEAVY RAIN                0     RAIN                       0
LIGHT RAIN                0     FREEZING RAIN              0
LT FREEZING RAIN          1     HAIL                       0
HEAVY SNOW                0     SNOW                       2
LIGHT SNOW               17     SLEET                      0
FOG                      17     FOG W/VIS <= 1/4 MILE      0
HAZE                     10

-  INDICATES NEGATIVE NUMBERS.
R  INDICATES RECORD WAS SET OR TIED.
MM INDICATES DATA IS MISSING.
T  INDICATES TRACE AMOUNT.

$$
