000
CXUS53 KLBF 011320
CLMBBW


CLIMATE REPORT
NATIONAL WEATHER SERVICE NORTH PLATTE
820 AM CDT MON SEP 1 2014

...................................

...THE BROKEN BOW NE CLIMATE SUMMARY FOR THE MONTH OF AUGUST 2014...

CLIMATE NORMAL PERIOD 1981 TO 2010
CLIMATE RECORD PERIOD 1894 TO 2014

WEATHER         OBSERVED          NORMAL  DEPART  LAST YEAR`S
                 VALUE   DATE(S)  VALUE   FROM    VALUE  DATE(S)
                                          NORMAL
................................................................
TEMPERATURE (F)
RECORD
 HIGH             113   08/17/1936
 LOW               33   08/20/1950
HIGHEST            93   08/20        96      -3       98  08/29
                        08/02
LOWEST             49   08/12        45       4       56  08/09
AVG. MAXIMUM     85.9              84.1     1.8     83.4
AVG. MINIMUM     60.4              59.4     1.0     61.6
MEAN             73.2              71.8     1.4     72.5
DAYS MAX >= 90      8               6.7     1.3        8
DAYS MAX <= 32      0               0.0     0.0        0
DAYS MIN <= 32      0               0.0     0.0        0
DAYS MIN <= 0       0               0.0     0.0        0

PRECIPITATION (INCHES)
RECORD
 MAXIMUM         9.89   1910
 MINIMUM            T   2012
                        1896
TOTALS           2.71              2.23    0.48     4.81
DAILY AVG.       0.09              0.07    0.02     0.16
DAYS >= .01        12                MM      MM       13
DAYS >= .10         8                MM      MM        8
DAYS >= .50         2                MM      MM        4
DAYS >= 1.00        0                MM      MM        1
GREATEST
 24 HR. TOTAL    0.76   08/27 TO 08/28           08/13 TO 08/14
                                                          08/14 TO 08/14
                                                          08/14 TO 08/14

SNOWFALL (INCHES)
TOTALS             MM
SINCE 7/1          MM
SNOWDEPTH AVG.     MM
DAYS >= TRACE      MM
DAYS >= 1.0        MM
GREATEST
 SNOW DEPTH        MM

DEGREE_DAYS
HEATING TOTAL       0                13     -13        1
 SINCE 7/1         15                18      -3       11
COOLING TOTAL     259               222      37      243
 SINCE 1/1        723               696      27      686
.....................................................

WIND (MPH)
AVERAGE WIND SPEED              7.2
HIGHEST WIND SPEED/DIRECTION    37/020    DATE  08/17
HIGHEST GUST SPEED/DIRECTION    55/020    DATE  08/17

AVERAGE RH (PERCENT)     73

WEATHER CONDITIONS. NUMBER OF DAYS WITH
THUNDERSTORM              0     MIXED PRECIP               0
HEAVY RAIN                6     RAIN                       5
LIGHT RAIN               15     FREEZING RAIN              0
LT FREEZING RAIN          0     HAIL                       0
HEAVY SNOW                0     SNOW                       0
LIGHT SNOW                0     SLEET                      0
FOG                      23     FOG W/VIS <= 1/4 MILE      1
HAZE                      5

-  INDICATES NEGATIVE NUMBERS.
R  INDICATES RECORD WAS SET OR TIED.
MM INDICATES DATA IS MISSING.
T  INDICATES TRACE AMOUNT.

$$
