000
CXUS51 KBOX 011224
CLMBDL


CLIMATE REPORT
NATIONAL WEATHER SERVICE TAUNTON MA
815 AM EDT TUE SEP 1 2015

...................................

...THE HARTFORD CT CLIMATE SUMMARY FOR THE MONTH OF AUGUST 2015...

CLIMATE NORMAL PERIOD 1981 TO 2010
CLIMATE RECORD PERIOD 1904 TO 2015

WEATHER         OBSERVED          NORMAL  DEPART
                 VALUE   DATE(S)  VALUE   FROM
                                          NORMAL
................................................
TEMPERATURE (F)
RECORD
 HIGH             102   08/09/2001
 LOW               36   08/25/1965
HIGHEST            93   08/17
LOWEST             53   08/28
AVG. MAXIMUM     85.4              82.7     2.7
AVG. MINIMUM     62.2              61.1     1.1
MEAN             73.8              71.9     1.9
DAYS MAX >= 90      6               4.0     2.0
DAYS MAX <= 32      0               0.0     0.0
DAYS MIN <= 32      0               0.0     0.0
DAYS MIN <= 0       0               0.0     0.0

PRECIPITATION (INCHES)
RECORD
 MAXIMUM        21.87   1955
 MINIMUM         0.54   1981
TOTALS           2.08              3.93   -1.85
DAYS >= .01         7              10.0    -3.0
DAYS >= .10         5               5.8    -0.8
DAYS >= .50         1               2.4    -1.4
DAYS >= 1.00        1               1.2    -0.2
GREATEST
 24 HR. TOTAL    1.08   08/11 TO 08/11

SNOWFALL (INCHES)
RECORDS
 TOTAL             MM   MM
 SNOW DEPTH        MM   MM
TOTALS            0.0               0.0     0.0
SINCE 7/1         0.0               0.0     0.0
SNOWDEPTH AVG.      0
GREATEST
 SNOW DEPTH         0   MM
 24 HR TOTAL      0.0   08/31 TO 08/31

DEGREE_DAYS
HEATING TOTAL       0                 9      -9
 SINCE 7/1          1                12     -11
COOLING TOTAL     281               223      58
 SINCE 1/1        814               675     139
.................................................

WIND (MPH)
AVERAGE WIND SPEED              5.9
RESULTANT WIND SPEED/DIRECTION   2/224
HIGHEST WIND SPEED/DIRECTION    26/310    DATE  08/18
HIGHEST GUST SPEED/DIRECTION    34/320    DATE  08/18

SKY COVER
POSSIBLE SUNSHINE (PERCENT)   MM
AVERAGE SKY COVER           0.50
NUMBER OF DAYS FAIR            8
NUMBER OF DAYS PC             20
NUMBER OF DAYS CLOUDY          3

AVERAGE RH (PERCENT)     68

WEATHER CONDITIONS. NUMBER OF DAYS WITH
THUNDERSTORM              4     MIXED PRECIP               0
HEAVY RAIN                2     RAIN                       3
LIGHT RAIN               10     FREEZING RAIN              0
LT FREEZING RAIN          0     HAIL                       0
HEAVY SNOW                0     SNOW                       0
LIGHT SNOW                0     SLEET                      0
FOG                      14     FOG W/VIS <= 1/4 MILE      1
HAZE                      2

-  INDICATES NEGATIVE NUMBERS.
R  INDICATES RECORD WAS SET OR TIED.
MM INDICATES DATA IS MISSING.
T  INDICATES TRACE AMOUNT.

$$

SIPPRELL
