804
CXUS51 KOKX 020010
CLMBDR

CLIMATE REPORT
NATIONAL WEATHER SERVICE NEW YORK NY
810 PM EDT THU SEP 1 2016

...................................

...THE BRIDGEPORT CT CLIMATE SUMMARY FOR THE MONTH OF AUGUST 2016...

CLIMATE NORMAL PERIOD 1981 TO 2010
CLIMATE RECORD PERIOD 1948 TO 2016

WEATHER         OBSERVED          NORMAL  DEPART  LAST YEAR`S
                 VALUE   DATE(S)  VALUE   FROM    VALUE  DATE(S)
                                          NORMAL
................................................................
TEMPERATURE (F)
RECORD
 HIGH             100   08/09/2001
                        08/27/1948
 LOW               44   08/29/1982
HIGHEST            95   08/13        MM      MM       91  08/15
LOWEST             59   08/23        MM      MM       60  08/29
AVG. MAXIMUM     86.2              80.9     5.3     84.2
AVG. MINIMUM     70.7              65.8     4.9     68.1
MEAN             78.4              73.3     5.1     76.1
DAYS MAX >= 90      9               1.7     7.3        2
DAYS MAX <= 32      0               0.0     0.0        0
DAYS MIN <= 32      0               0.0     0.0        0
DAYS MIN <= 0       0               0.0     0.0        0

PRECIPITATION (INCHES)
RECORD
 MAXIMUM        13.29   1952
 MINIMUM         0.72   1981
TOTALS           3.16              3.96   -0.80     1.89
DAILY AVG.       0.10              0.13   -0.03     0.06
DAYS >= .01         8               8.9    -0.9        3
DAYS >= .10         5               5.9    -0.9        3
DAYS >= .50         1               2.6    -1.6        1
DAYS >= 1.00        1               1.1    -0.1        1
GREATEST
 24 HR. TOTAL    1.91   08/10 TO 08/10           08/11 TO 08/11
                        08/09 TO 08/10                    08/31 TO 08/31
                        08/10 TO 08/10                    08/31 TO 08/31
 STORM TOTAL       MM                                 MM
 (MM/DD(HH))            MM                    08/11(00) TO 08/11(00)
                                                 08/31(00) TO 08/31(00)1
                                                 08/31(00) TO 08/31(00)1

DEGREE_DAYS
HEATING TOTAL       0                 3      -3        0
 SINCE 7/1          0                 4      -4        0
COOLING TOTAL     425               262     163      352
 SINCE 1/1       1052               718     334      920
..................................................

WIND (MPH)
AVERAGE WIND SPEED              8.0
HIGHEST WIND SPEED/DIRECTION    26/260    DATE  08/13
HIGHEST GUST SPEED/DIRECTION    41/260    DATE  08/13


WEATHER CONDITIONS. NUMBER OF DAYS WITH
THUNDERSTORM              0     MIXED PRECIP               0
HEAVY RAIN                4     RAIN                       3
LIGHT RAIN               11     FREEZING RAIN              0
LT FREEZING RAIN          0     HAIL                       0
HEAVY SNOW                0     SNOW                       0
LIGHT SNOW                0     SLEET                      0
FOG                       5     FOG W/VIS <= 1/4 MILE      0
HAZE                      2

-  INDICATES NEGATIVE NUMBERS.
R  INDICATES RECORD WAS SET OR TIED.
MM INDICATES DATA IS MISSING.
T  INDICATES TRACE AMOUNT.

$$
