000
CXUS55 KCYS 022121
CLMBFF


CLIMATE REPORT
NATIONAL WEATHER SERVICE CHEYENNE WY
221 PM MST WED MAR 2 2016

...................................

...THE SCOTTSBLUFF NE AIRPORT CLIMATE SUMMARY FOR THE MONTH OF FEBRUARY 2016...

CLIMATE NORMAL PERIOD 1981 TO 2010
CLIMATE RECORD PERIOD 1871 TO 2016

WEATHER         OBSERVED          NORMAL  DEPART  LAST YEAR`S
                 VALUE   DATE(S)  VALUE   FROM    VALUE  DATE(S)
                                          NORMAL
................................................................
TEMPERATURE (F)
RECORD
 HIGH              77   02/11/1962
 LOW              -45   02/12/1899
HIGHEST            75   02/18        45      30       72
LOWEST              4   02/03        17     -13        5
AVG. MAXIMUM     50.9              44.4     6.5     46.5
AVG. MINIMUM     23.0              16.3     6.7     20.2
MEAN             37.0              30.4     6.6     33.4
DAYS MAX >= 90      0               0.0                0
DAYS MAX <= 32      3               5.1                6
DAYS MIN <= 32     26              27.0               26
DAYS MIN <= 0       0               2.7                0

PRECIPITATION (INCHES)
RECORD
 MAXIMUM         1.93   1986
 MINIMUM            T   2002
                        1996
                        1954
TOTALS           0.56              0.60   -0.04     0.39
DAYS >= .01         7               5.3     1.7        6
DAYS >= .10         2               1.9     0.1        1
DAYS >= .50         0               0.2    -0.2        0
DAYS >= 1.00        0               0.0     0.0        0
GREATEST
 24 HR. TOTAL    0.33   02/01 TO 02/02

SNOWFALL (INCHES)
RECORDS
 TOTAL             MM   MM
TOTALS            5.5               7.0    -1.5      5.9
SINCE 7/1        23.9              28.4    -4.5     42.3
SNOWDEPTH AVG.      1
DAYS >= TRACE       7               4.4     2.6       11
DAYS >= 1.0         1               2.4    -1.4        1
GREATEST
 SNOW DEPTH         5   02/05                          4  02/05
                        02/04
                        02/03
 24 HR TOTAL      5.4   02/01 TO 02/02           02/03 TO 02/04
                                                          02/04 TO 02/04
                                                          02/04 TO 02/04

DEGREE_DAYS
HEATING TOTAL     808               970    -162      880
 SINCE 7/1       4430              4943    -513     4715
COOLING TOTAL       0                 0       0        0
 SINCE 1/1          0                 0       0        0
.....................................................

WIND (MPH)
AVERAGE WIND SPEED              11.5
HIGHEST WIND SPEED/DIRECTION    46/270    DATE  02/18
HIGHEST GUST SPEED/DIRECTION    62/270    DATE  02/18

SKY COVER
POSSIBLE SUNSHINE (PERCENT)   MM
AVERAGE SKY COVER           0.30
NUMBER OF DAYS FAIR           19
NUMBER OF DAYS PC              8
NUMBER OF DAYS CLOUDY          2

AVERAGE RH (PERCENT)     59

WEATHER CONDITIONS. NUMBER OF DAYS WITH
THUNDERSTORM              0     MIXED PRECIP               0
HEAVY RAIN                0     RAIN                       1
LIGHT RAIN                4     FREEZING RAIN              0
LT FREEZING RAIN          0     HAIL                       0
HEAVY SNOW                1     SNOW                       1
LIGHT SNOW                7     SLEET                      0
FOG                       8     FOG W/VIS <= 1/4 MILE      1
HAZE                      2

-  INDICATES NEGATIVE NUMBERS.
R  INDICATES RECORD WAS SET OR TIED.
MM INDICATES DATA IS MISSING.
T  INDICATES TRACE AMOUNT.

$$
