000
CXUS54 KAMA 011322
CLMBGD


CLIMATE REPORT
NATIONAL WEATHER SERVICE AMARILLO TX
822 AM CDT WED JUL 1 2015

...................................

...THE BORGER CLIMATE SUMMARY FOR THE MONTH OF JUNE 2015...

CLIMATE NORMAL PERIOD 1981 TO 2013
CLIMATE RECORD PERIOD 1949 TO 2015

WEATHER         OBSERVED          NORMAL  DEPART  LAST YEAR`S
                 VALUE   DATE(S)  VALUE   FROM    VALUE  DATE(S)
                                          NORMAL
................................................................
TEMPERATURE (F)
HIGHEST            97   06/28                        102  06/29
                                                          06/17
LOWEST             60   06/14                         52  06/08
AVG. MAXIMUM     90.3              89.4     0.9     90.8
AVG. MINIMUM     66.8              64.3     2.5     65.8
MEAN             78.5              76.9     1.6     78.3
DAYS MAX >= 90     19              15.5     3.5       18
DAYS MAX <= 32      0               0.0     0.0        0
DAYS MIN <= 32      0               0.0     0.0        0
DAYS MIN <= 0       0               0.0     0.0        0

PRECIPITATION (INCHES)
TOTALS           5.15              3.17    1.98     1.74
DAILY AVG.       0.17              0.11    0.06     0.06
DAYS >= .01         6               8.2    -2.2        8
DAYS >= .10         5               5.2    -0.2        6
DAYS >= .50         3               2.4     0.6        1
DAYS >= 1.00        1               0.9     0.1        0
GREATEST
 24 HR. TOTAL    2.80   06/13 TO 06/14

SNOWFALL (INCHES)
TOTALS            0.0                MM      MM      0.0
SINCE 7/1        17.5                MM      MM     14.7
DAYS >= TRACE       0                MM      MM        0
DAYS >= 1.0         0                MM      MM        0
GREATEST
 SNOW DEPTH         0   MM
 24 HR TOTAL      0.0   06/30 TO 06/30

DEGREE_DAYS
HEATING TOTAL       0                 3      -3        3
 SINCE 7/1       3452              3766    -314     3841
COOLING TOTAL     413               358      55      407
 SINCE 1/1        537               555     -18      721
.................................................................

WIND (MPH)
AVERAGE WIND SPEED              10.2
HIGHEST WIND SPEED/DIRECTION    38/280    DATE  06/14
HIGHEST GUST SPEED/DIRECTION    48/280    DATE  06/14

SKY COVER
POSSIBLE SUNSHINE (PERCENT)   MM
NUMBER OF DAYS FAIR           27
NUMBER OF DAYS PC              1
NUMBER OF DAYS CLOUDY          2

AVERAGE RH (PERCENT)     60

WEATHER CONDITIONS. NUMBER OF DAYS WITH
THUNDERSTORM              0     MIXED PRECIP               0
HEAVY RAIN                4     RAIN                       4
LIGHT RAIN                5     FREEZING RAIN              0
LT FREEZING RAIN          0     HEAVY SNOW                 0
SNOW                      0     LIGHT SNOW                 0
SLEET                     0     FOG                        7
FOG W/VIS <= 1/4 MILE     0     HAZE                       1

-  INDICATES NEGATIVE NUMBERS.
R  INDICATES RECORD WAS SET OR TIED.
MM INDICATES DATA IS MISSING.
T  INDICATES TRACE AMOUNT.

$$
