000
CXUS54 KOHX 161516
CLMBNA


CLIMATE REPORT
NATIONAL WEATHER SERVICE NASHVILLE TN
1016 AM CDT TUE MAY 16 2017

...................................

...THE NASHVILLE CLIMATE SUMMARY FOR THE MONTH OF APRIL 2017...

CLIMATE NORMAL PERIOD 1981 TO 2010
CLIMATE RECORD PERIOD 1871 TO 2017

WEATHER         OBSERVED          NORMAL  DEPART  LAST YEAR`S
                 VALUE   DATE(S)  VALUE   FROM    VALUE
                                          NORMAL
.............................................................
TEMPERATURE (F)
RECORD
 HIGH              91   04/29/2017
                        04/09/2011
                        04/27/1989
 LOW               23   04/08/2007
                        04/07/1982
HIGHEST            91R  04/29
LOWEST             37   04/08
AVG. MAXIMUM     77.3              70.5     6.8
AVG. MINIMUM     54.4              47.5     6.9
MEAN             65.9              59.0     6.9     62.4
DAYS MAX >= 90      1
DAYS MAX <= 32      0
DAYS MIN <= 32      0
DAYS MIN <= 0       0

PRECIPITATION (INCHES)
RECORD
 MAXIMUM        11.84   1874
 MINIMUM         0.52   1986
TOTALS           7.40              4.00    3.40
DAYS >= .01        13
DAYS >= .10        10
DAYS >= .50         4
DAYS >= 1.00        3
GREATEST
 24 HR. TOTAL    2.67   04/22 TO 04/22

SNOWFALL (INCHES)
TOTALS            0.0               0.0     0.0
SINCE 7/1         2.2                      -4.1
DAYS >= TRACE       0
DAYS >= 1.0         0

DEGREE_DAYS
HEATING TOTAL      76               217    -141
 SINCE 7/1       2409              3628   -1219
COOLING TOTAL     111                37      74
 SINCE 1/1        132                45      87
..............................................................

WIND (MPH)
AVERAGE WIND SPEED              8.5
HIGHEST GUST SPEED/DIRECTION    52/190    DATE  04/18

SKY COVER
POSSIBLE SUNSHINE (PERCENT)   MM
AVERAGE SKY COVER           0.60
NUMBER OF DAYS FAIR            5
NUMBER OF DAYS PC             16
NUMBER OF DAYS CLOUDY          9

AVERAGE RH (PERCENT)     65

WEATHER CONDITIONS. NUMBER OF DAYS WITH
THUNDERSTORM              0     MIXED PRECIP               0
HEAVY RAIN                8     RAIN                       9
LIGHT RAIN               14     FREEZING RAIN              0
LT FREEZING RAIN          0     HAIL                       1
HEAVY SNOW                0     SNOW                       0
LIGHT SNOW                0     SLEET                      0
FOG                      16     FOG W/VIS <= 1/4 MILE      0
HAZE                      2

-  INDICATES NEGATIVE NUMBERS.
R  INDICATES RECORD WAS SET OR TIED.
MM INDICATES DATA IS MISSING.
T  INDICATES TRACE AMOUNT.

$$
