000
CXUS55 KRIW 011948
CLMBPI

CYSCLMBPI 000
TTAA00 KRIW 011932


CLIMATE REPORT
NATIONAL WEATHER SERVICE RIVERTON WY
126 PM MDT MON SEP 1 2014

...PRELIMINARY MONTHLY CLIMATE SUMMARY FOR THE MILEY MEMORIAL FIELD
IN BIG PINEY FOR THE MONTH OF AUGUST 2014...

...OFFICIAL CLIMATE DATA FOR THE MONTH OF AUGUST 2014 WILL BE
AVAILABLE APPROXIMATELY IN OCTOBER 2014 FROM THE NATIONAL CLIMATIC
DATA CENTER (HTTP://WWW.NCDC.NOAA.GOV/OL/CLIMATEDATA.HTML).
UNOFFICIAL ASOS DAILY SUMMARIES ARE AVAILABLE ON THE INTERNET AT
HTTP://WWW.CRH.NOAA.GOV/RIW/CLIMATE/...

...AUGUST WAS WETTER THAN NORMAL IN BIG PINEY...

THE AVERAGE TEMPERATURE FOR BIG PINEY IN JULY WAS 59.1 DEGREES...
WHICH WAS 0.5 DEGREES BELOW NORMAL. THE WARMEST DAILY HIGH FOR THE
MONTH WAS 84 DEGREES ON THE 3RD AND 12TH. THE COLDEST READING WAS 36
DEGREES ON THE 31ST. NO TEMPERATURE RECORDS WERE SET DURING THE
MONTH.

TOTAL PRECIPITATION FOR THE MONTH WAS 1.60 INCHES...WHICH WAS 232
PERCENT OF NORMAL. THIS MAKES IT THE 3RD WETTEST AUGUST ON RECORD.
THE WETTEST 24 HOUR PERIOD OF THE MONTH WAS THE 4TH AND 5TH...WHEN
0.81 OF AN INCH OF PRECIPITATION OCCURRED. 0.22 OF AN INCH OF
PRECIPITATION FELL ON THE 4TH...BREAKING THE PREVIOUS RECORD OF
0.20 INCHES SET IN 1997. 0.07 OF AN INCH OF PRECIPITATION FELL ON
THE 25TH...BREAKING THE PREVIOUS RECORD OF 0.04 INCHES SET IN 1995.
THE HIGHEST WIND GUST WAS 49 MPH...WHICH OCCURRED ON THE 30TH.

...THE BIG PINEY WY CLIMATE SUMMARY FOR THE MONTH OF AUGUST 2014...

CLIMATE NORMAL PERIOD 1981 TO 2010
CLIMATE RECORD PERIOD 1976 TO 2014

WEATHER         OBSERVED          NORMAL  DEPART
                 VALUE   DATE(S)  VALUE   FROM
                                          NORMAL
................................................
TEMPERATURE (F)
RECORD
 HIGH              99   08/06/2003
 LOW               19   08/27/1992
                        08/26/1992
HIGHEST            84   08/12
                        08/03
LOWEST             36   08/31
AVG. MAXIMUM     73.8              79.0    -5.2
AVG. MINIMUM     44.5              40.3     4.2
MEAN             59.1              59.6    -0.5
DAYS MAX >= 90      0
DAYS MAX <= 32      0
DAYS MIN <= 32      0
DAYS MIN <= 0       0

PRECIPITATION (INCHES)
RECORD
 MAXIMUM         3.82   1997
 MINIMUM            T   1996
                        1991
TOTALS           1.60              0.69    0.91
DAILY AVG.       0.05
DAYS >= .01        14
DAYS >= .10         5
DAYS >= .50         1
DAYS >= 1.00        0
GREATEST
 24 HR. TOTAL    0.81   08/04 TO 08/05

DEGREE_DAYS
HEATING TOTAL     175               176      -1
 SINCE 7/1        229               293     -64
COOLING TOTAL       0                11     -11
 SINCE 1/1         26                35      -9
.................................................

WIND (MPH)
AVERAGE WIND SPEED              6.6
HIGHEST WIND SPEED/DIRECTION    37/270    DATE  08/30
HIGHEST GUST SPEED/DIRECTION    49/270    DATE  08/30

SKY COVER
POSSIBLE SUNSHINE (PERCENT)   MM
AVERAGE SKY COVER           0.30
NUMBER OF DAYS FAIR           17
NUMBER OF DAYS PC             12
NUMBER OF DAYS CLOUDY          2

AVERAGE RH (PERCENT)     61

WEATHER CONDITIONS. NUMBER OF DAYS WITH
THUNDERSTORM             12     MIXED PRECIP               0
HEAVY RAIN                5     RAIN                       8
LIGHT RAIN               15     FREEZING RAIN              0
LT FREEZING RAIN          0     HAIL                       0
HEAVY SNOW                0     SNOW                       0
LIGHT SNOW                0     SLEET                      0
FOG                      14     FOG W/VIS <= 1/4 MILE      0
HAZE                      0

-  INDICATES NEGATIVE NUMBERS.
R  INDICATES RECORD WAS SET OR TIED.
MM INDICATES DATA IS MISSING.
T  INDICATES TRACE AMOUNT.

LOOKING AHEAD TO SEPTEMBER 2014...THE AVERAGE HIGH TEMPERATURE ON THE
FIRST OF THE MONTH IS 75 DEGREES...AND THE AVERAGE LOW TEMPERATURE
IS 34 DEGREES. THE AVERAGE HIGH BY THE END OF THE MONTH IS 64
DEGREES...AND THE AVERAGE LOW TEMPERATURE IS 27 DEGREES. THE AVERAGE
MONTHLY PRECIPITATION IS 0.78 INCHES.

$$
