000
CXUS53 KDVN 011436
CLMBRL


CLIMATE REPORT
NATIONAL WEATHER SERVICE QUAD CITIES IA IL
921 AM CDT WED JUL 1 2015

*PCPN MISSING ON 6/25 DUE TO SENSOR OUTAGE. MIN TEMP MISSING ON
06/20 DUE TO POWER OUTAGE. SEE BELOW FOR MORE INFO.*

...................................

...THE BURLINGTON IA CLIMATE SUMMARY FOR THE MONTH OF JUNE 2015...

CLIMATE NORMAL PERIOD 1981 TO 2010
CLIMATE RECORD PERIOD 1897 TO 2015

WEATHER         OBSERVED          NORMAL  DEPART
                 VALUE   DATE(S)  VALUE   FROM
                                          NORMAL
................................................
TEMPERATURE (F)
RECORD
 HIGH             105   06/29/1934
                        06/27/1934
 LOW               39   06/08/1913
HIGHEST            93   06/10        87       6
LOWEST             53   06/02        58      -5
AVG. MAXIMUM     81.0              83.6    -2.6
AVG. MINIMUM     63.4              62.9     0.5
MEAN             72.2              73.3    -1.1
DAYS MAX >= 90      1
DAYS MAX <= 32      0
DAYS MIN <= 32      0
DAYS MIN <= 0       0

PRECIPITATION (INCHES)
TOTALS           7.06              4.47    2.59
DAILY AVG.       0.24              0.15    0.09
DAYS >= .01        13
DAYS >= .10        11
DAYS >= .50         4
DAYS >= 1.00        2
GREATEST
 24 HR. TOTAL    2.12   06/10 TO 06/11

DEGREE_DAYS
HEATING TOTAL       5                13      -8
 SINCE 7/1       6101              5600     501
COOLING TOTAL     224               260     -36
 SINCE 1/1        317               363     -46
.................................................

WIND (MPH)
AVERAGE WIND SPEED              7.0
HIGHEST WIND SPEED/DIRECTION    40/270    DATE  06/10
HIGHEST GUST SPEED/DIRECTION    56/270    DATE  06/10

SKY COVER
POSSIBLE SUNSHINE (PERCENT)   MM
AVERAGE SKY COVER           0.30
NUMBER OF DAYS FAIR           17
NUMBER OF DAYS PC             10
NUMBER OF DAYS CLOUDY          3

AVERAGE RH (PERCENT)     81

WEATHER CONDITIONS. NUMBER OF DAYS WITH
THUNDERSTORM             11     HAIL                       0
SLEET                     0     FOG                       23
FOG W/VIS <= 1/4 MILE     4     HAZE                       8

-  INDICATES NEGATIVE NUMBERS.
R  INDICATES RECORD WAS SET OR TIED.
MM INDICATES DATA IS MISSING.
T  INDICATES TRACE AMOUNT.

$$

==============================================================

NOTE: SUPPLEMENTAL CLIMATE DATA WAS USED FROM NEARBY
CLIMATOLOGICALLY REPRESENTATIVE STATION ON THE FOLLOWING
DATES.

PARAMETER    DATE
---------    ----
   PCPN      06/20

PCPN ALSO MISSING ON 06/25 DUE TO SENSOR OUTAGE AND MAY BE
SUPPLEMENTED WITHIN THE NEXT FEW DAYS WHEN DATA BECOMES
AVAILABLE.

==============================================================
