000
CXUS53 KDVN 011020
CLMBRL


CLIMATE REPORT
NATIONAL WEATHER SERVICE QUAD CITIES IA IL
520 AM CDT SUN OCT 1 2017

...................................

...THE BURLINGTON IA CLIMATE SUMMARY FOR THE MONTH OF SEPTEMBER 2017...

CLIMATE NORMAL PERIOD 1981 TO 2010
CLIMATE RECORD PERIOD 1897 TO 2017

WEATHER         OBSERVED          NORMAL  DEPART
                 VALUE   DATE(S)  VALUE   FROM
                                          NORMAL
................................................
TEMPERATURE (F)
RECORD
 HIGH             103   09/01/1913
                        09/05/1899
 LOW               23   09/30/1899
HIGHEST            93   09/23        83      10
                        09/22
                        09/20
LOWEST             44   09/28        50      -6
                        09/07
AVG. MAXIMUM     80.6              78.5     2.1
AVG. MINIMUM     56.4              56.3     0.1
MEAN             68.5              67.4     1.1
DAYS MAX >= 90      5
DAYS MAX <= 32      0
DAYS MIN <= 32      0
DAYS MIN <= 0       0

PRECIPITATION (INCHES)
TOTALS           0.13              3.52   -3.39
DAILY AVG.       0.00              0.12   -0.12
DAYS >= .01         4
DAYS >= .10         0
DAYS >= .50         0
DAYS >= 1.00        0
GREATEST
 24 HR. TOTAL    0.09   09/21 TO 09/21

DEGREE_DAYS
HEATING TOTAL      40                67     -27
 SINCE 7/1         40                71     -31
COOLING TOTAL     153               139      14
 SINCE 1/1       1027              1182    -155
.................................................

WIND (MPH)
AVERAGE WIND SPEED              6.6
HIGHEST WIND SPEED/DIRECTION    28/030    DATE  09/21
HIGHEST GUST SPEED/DIRECTION    33/030    DATE  09/21

SKY COVER
POSSIBLE SUNSHINE (PERCENT)   MM
AVERAGE SKY COVER           0.10
NUMBER OF DAYS FAIR           27
NUMBER OF DAYS PC              3
NUMBER OF DAYS CLOUDY          0

AVERAGE RH (PERCENT)     70

WEATHER CONDITIONS. NUMBER OF DAYS WITH
THUNDERSTORM              3     HAIL                       0
SLEET                     0     FOG                        9
FOG W/VIS <= 1/4 MILE     2     HAZE                       1

-  INDICATES NEGATIVE NUMBERS.
R  INDICATES RECORD WAS SET OR TIED.
MM INDICATES DATA IS MISSING.
T  INDICATES TRACE AMOUNT.

$$
