031
CXUS53 KGRR 011923
CLMBTL


CLIMATE REPORT
NATIONAL WEATHER SERVICE GRAND RAPIDS, MI
209 PM EST THU DEC 1 2016

...................................

...THE BATTLE CREEK MI CLIMATE SUMMARY FOR THE MONTH OF NOVEMBER 2016...

CLIMATE NORMAL PERIOD 1981 TO 2010
CLIMATE RECORD PERIOD 1998 TO 2016

WEATHER         OBSERVED          NORMAL  DEPART  LAST YEAR`S
                 VALUE   DATE(S)  VALUE   FROM    VALUE  DATE(S)
                                          NORMAL
................................................................
TEMPERATURE (F)
HIGHEST            76   11/01        MM      MM       75  11/04
                                                          11/03
LOWEST             19   11/22        MM      MM       18  11/22
AVG. MAXIMUM       MM              47.9      MM     54.5
AVG. MINIMUM       MM              30.4      MM     35.7
MEAN               MM              39.1      MM     45.1
DAYS MAX >= 90      0               0.0     0.0        0
DAYS MAX <= 32      1               1.6    -0.6        1
DAYS MIN <= 32      9              17.6    -8.6       13
DAYS MIN <= 0       0               0.0     0.0        0

PRECIPITATION (INCHES)
TOTALS             MM              2.83      MM     2.05
DAILY AVG.         MM              0.09      MM     0.07
DAYS >= .01         9              11.4    -2.4       11
DAYS >= .10         5               5.8    -0.8        6
DAYS >= .50         2               1.8     0.2        1
DAYS >= 1.00        0               0.7    -0.7        0
GREATEST
 24 HR. TOTAL      MM

DEGREE_DAYS
HEATING TOTAL      MM               776      MM      588
 SINCE 7/1         MM              1438      MM     1050
COOLING TOTAL       0                 0       0        0
 SINCE 1/1        727               578     149      720
.................................................................

WIND (MPH)
AVERAGE WIND SPEED              9.2
RESULTANT WIND SPEED/DIRECTION   5/231
HIGHEST WIND SPEED/DIRECTION    35/170    DATE  11/28
HIGHEST GUST SPEED/DIRECTION    45/170    DATE  11/28

SKY COVER
POSSIBLE SUNSHINE (PERCENT)   MM
AVERAGE SKY COVER           0.40
NUMBER OF DAYS FAIR           12
NUMBER OF DAYS PC              7
NUMBER OF DAYS CLOUDY          7

AVERAGE RH (PERCENT)     MM

WEATHER CONDITIONS. NUMBER OF DAYS WITH
THUNDERSTORM              1     MIXED PRECIP               0
HEAVY RAIN                1     RAIN                       5
LIGHT RAIN               14     FREEZING RAIN              0
LT FREEZING RAIN          0     HAIL                       0
HEAVY SNOW                1     SNOW                       1
LIGHT SNOW                1     SLEET                      0
FOG                      14     FOG W/VIS <= 1/4 MILE      4
HAZE                      3

-  INDICATES NEGATIVE NUMBERS.
R  INDICATES RECORD WAS SET OR TIED.
MM INDICATES DATA IS MISSING.
T  INDICATES TRACE AMOUNT.

$$
