000
CXUS55 KMSO 011730
CLMBTM


CLIMATE REPORT
NATIONAL WEATHER SERVICE MISSOULA, MT
1029 AM MST MON FEB 1 2016

...................................

...THE BUTTE MT CLIMATE SUMMARY FOR THE MONTH OF JANUARY 2016...

CLIMATE NORMAL PERIOD 1981 TO 2010
CLIMATE RECORD PERIOD 1895 TO 2016

WEATHER         OBSERVED          NORMAL  DEPART  LAST YEAR`S
                 VALUE   DATE(S)  VALUE   FROM    VALUE
                                          NORMAL
.............................................................
TEMPERATURE (F)
RECORD
 HIGH              58   01/29/1931
 LOW              -48   01/07/1937
HIGHEST            46   01/28        MM      MM       54
LOWEST            -19   01/01        MM      MM      -12
AVG. MAXIMUM     29.7              31.8    -2.1     35.6
AVG. MINIMUM      6.2               7.4    -1.2     13.4
MEAN             17.9              19.6    -1.7     24.5
DAYS MAX >= 90      0               0.0     0.0        0
DAYS MAX <= 32     17              14.1     2.9       14
DAYS MIN <= 32     31              30.4     0.6       31
DAYS MIN <= 0       8               8.9    -0.9        4

PRECIPITATION (INCHES)
RECORD
 MAXIMUM         2.36   1928
 MINIMUM            T   1902
TOTALS           0.34              0.47   -0.13     0.17
DAILY AVG.       0.01              0.02   -0.01     0.01
DAYS >= .01         6               6.9    -0.9        6
DAYS >= .10         1               1.6    -0.6        0
DAYS >= .50         0               0.0     0.0        0
DAYS >= 1.00        0               0.0     0.0        0
GREATEST
 24 HR. TOTAL    0.13   01/07 TO 01/07              0.06
                        01/06 TO 01/07
                        01/07 TO 01/07

DEGREE_DAYS
HEATING TOTAL    1453              1407      46
 SINCE 7/1       5332              5371     -39
COOLING TOTAL       0                 0       0
 SINCE 1/1          0                 0       0
..............................................................

WIND (MPH)
AVERAGE WIND SPEED              3.0
HIGHEST WIND SPEED/DIRECTION    24/190    DATE  01/19
HIGHEST GUST SPEED/DIRECTION    32/280    DATE  01/29

SKY COVER
POSSIBLE SUNSHINE (PERCENT)   MM
AVERAGE SKY COVER           0.60
NUMBER OF DAYS FAIR            5
NUMBER OF DAYS PC             19
NUMBER OF DAYS CLOUDY          7

AVERAGE RH (PERCENT)     76

WEATHER CONDITIONS. NUMBER OF DAYS WITH
THUNDERSTORM              0     MIXED PRECIP               0
HEAVY RAIN                0     RAIN                       0
LIGHT RAIN                0     FREEZING RAIN              0
LT FREEZING RAIN          0     HAIL                       0
HEAVY SNOW                1     SNOW                       3
LIGHT SNOW               14     SLEET                      0
FOG                      22     FOG W/VIS <= 1/4 MILE      5
HAZE                     16

-  INDICATES NEGATIVE NUMBERS.
R  INDICATES RECORD WAS SET OR TIED.
MM INDICATES DATA IS MISSING.
T  INDICATES TRACE AMOUNT.

$$
