000
CXUS51 KBTV 011235
CLMBTV


CLIMATE REPORT
NATIONAL WEATHER SERVICE BURLINGTON VT
834 AM EDT THU JUN 1 2017

...................................

...THE BURLINGTON VT CLIMATE SUMMARY FOR THE MONTH OF MAY 2017...

CLIMATE NORMAL PERIOD 1981 TO 2010
CLIMATE RECORD PERIOD 1884 TO 2017

WEATHER         OBSERVED          NORMAL  DEPART  LAST YEAR`S
                 VALUE   DATE(S)  VALUE   FROM    VALUE  DATE(S)
                                          NORMAL
................................................................
TEMPERATURE (F)
RECORD
 HIGH              93   05/18/2017
                        05/22/1977
                        07/06/2215
 LOW               24   05/03/1966
HIGHEST            93R  05/18        67      26       91  05/28
                                                          05/27
LOWEST             33   05/04        45     -12       33  05/10
AVG. MAXIMUM     66.4              67.2    -0.8     70.6
AVG. MINIMUM     47.5              45.4     2.1     48.4
MEAN             56.9              56.3     0.6     59.5
DAYS MAX >= 90      2               0.3     1.7        2
DAYS MAX <= 32      0               0.0     0.0        0
DAYS MIN <= 32      0               1.1    -1.1        0
DAYS MIN <= 0       0               0.0     0.0        0

PRECIPITATION (INCHES)
RECORD
 MAXIMUM         8.74   2013
 MINIMUM         0.29   1977
TOTALS           4.91              3.45    1.46     2.46
DAILY AVG.       0.16              0.11    0.05     0.08
DAYS >= .01        20              14.2     5.8       11
DAYS >= .10        14               7.7     6.3        8
DAYS >= .50         4               2.0     2.0        1
DAYS >= 1.00        0               0.6    -0.6        0
GREATEST
 24 HR. TOTAL    0.76   05/01 TO 05/01           05/01 TO 05/02
                                                          05/29 TO 05/30
                                                          05/30 TO 05/30
 STORM TOTAL       MM                                 MM
 (MM/DD(HH))            MM                    05/02(00) TO 05/02(00)
                                                 05/30(00) TO 05/30(00)0
                                                 05/30(00) TO 05/30(00)0

DEGREE_DAYS
HEATING TOTAL     271               287     -16      231
 SINCE 7/1       6276              7361   -1085     6178
COOLING TOTAL      27                17      10       72
 SINCE 1/1         42                19      23       72
.................................................

WIND (MPH)
AVERAGE WIND SPEED              7.9
HIGHEST WIND SPEED/DIRECTION    58/180    DATE  05/18
HIGHEST GUST SPEED/DIRECTION    58/180    DATE  05/18

SKY COVER
POSSIBLE SUNSHINE (PERCENT)   MM
AVERAGE SKY COVER           0.70
NUMBER OF DAYS FAIR            2
NUMBER OF DAYS PC             14
NUMBER OF DAYS CLOUDY         14

AVERAGE RH (PERCENT)     68

WEATHER CONDITIONS. NUMBER OF DAYS WITH
THUNDERSTORM              0     MIXED PRECIP               0
HEAVY RAIN                1     RAIN                       8
LIGHT RAIN               21     FREEZING RAIN              0
LT FREEZING RAIN          0     HAIL                       0
HEAVY SNOW                0     SNOW                       0
LIGHT SNOW                0     SLEET                      0
FOG                      13     FOG W/VIS <= 1/4 MILE      0
HAZE                      1

-  INDICATES NEGATIVE NUMBERS.
R  INDICATES RECORD WAS SET OR TIED.
MM INDICATES DATA IS MISSING.
T  INDICATES TRACE AMOUNT.

$$
