000
CXUS53 KLMK 011341
CLMBWG


CLIMATE REPORT
NATIONAL WEATHER SERVICE LOUISVILLE KY
838 AM EST FRI DEC 1 2017

...................................

...THE BOWLING GREEN CLIMATE SUMMARY FOR THE MONTH OF NOVEMBER 2017...

CLIMATE NORMAL PERIOD 1981 TO 2010
CLIMATE RECORD PERIOD 1870 TO 2017

WEATHER         OBSERVED          NORMAL  DEPART  LAST YEAR`S
                 VALUE   DATE(S)  VALUE   FROM    VALUE  DATE(S)
                                          NORMAL
................................................................
TEMPERATURE (F)
RECORD
 HIGH              88   11/12/1909
 LOW               -7   11/25/1950
HIGHEST            81   11/05        MM      MM       87  11/01
LOWEST             23   11/23        MM      MM       23  11/27
                                                          11/21
AVG. MAXIMUM     60.2              59.4     0.8     64.9
AVG. MINIMUM     37.9              37.5     0.4     38.8
MEAN             49.1              48.4     0.7     51.9
DAYS MAX >= 90      0               0.0     0.0        0
DAYS MAX <= 32      0               0.0     0.0        0
DAYS MIN <= 32     14               9.6     4.4        9
DAYS MIN <= 0       0               0.0     0.0        0

PRECIPITATION (INCHES)
RECORD
 MAXIMUM        10.53   1900
 MINIMUM         0.32   1912
TOTALS           1.96              4.22   -2.26     1.91
DAILY AVG.       0.07              0.14   -0.07     0.06
DAYS >= .01        10               9.9     0.1        7
DAYS >= .10         3               6.9    -3.9        5
DAYS >= .50         1               3.0    -2.0        1
DAYS >= 1.00        1               1.1    -0.1        1
GREATEST
 24 HR. TOTAL    1.14   11/05 TO 11/06

SNOWFALL (INCHES)
RECORDS
 TOTAL            3.0   5
                        0
TOTALS            0.0               0.0     0.0      0.0
SINCE 7/1           T                 T     0.0      0.0
SNOWDEPTH AVG.      0                MM      MM        0
DAYS >= 1.0         0               0.0     0.0        0
GREATEST
 SNOW DEPTH         0   MM                             0  MM
 24 HR TOTAL      0.0   11/30 TO 11/30

DEGREE_DAYS
HEATING TOTAL     481               500     -19      400
 SINCE 7/1        701               763     -62      486
COOLING TOTAL      12                 3       9       15
 SINCE 1/1       1600              1491     109     1979
.................................................................

WIND (MPH)
AVERAGE WIND SPEED              5.9
HIGHEST WIND SPEED/DIRECTION    28/290    DATE  11/18
HIGHEST GUST SPEED/DIRECTION    43/250    DATE  11/18

SKY COVER
POSSIBLE SUNSHINE (PERCENT)   MM
AVERAGE SKY COVER           0.40
NUMBER OF DAYS FAIR           15
NUMBER OF DAYS PC              5
NUMBER OF DAYS CLOUDY         10

AVERAGE RH (PERCENT)     71

WEATHER CONDITIONS. NUMBER OF DAYS WITH
THUNDERSTORM              2     MIXED PRECIP               0
HEAVY RAIN                3     RAIN                       3
LIGHT RAIN               10     FREEZING RAIN              0
LT FREEZING RAIN          0     HAIL                       0
HEAVY SNOW                0     SNOW                       0
LIGHT SNOW                0     SLEET                      0
FOG                      13     FOG W/VIS <= 1/4 MILE      1
HAZE                      4

-  INDICATES NEGATIVE NUMBERS.
R  INDICATES RECORD WAS SET OR TIED.
MM INDICATES DATA IS MISSING.
T  INDICATES TRACE AMOUNT.

$$
