000
CXUS52 KCAE 011842
CLMCAE


CLIMATE REPORT
NATIONAL WEATHER SERVICE COLUMBIA SC
235 PM EDT MON AUG 1 2016

...................................

...THE COLUMBIA METRO AIRPORT SC CLIMATE SUMMARY FOR THE MONTH OF JULY 2016...

CLIMATE NORMAL PERIOD 1981 TO 2010
CLIMATE RECORD PERIOD 1887 TO 2016

WEATHER         OBSERVED          NORMAL  DEPART
                 VALUE   DATE(S)  VALUE   FROM
                                          NORMAL
................................................
TEMPERATURE (F)
RECORD
 HIGH             107   07/29/1952
                        07/24/1952
                        07/23/1952
 LOW               54   07/07/1951
                        07/08/1892
HIGHEST           104   07/08        MM      MM
                        07/03
LOWEST             72   07/18        MM      MM
                        07/17
AVG. MAXIMUM     99.2              92.7     6.5
AVG. MINIMUM     75.2              71.6     3.6
MEAN             87.2              82.2     5.0
DAYS MAX >= 90     31              23.0     8.0
DAYS MAX <= 32      0               0.0     0.0
DAYS MIN <= 32      0               0.0     0.0
DAYS MIN <= 0       0               0.0     0.0

PRECIPITATION (INCHES)
RECORD
 MAXIMUM        17.46   1991
 MINIMUM         0.57   1977
TOTALS           1.79              5.46   -3.67
DAILY AVG.       0.06              0.18   -0.12
DAYS >= .01        11              11.8    -0.8
DAYS >= .10         4               7.7    -3.7
DAYS >= .50         2               3.6    -1.6
DAYS >= 1.00        0               1.7    -1.7
GREATEST
 24 HR. TOTAL    0.65   07/13 TO 07/14
 STORM TOTAL       MM
 (MM/DD(HH))            MM

SNOWFALL (INCHES)
RECORDS
 TOTAL             MM   MM
TOTALS            0.0               0.0     0.0
SINCE 7/1         0.0               0.0     0.0
DAYS >= TRACE       0               0.0     0.0
DAYS >= 1.0         0               0.0     0.0
GREATEST
 SNOW DEPTH         0   MM

DEGREE_DAYS
HEATING TOTAL       0                 0       0
 SINCE 7/1          0                 0       0
COOLING TOTAL     696               532     164
 SINCE 1/1       1681              1277     404

FREEZE DATES
RECORD
 EARLIEST     10/15/1991
 LATEST       04/03/1964
EARLIEST                        11/05
LATEST                          03/22
.................................................

WIND (MPH)
AVERAGE WIND SPEED              6.6
RESULTANT WIND SPEED/DIRECTION   4/227
HIGHEST WIND SPEED/DIRECTION    36/280    DATE  07/05
HIGHEST GUST SPEED/DIRECTION    46/280    DATE  07/05

SKY COVER
POSSIBLE SUNSHINE (PERCENT)   MM
AVERAGE SKY COVER           0.40
NUMBER OF DAYS FAIR           12
NUMBER OF DAYS PC             18
NUMBER OF DAYS CLOUDY          1

AVERAGE RH (PERCENT)     61

WEATHER CONDITIONS. NUMBER OF DAYS WITH
THUNDERSTORM             10     MIXED PRECIP               0
HEAVY RAIN                2     RAIN                       5
LIGHT RAIN               17     FREEZING RAIN              0
LT FREEZING RAIN          0     HAIL                       0
HEAVY SNOW                0     SNOW                       0
LIGHT SNOW                0     SLEET                      0
FOG                       5     FOG W/VIS <= 1/4 MILE      1
HAZE                      6

-  INDICATES NEGATIVE NUMBERS.
R  INDICATES RECORD WAS SET OR TIED.
MM INDICATES DATA IS MISSING.
T  INDICATES TRACE AMOUNT.

$$
