000
CXUS52 KCAE 011643
CLMCAE


CLIMATE REPORT
NATIONAL WEATHER SERVICE COLUMBIA SC
1141 AM EST THU DEC 1 2016

...................................

...THE COLUMBIA METRO AIRPORT SC CLIMATE SUMMARY FOR THE MONTH OF NOVEMBER 2016...

CLIMATE NORMAL PERIOD 1981 TO 2010
CLIMATE RECORD PERIOD 1887 TO 2016

WEATHER         OBSERVED          NORMAL  DEPART
                 VALUE   DATE(S)  VALUE   FROM
                                          NORMAL
................................................
TEMPERATURE (F)
RECORD
 HIGH              90   11/02/1961
 LOW               12   11/25/1970
HIGHEST            84   11/03        MM      MM
LOWEST             29   11/27        MM      MM
                        11/21
AVG. MAXIMUM     70.6              67.3     3.3
AVG. MINIMUM     41.8              42.3    -0.5
MEAN             56.2              54.8     1.4
DAYS MAX >= 90      0               0.0     0.0
DAYS MAX <= 32      0               0.0     0.0
DAYS MIN <= 32      5               5.1    -0.1
DAYS MIN <= 0       0               0.0     0.0

PRECIPITATION (INCHES)
RECORD
 MAXIMUM         7.95   1947
 MINIMUM         0.10   1919
TOTALS           2.01              2.74   -0.73
DAILY AVG.       0.07              0.09   -0.02
DAYS >= .01         3               7.3    -4.3
DAYS >= .10         3               4.6    -1.6
DAYS >= .50         2               1.9     0.1
DAYS >= 1.00        0               0.9    -0.9
GREATEST
 24 HR. TOTAL    0.98   11/29 TO 11/29
 STORM TOTAL       MM
 (MM/DD(HH))            MM

SNOWFALL (INCHES)
RECORDS
 TOTAL             MM   MM
TOTALS            0.0               0.0     0.0
SINCE 7/1         0.0               0.0     0.0
DAYS >= TRACE       0               0.0     0.0
DAYS >= 1.0         0               0.0     0.0
GREATEST
 SNOW DEPTH         0   MM

DEGREE_DAYS
HEATING TOTAL     267               321     -54
 SINCE 7/1        302               441    -139
COOLING TOTAL      14                15      -1
 SINCE 1/1       2886              2167     719

FREEZE DATES
RECORD
 EARLIEST     10/15/1991
 LATEST       04/03/1964
EARLIEST      11/20             11/05
LATEST                          03/22
.................................................

WIND (MPH)
AVERAGE WIND SPEED              4.1
RESULTANT WIND SPEED/DIRECTION   1/276
HIGHEST WIND SPEED/DIRECTION    31/270    DATE  11/19
HIGHEST GUST SPEED/DIRECTION    40/270    DATE  11/19

SKY COVER
POSSIBLE SUNSHINE (PERCENT)   MM
AVERAGE SKY COVER           0.40
NUMBER OF DAYS FAIR           13
NUMBER OF DAYS PC             15
NUMBER OF DAYS CLOUDY          2

AVERAGE RH (PERCENT)     62

WEATHER CONDITIONS. NUMBER OF DAYS WITH
THUNDERSTORM              1     MIXED PRECIP               0
HEAVY RAIN                2     RAIN                       3
LIGHT RAIN                2     FREEZING RAIN              0
LT FREEZING RAIN          0     HAIL                       0
HEAVY SNOW                0     SNOW                       0
LIGHT SNOW                0     SLEET                      0
FOG                      13     FOG W/VIS <= 1/4 MILE      2
HAZE                     11

-  INDICATES NEGATIVE NUMBERS.
R  INDICATES RECORD WAS SET OR TIED.
MM INDICATES DATA IS MISSING.
T  INDICATES TRACE AMOUNT.

$$
