547
CXUS52 KCAE 011635
CLMCAE


CLIMATE REPORT
NATIONAL WEATHER SERVICE COLUMBIA SC
1131 AM EST SUN JAN 1 2017

...................................

...THE COLUMBIA METRO AIRPORT SC CLIMATE SUMMARY FOR THE MONTH OF DECEMBER 2016...

CLIMATE NORMAL PERIOD 1981 TO 2010
CLIMATE RECORD PERIOD 1887 TO 2016

WEATHER         OBSERVED          NORMAL  DEPART
                 VALUE   DATE(S)  VALUE   FROM
                                          NORMAL
................................................
TEMPERATURE (F)
RECORD
 HIGH              83   12/08/1978
                        12/04/1978
                        12/16/1971
 LOW                4   12/12/1958
HIGHEST            82   12/18        MM      MM
LOWEST             24   12/10        MM      MM
AVG. MAXIMUM     59.6              58.2     1.4
AVG. MINIMUM     39.9              35.3     4.6
MEAN             49.7              46.7     3.0
DAYS MAX >= 90      0               0.0     0.0
DAYS MAX <= 32      0               0.1    -0.1
DAYS MIN <= 32      7              12.8    -5.8
DAYS MIN <= 0       0               0.0     0.0

PRECIPITATION (INCHES)
RECORD
 MAXIMUM         9.31   2009
 MINIMUM         0.32   1955
TOTALS           3.35              3.22    0.13
DAILY AVG.       0.11              0.10    0.01
DAYS >= .01         8               9.0    -1.0
DAYS >= .10         7               5.5     1.5
DAYS >= .50         2               1.8     0.2
DAYS >= 1.00        1               0.9     0.1
GREATEST
 24 HR. TOTAL    1.05   12/13 TO 12/14
 STORM TOTAL       MM
 (MM/DD(HH))            MM

SNOWFALL (INCHES)
RECORDS
 TOTAL            8.8   1958
TOTALS            0.0               0.1    -0.1
SINCE 7/1         0.0               0.1    -0.1
DAYS >= TRACE       0               0.1    -0.1
DAYS >= 1.0         0               0.1    -0.1
GREATEST
 SNOW DEPTH         0   MM

DEGREE_DAYS
HEATING TOTAL     469               569    -100
 SINCE 7/1        771              1010    -239
COOLING TOTAL       3                 3       0
 SINCE 1/1       2889              2170     719

FREEZE DATES
RECORD
 EARLIEST     10/15/1991
 LATEST       04/03/1964
EARLIEST                        11/05
LATEST                          03/22
.................................................

WIND (MPH)
AVERAGE WIND SPEED              5.1
RESULTANT WIND SPEED/DIRECTION   1/307
HIGHEST WIND SPEED/DIRECTION    31/280    DATE  12/29
HIGHEST GUST SPEED/DIRECTION    39/280    DATE  12/29

SKY COVER
POSSIBLE SUNSHINE (PERCENT)   MM
AVERAGE SKY COVER           0.60
NUMBER OF DAYS FAIR            7
NUMBER OF DAYS PC             12
NUMBER OF DAYS CLOUDY         12

AVERAGE RH (PERCENT)     68

WEATHER CONDITIONS. NUMBER OF DAYS WITH
THUNDERSTORM              1     MIXED PRECIP               0
HEAVY RAIN                5     RAIN                       7
LIGHT RAIN               15     FREEZING RAIN              0
LT FREEZING RAIN          0     HAIL                       0
HEAVY SNOW                0     SNOW                       0
LIGHT SNOW                0     SLEET                      0
FOG                      19     FOG W/VIS <= 1/4 MILE      3
HAZE                      8

-  INDICATES NEGATIVE NUMBERS.
R  INDICATES RECORD WAS SET OR TIED.
MM INDICATES DATA IS MISSING.
T  INDICATES TRACE AMOUNT.

$$
