000
CXUS52 KCAE 020208 AAA
CLMCAE

CLIMATE REPORT...UPDATED...
NATIONAL WEATHER SERVICE COLUMBIA SC
908 PM EST SUN MAR 1 2015

...................................

...THE COLUMBIA METRO AIRPORT SC CLIMATE SUMMARY FOR THE
   MONTH OF FEBRUARY 2015...

CLIMATE NORMAL PERIOD 1981 TO 2010
CLIMATE RECORD PERIOD 1887 TO 2015

WEATHER         OBSERVED          NORMAL  DEPART
                 VALUE   DATE(S)  VALUE   FROM
                                          NORMAL
................................................
TEMPERATURE (F)
RECORD
 HIGH              84   02/20/2014
                        02/28/2011
                        02/27/1997
 LOW               -2   02/14/1899
HIGHEST            71   02/08        MM      MM
LOWEST             12   02/20        MM      MM
AVG. MAXIMUM     54.1              60.3    -6.2
AVG. MINIMUM     32.1              36.8    -4.7
MEAN             43.1              48.5    -5.4
DAYS MAX >= 90      0               0.0     0.0
DAYS MAX <= 32      0               0.0     0.0
DAYS MIN <= 32     13               9.5     3.5
DAYS MIN <= 0       0               0.0     0.0

PRECIPITATION (INCHES)
RECORD
 MAXIMUM         9.39   1939
 MINIMUM         0.49   1938
TOTALS           4.76              3.61    1.15
DAILY AVG.       0.17              0.13    0.04
DAYS >= .01        11               9.1     1.9
DAYS >= .10         9               5.9     3.1
DAYS >= .50         4               2.6     1.4
DAYS >= 1.00        1               1.0     0.0
GREATEST
 24 HR. TOTAL    1.65   02/25 TO 02/26
 STORM TOTAL       MM
 (MM/DD(HH))            MM

SNOWFALL (INCHES)
RECORDS
 TOTAL           16.0   1973
TOTALS              T               0.5    -0.5
SINCE 7/1           T               1.4    -1.4
DAYS >= TRACE       3               0.3     2.7
DAYS >= 1.0         0               0.1    -0.1
GREATEST
 SNOW DEPTH         0   MM

DEGREE_DAYS
HEATING TOTAL     606               463     143
 SINCE 7/1       2189              2099      90
COOLING TOTAL       0                 3      -3
 SINCE 1/1          0                 4      -4

FREEZE DATES
RECORD
 EARLIEST     10/15/1991
 LATEST       04/03/1964
EARLIEST                        11/05
LATEST                          03/22
.................................................

WIND (MPH)
AVERAGE WIND SPEED              7.0
RESULTANT WIND SPEED/DIRECTION   2/293
HIGHEST WIND SPEED/DIRECTION    39/280    DATE  02/02
HIGHEST GUST SPEED/DIRECTION    50/280    DATE  02/02

SKY COVER
POSSIBLE SUNSHINE (PERCENT)   MM
AVERAGE SKY COVER           0.50
NUMBER OF DAYS FAIR           10
NUMBER OF DAYS PC              8
NUMBER OF DAYS CLOUDY         10

AVERAGE RH (PERCENT)     61

WEATHER CONDITIONS. NUMBER OF DAYS WITH
THUNDERSTORM              0     MIXED PRECIP               0
HEAVY RAIN                5     RAIN                       8
LIGHT RAIN               14     FREEZING RAIN              1
LT FREEZING RAIN          1     HAIL                       0
HEAVY SNOW                0     SNOW                       0
LIGHT SNOW                2     SLEET                      3
FOG                      15     FOG W/VIS <= 1/4 MILE      2
HAZE                      5

-  INDICATES NEGATIVE NUMBERS.
R  INDICATES RECORD WAS SET OR TIED.
MM INDICATES DATA IS MISSING.
T  INDICATES TRACE AMOUNT.

$$
