075
CXUS55 KGJT 012015 CCA
CLMCAG

CLIMATE REPORT...COR TO THUNDERSTORM AND SNOWFALL DAYS
NATIONAL WEATHER SERVICE GRAND JUNCTION CO
115 PM MST THU DEC 1 2016

...................................

...THE CRAIG CO CLIMATE SUMMARY FOR THE MONTH OF NOVEMBER 2016...

CLIMATE NORMAL PERIOD 1981 TO 2010
CLIMATE RECORD PERIOD 9999 TO 9999

WEATHER         OBSERVED          NORMAL  DEPART  LAST YEAR`S
                 VALUE   DATE(S)  VALUE   FROM    VALUE  DATE(S)
                                          NORMAL
................................................................
TEMPERATURE (F)
HIGHEST            71   11/15        MM      MM       69  11/02
LOWEST              7   11/25        MM      MM        1  11/28
AVG. MAXIMUM     53.8              43.6    10.2     44.9
AVG. MINIMUM     20.6              17.1     3.5     17.7
MEAN             37.2              30.3     6.9     31.3
DAYS MAX >= 90      0               0.0     0.0        0
DAYS MAX <= 32      3               5.8    -2.8        5
DAYS MIN <= 32     28              29.1    -1.1       29
DAYS MIN <= 0       0               1.9    -1.9        0

PRECIPITATION (INCHES)
TOTALS           0.62              1.45   -0.83     1.17
DAILY AVG.       0.02              0.05   -0.03     0.04
DAYS >= .01         7                MM      MM       11
DAYS >= .10         4                MM      MM        3
DAYS >= .50         0                MM      MM        0
DAYS >= 1.00        0                MM      MM        0
GREATEST
 24 HR. TOTAL    0.21   11/21 TO 11/22              0.49

SNOWFALL (INCHES)
TOTALS             MM                MM      MM       MM
SINCE 7/1          MM                MM      MM       MM
SNOWDEPTH AVG.     MM                MM      MM       MM
DAYS >= 1.0        MM                MM      MM       MM
GREATEST
 SNOW DEPTH        MM                                 MM  MM
 24 HR TOTAL       MM                                 MM

DEGREE_DAYS
HEATING TOTAL     825              1040    -215     1002
 SINCE 7/1       1638              2085    -447     1677
COOLING TOTAL       0                 0       0        0
 SINCE 1/1        201               142      59      187
.................................................................

WIND (MPH)
AVERAGE WIND SPEED              4.7
HIGHEST WIND SPEED/DIRECTION    31/230    DATE  11/16
HIGHEST GUST SPEED/DIRECTION    48/220    DATE  11/16

SKY COVER
POSSIBLE SUNSHINE (PERCENT)   MM
AVERAGE SKY COVER           0.30
NUMBER OF DAYS FAIR           17
NUMBER OF DAYS PC              7
NUMBER OF DAYS CLOUDY          6

AVERAGE RH (PERCENT)     60

WEATHER CONDITIONS. NUMBER OF DAYS WITH
THUNDERSTORM              2     MIXED PRECIP               0
HEAVY RAIN                2     RAIN                       1
LIGHT RAIN                7     FREEZING RAIN              0
LT FREEZING RAIN          0     HAIL                       0
HEAVY SNOW                0     SNOW                       2
LIGHT SNOW                8     SLEET                      0
FOG                      12     FOG W/VIS <= 1/4 MILE      1
HAZE                      0

-  INDICATES NEGATIVE NUMBERS.
R  INDICATES RECORD WAS SET OR TIED.
MM INDICATES DATA IS MISSING.
T  INDICATES TRACE AMOUNT.

$$
