609
CXUS55 KABQ 011743
CLMCAO


CLIMATE REPORT
NATIONAL WEATHER SERVICE ALBUQUERQUE NM
1120 AM MDT SAT JUL 1 2017

...................................

...THE CLAYTON  NM CLIMATE SUMMARY FOR THE MONTH OF JUNE 2017...

CLIMATE NORMAL PERIOD 1981 TO 2010
CLIMATE RECORD PERIOD 1896 TO 2017

WEATHER         OBSERVED          NORMAL  DEPART  LAST YEAR`S
                 VALUE   DATE(S)  VALUE   FROM    VALUE  DATE(S)
                                          NORMAL
................................................................
TEMPERATURE (F)
RECORD
 HIGH             105   06/27/1924
 LOW               31   06/02/1919
HIGHEST           101   06/22        MM      MM       99  06/17
LOWEST             49   06/15        MM      MM       50  06/05
                        06/07                             06/02
AVG. MAXIMUM     87.3              84.6     2.7     88.3
AVG. MINIMUM     55.4              56.1    -0.7     58.1
MEAN             71.3              70.4     0.9     73.2
DAYS MAX >= 90     14               8.4     5.6       13
DAYS MAX <= 32      0               0.0     0.0        0
DAYS MIN <= 32      0               0.0     0.0        0
DAYS MIN <= 0       0               0.0     0.0        0

PRECIPITATION (INCHES)
RECORD
 MAXIMUM           MM   MM
 MINIMUM           MM   MM
TOTALS           0.69              2.13   -1.44     4.01
DAILY AVG.       0.02              0.07   -0.05     0.13
DAYS >= .01         7               7.7    -0.7       10
DAYS >= .10         2               4.7    -2.7        5
DAYS >= .50         0               1.3    -1.3        2
DAYS >= 1.00        0               0.4    -0.4        1
GREATEST
 24 HR. TOTAL    0.34   06/25 TO 06/25              1.91

SNOWFALL (INCHES)
RECORDS
 TOTAL             MM   MM
TOTALS            0.0               0.0     0.0      0.0
SINCE 7/1        25.3              28.0    -2.7     25.5
SNOWDEPTH AVG.      0                MM      MM        0
DAYS >= 1.0         0               0.0     0.0        0
GREATEST
 SNOW DEPTH         0   MM                             0  MM
 24 HR TOTAL      0.0   06/30 TO 06/30               0.0

DEGREE_DAYS
HEATING TOTAL       2                23     -21        7
 SINCE 7/1       4014              4884    -870     4315
COOLING TOTAL     198               183      15      261
 SINCE 1/1        230               234      -4      280
.................................................................

WIND (MPH)
AVERAGE WIND SPEED              11.5
HIGHEST WIND SPEED/DIRECTION    39/130    DATE  06/26
HIGHEST GUST SPEED/DIRECTION    48/340    DATE  06/25

SKY COVER
AVERAGE SKY COVER           0.10

AVERAGE RH (PERCENT)     54

WEATHER CONDITIONS. NUMBER OF DAYS WITH
THUNDERSTORM              0     MIXED PRECIP               0
HEAVY RAIN                2     RAIN                       5
LIGHT RAIN                9     FREEZING RAIN              0
LT FREEZING RAIN          0     HAIL                       0
HEAVY SNOW                0     SNOW                       0
LIGHT SNOW                0     SLEET                      0
FOG                       3     FOG W/VIS <= 1/4 MILE      1
HAZE                      1

-  INDICATES NEGATIVE NUMBERS.
R  INDICATES RECORD WAS SET OR TIED.
MM INDICATES DATA IS MISSING.
T  INDICATES TRACE AMOUNT.

$$
