505
CXUS55 KABQ 011543
CLMCAO

ABQCLMCAO 000
TTAA00 KABQ 011539


CLIMATE REPORT
NATIONAL WEATHER SERVICE ALBUQUERQUE NM
838 AM MST FRI DEC 1 2017

...................................

...THE CLAYTON  NM CLIMATE SUMMARY FOR THE MONTH OF NOVEMBER 2017...

CLIMATE NORMAL PERIOD 1981 TO 2010
CLIMATE RECORD PERIOD 1896 TO 2017

WEATHER         OBSERVED          NORMAL  DEPART  LAST YEAR`S
                 VALUE   DATE(S)  VALUE   FROM    VALUE  DATE(S)
                                          NORMAL
................................................................
TEMPERATURE (F)
RECORD
 HIGH              86   11/08/2006
 LOW              -10   11/27/1976
HIGHEST            80   11/27        MM      MM       78  11/15
                        11/24
                        11/14
LOWEST             21   11/19        MM      MM       19  11/30
AVG. MAXIMUM     65.0              57.2     7.8     61.9
AVG. MINIMUM     33.3              30.0     3.3     34.5
MEAN             49.2              43.6     5.6     48.2
DAYS MAX >= 90      0               0.0     0.0        0
DAYS MAX <= 32      0               0.8    -0.8        0
DAYS MIN <= 32     17              17.6    -0.6       14
DAYS MIN <= 0       0               0.0     0.0        0

PRECIPITATION (INCHES)
RECORD
 MAXIMUM           MM   MM
 MINIMUM           MM   MM
TOTALS           0.08              0.45   -0.37     1.50
DAILY AVG.       0.00              0.01   -0.01     0.05
DAYS >= .01         2               3.3    -1.3        3
DAYS >= .10         0               1.2    -1.2        2
DAYS >= .50         0               0.2    -0.2        2
DAYS >= 1.00        0               0.0     0.0        0
GREATEST
 24 HR. TOTAL    0.04   11/28 TO 11/28              0.89

SNOWFALL (INCHES)
RECORDS
 TOTAL             MM   MM
TOTALS            0.5               3.0    -2.5      0.0
SINCE 7/1         0.5               4.1    -3.6        T
SNOWDEPTH AVG.      0                MM      MM        0
DAYS >= 1.0         0               1.1    -1.1        0
GREATEST
 SNOW DEPTH         0   MM                             0  MM
 24 HR TOTAL      0.5   11/07 TO 11/07               0.0

DEGREE_DAYS
HEATING TOTAL     469               642    -173      497
 SINCE 7/1        885              1052    -167      668
COOLING TOTAL       0                 0       0        0
 SINCE 1/1        827               909     -82     1115
.................................................................

WIND (MPH)
AVERAGE WIND SPEED              11.9
HIGHEST WIND SPEED/DIRECTION    39/010    DATE  11/28
HIGHEST GUST SPEED/DIRECTION    49/250    DATE  11/17

SKY COVER
AVERAGE SKY COVER           0.10

AVERAGE RH (PERCENT)     53

WEATHER CONDITIONS. NUMBER OF DAYS WITH
THUNDERSTORM              0     MIXED PRECIP               0
HEAVY RAIN                0     RAIN                       0
LIGHT RAIN                1     FREEZING RAIN              0
LT FREEZING RAIN          0     HAIL                       0
HEAVY SNOW                0     SNOW                       0
LIGHT SNOW                3     SLEET                      0
FOG                       9     FOG W/VIS <= 1/4 MILE      3
HAZE                      1

-  INDICATES NEGATIVE NUMBERS.
R  INDICATES RECORD WAS SET OR TIED.
MM INDICATES DATA IS MISSING.
T  INDICATES TRACE AMOUNT.

$$
