000
CXUS54 KLUB 011157
CLMCDS


CLIMATE REPORT
NATIONAL WEATHER SERVICE LUBBOCK, TX
657 AM CDT FRI SEP 1 2017

...................................

...THE CHILDRESS CLIMATE SUMMARY FOR THE MONTH OF AUGUST 2017...

CLIMATE NORMAL PERIOD 1981 TO 2010
CLIMATE RECORD PERIOD 1893 TO 2017

WEATHER         OBSERVED          NORMAL  DEPART  LAST YEAR`S
                 VALUE   DATE(S)  VALUE   FROM    VALUE  DATE(S)
                                          NORMAL
................................................................
TEMPERATURE (F)
RECORD
 HIGH             115   08/02/1944
 LOW               52   08/26/2010
HIGHEST            99   08/05                        102  08/07
                                                          08/04
                                                          08/03
LOWEST             59   08/31                         62  08/22
AVG. MAXIMUM     89.4              94.7    -5.3     92.6
AVG. MINIMUM     68.6              69.4    -0.8     69.6
MEAN             79.0              82.1    -3.1     81.1

PRECIPITATION (INCHES)
RECORD
 MAXIMUM           MM   MM
 MINIMUM           MM   MM
TOTALS           2.87              2.62    0.25     4.53
DAILY AVG.       0.09              0.08    0.01
DAYS >= .01        12                                 14
DAYS >= .10         8                                  9
DAYS >= .50         2                                  3
DAYS >= 1.00        0                                  1
GREATEST
 24 HR. TOTAL    0.70   08/13 TO 08/13

DEGREE_DAYS
HEATING TOTAL       0                 0       0        0
 SINCE 7/1          0                 0       0
COOLING TOTAL     442               529     -87      489
 SINCE 1/1       1894              1831      63
.................................................................

WIND (MPH)
AVERAGE WIND SPEED              7.2
HIGHEST WIND SPEED/DIRECTION    33/330    DATE  08/06
HIGHEST GUST SPEED/DIRECTION    41/120    DATE  08/13

SKY COVER
POSSIBLE SUNSHINE (PERCENT)   MM
AVERAGE SKY COVER           0.30
NUMBER OF DAYS FAIR           21
NUMBER OF DAYS PC              7
NUMBER OF DAYS CLOUDY          3

AVERAGE RH (PERCENT)     67

WEATHER CONDITIONS. NUMBER OF DAYS WITH
THUNDERSTORM              0     MIXED PRECIP               0
HEAVY RAIN                8     RAIN                       8
LIGHT RAIN               13     FREEZING RAIN              0
LT FREEZING RAIN          0     HAIL                       0
HEAVY SNOW                0     SNOW                       0
LIGHT SNOW                0     SLEET                      0
FOG                      15     FOG W/VIS <= 1/4 MILE      2
HAZE                      1

-  INDICATES NEGATIVE NUMBERS.
R  INDICATES RECORD WAS SET OR TIED.
MM INDICATES DATA IS MISSING.
T  INDICATES TRACE AMOUNT.

$$
