249
CXUS54 KMRX 050328
CLMCHA


CLIMATE REPORT
NATIONAL WEATHER SERVICE MORRISTOWN TN
1128 PM EDT TUE APR 4 2017

...................................

...THE CHATTANOOGA  ASOS CLIMATE SUMMARY FOR THE MONTH OF MARCH 2017...

CLIMATE NORMAL PERIOD 1981 TO 2010
CLIMATE RECORD PERIOD 1879 TO 2017

WEATHER         OBSERVED          NORMAL  DEPART
                 VALUE   DATE(S)  VALUE   FROM
                                          NORMAL
................................................
TEMPERATURE (F)
HIGHEST            84   03/21
LOWEST             24   03/16
AVG. MAXIMUM     66.1              63.7     2.4
AVG. MINIMUM     43.4              40.7     2.7
MEAN             54.8              52.2     2.6
DAYS MAX >= 90      0
DAYS MAX <= 32      0
DAYS MIN <= 32      5
DAYS MIN <= 0       0

PRECIPITATION (INCHES)
RECORD
 MAXIMUM        16.32   1980
 MINIMUM         0.93   1910
TOTALS           4.13              4.98   -0.85
DAYS >= .01        15
DAYS >= .10         9
DAYS >= .50         3
DAYS >= 1.00        1
GREATEST
 24 HR. TOTAL    1.13   03/27 TO 03/27

SNOWFALL (INCHES)
TOTALS              T               1.2    -1.2
SINCE 7/1         0.3
SNOWDEPTH AVG.      0
DAYS >= TRACE       2
GREATEST
 SNOW DEPTH         0   MM

DEGREE_DAYS
HEATING TOTAL     328               404     -76
 SINCE 7/1       2139              3026    -887
COOLING TOTAL      19                 7      12
 SINCE 1/1         19                 7      12
.................................................



-  INDICATES NEGATIVE NUMBERS.
R  INDICATES RECORD WAS SET OR TIED.
MM INDICATES DATA IS MISSING.
T  INDICATES TRACE AMOUNT.

$$
