000
CXUS54 KHGX 011550
CLMCLL

CLIMATE REPORT
NATIONAL WEATHER SERVICE HOUSTON/GALVESTON TX
945 AM CST SUN JAN 1 2017

...................................

...THE COLLEGE STATION CLIMATE SUMMARY FOR THE MONTH OF DECEMBER 2016...

CLIMATE NORMAL PERIOD 1981 TO 2010
CLIMATE RECORD PERIOD 1902 TO 2016

WEATHER         OBSERVED          NORMAL  DEPART  LAST YEAR`S
                 VALUE   DATE(S)  VALUE   FROM    VALUE  DATE(S)
                                          NORMAL
................................................................
TEMPERATURE (F)
RECORD
 HIGH              89   12/01/1922
 LOW                2   12/23/1989
HIGHEST            82   12/28                         80  12/23
                                                          12/11
LOWEST             22   12/19                         34  12/18
AVG. MAXIMUM     64.1              62.3     1.8     68.1
AVG. MINIMUM     47.6              42.2     5.4     47.2
MEAN             55.9              52.2     3.7     57.6
DAYS MAX >= 90      0               0.0     0.0        0
DAYS MAX <= 32      0               0.3    -0.3        0
DAYS MIN <= 32      3               4.8    -1.8        0
DAYS MIN <= 0       0               0.0     0.0        0

PRECIPITATION (INCHES)
RECORD
 MAXIMUM        12.66   1913
 MINIMUM         0.10   1950
TOTALS           2.77              3.23   -0.46     8.08
DAILY AVG.       0.09              0.10   -0.01     0.26
DAYS >= .01         8               8.8    -0.8        8
DAYS >= .10         5               5.1    -0.1        3
DAYS >= .50         3               2.1     0.9        3
DAYS >= 1.00        1               0.9     0.1        3
GREATEST
 24 HR. TOTAL    1.65   12/02 TO 12/03

SNOWFALL (INCHES)
RECORDS
 TOTAL              T   2009
TOTALS            0.0               0.0     0.0      0.0
SINCE 7/1         0.0               0.0     0.0      0.0
SNOWDEPTH AVG.      0                                  0
DAYS >= 1.0         0               0.0     0.0        0
GREATEST
 SNOW DEPTH         0                                  0
 24 HR TOTAL      0.0   12/31 TO 12/31

DEGREE_DAYS
HEATING TOTAL     319               411     -92      255
 SINCE 7/1        388               636    -248      402
COOLING TOTAL      44                16      28       36
 SINCE 1/1       3334              3089     245     3243
.................................................................

WIND (MPH)
AVERAGE WIND SPEED              9.3
HIGHEST WIND SPEED/DIRECTION    32/340    DATE  12/17
HIGHEST GUST SPEED/DIRECTION    40/340    DATE  12/17

SKY COVER
AVERAGE SKY COVER           0.70

AVERAGE RH (PERCENT)     72

WEATHER CONDITIONS. NUMBER OF DAYS WITH
THUNDERSTORM              1     MIXED PRECIP               0
HEAVY RAIN                4     RAIN                       3
LIGHT RAIN               16     FREEZING RAIN              0
LT FREEZING RAIN          0     HAIL                       0
HEAVY SNOW                0     SNOW                       0
LIGHT SNOW                0     SLEET                      0
FOG                      19     FOG W/VIS <= 1/4 MILE      1
HAZE                      4

-  INDICATES NEGATIVE NUMBERS.
R  INDICATES RECORD WAS SET OR TIED.
MM INDICATES DATA IS MISSING.
T  INDICATES TRACE AMOUNT.

$$
