000
CXUS54 KHGX 021848
CLMCLL

CLIMATE REPORT
NATIONAL WEATHER SERVICE HOUSTON/GALVESTON TX
147 PM CDT THU JUL 2 2015

...................................

...THE COLLEGE STATION CLIMATE SUMMARY FOR THE MONTH OF JUNE 2015...

CLIMATE NORMAL PERIOD 1981 TO 2010
CLIMATE RECORD PERIOD 1902 TO 2015

WEATHER         OBSERVED          NORMAL  DEPART  LAST YEAR`S
                 VALUE   DATE(S)  VALUE   FROM    VALUE  DATE(S)
                                          NORMAL
................................................................
TEMPERATURE (F)
RECORD
 HIGH             107   06/14/1998
 LOW               63   06/05/2009

HIGHEST            94   06/12        MM      MM       94  06/30
                                                          06/29
                                                          06/18
LOWEST             66   06/01        MM      MM       67  06/11

AVG. MAXIMUM     90.2              91.7    -1.5     90.8
AVG. MINIMUM     73.0              72.7     0.3     74.0
MEAN             81.6              82.2    -0.6     82.4

DAYS MAX >= 90     22              21.0     1.0       24
DAYS MAX <= 32      0               0.0     0.0        0
DAYS MIN <= 32      0               0.0     0.0        0
DAYS MIN <= 0       0               0.0     0.0        0

PRECIPITATION (INCHES)
RECORD
 MAXIMUM        15.03   1905
 MINIMUM            T   2009
                        1998

TOTALS           5.21              4.45    0.76     1.61
DAILY AVG.       0.17              0.15    0.02     0.05

DAYS >= .01        10               8.5     1.5       10
DAYS >= .10         8               6.0     2.0        4
DAYS >= .50         3               3.0     0.0        0
DAYS >= 1.00        1               1.4    -0.4        0

GREATEST
 24 HR. TOTAL    2.43   06/16 TO 06/16

DEGREE_DAYS
HEATING TOTAL       0                 0       0        0
 SINCE 7/1       1768              1608     160     2064
COOLING TOTAL     505               516     -11      527
 SINCE 1/1       1076              1104     -28     1014
.................................................................

WIND (MPH)
AVERAGE WIND SPEED              6.7
HIGHEST WIND SPEED/DIRECTION    36/110    DATE  06/17
HIGHEST GUST SPEED/DIRECTION    46/090    DATE  06/16

SKY COVER
AVERAGE SKY COVER           0.30

AVERAGE RH (PERCENT)     73

WEATHER CONDITIONS. NUMBER OF DAYS WITH
THUNDERSTORM              9     MIXED PRECIP               0
HEAVY RAIN                6     RAIN                       6
LIGHT RAIN               10     FREEZING RAIN              0
LT FREEZING RAIN          0     HAIL                       0
HEAVY SNOW                0     SNOW                       0
LIGHT SNOW                0     SLEET                      0
FOG                      13     FOG W/VIS <= 1/4 MILE      0
HAZE                      2

-  INDICATES NEGATIVE NUMBERS.
R  INDICATES RECORD WAS SET OR TIED.
MM INDICATES DATA IS MISSING.
T  INDICATES TRACE AMOUNT.

$$
