000
CXUS51 KILN 011520
CLMCMH

CLIMATE REPORT
NATIONAL WEATHER SERVICE WILMINGTON OH
756 AM EST WED FEB 1 2017

...................................

...THE COLUMBUS CLIMATE SUMMARY FOR THE MONTH OF JANUARY 2017...

CLIMATE NORMAL PERIOD 1981 TO 2010
CLIMATE RECORD PERIOD 1869 TO 2017

WEATHER         OBSERVED          NORMAL  DEPART  LAST YEAR`S
                 VALUE   DATE(S)  VALUE   FROM    VALUE  DATE(S)
                                          NORMAL
................................................................
TEMPERATURE (F)
RECORD
 HIGH              74   01/25/1950
 LOW              -22   01/19/1994
HIGHEST            67   01/12        36      31       60  01/31
LOWEST              6   01/07        20     -14        2  01/13
AVG. MAXIMUM     43.5              36.5     7.0     36.7
AVG. MINIMUM     30.1              22.6     7.5     20.1
MEAN             36.8              29.6     7.2     28.4
DAYS MAX >= 90      0               0.0     0.0        0
DAYS MAX <= 32      6              10.8    -4.8       14
DAYS MIN <= 32     18              23.9    -5.9       28
DAYS MIN <= 0       0               1.4    -1.4        0

PRECIPITATION (INCHES)
TOTALS           2.83              2.73    0.10     1.12
DAILY AVG.       0.09              0.09    0.00     0.04
DAYS >= .01        18              14.0     4.0       11
DAYS >= .10         7               6.0     1.0        4
DAYS >= .50         2               1.4     0.6        0
DAYS >= 1.00        0               0.4    -0.4        0
GREATEST
 24 HR. TOTAL    0.80   01/03 TO 01/03           01/09 TO 01/10
                                                          01/12 TO 01/12
                                                          01/12 TO 01/12
 STORM TOTAL       MM                                 MM
 (MM/DD(HH))            MM                    01/10(00) TO 01/10(00)
                                                 01/12(00) TO 01/12(00)2
                                                 01/12(00) TO 01/12(00)2

SNOWFALL (INCHES)
TOTALS            1.6               9.2    -7.6      5.4
SINCE 7/1         7.0              15.3    -8.3      5.4
DAYS >= TRACE      11               9.1     1.9       13
DAYS >= 1.0         0               2.7    -2.7        3
GREATEST
 24 HR TOTAL      0.9   MM                       01/12 TO 01/12
                                                          01/12 TO 01/12
                                                          01/12 TO 01/12
 STORM TOTAL       MM                                 MM
 (MM/DD(HH))            MM                    01/12(00) TO 01/12(00)
                                                 01/12(00) TO 01/12(00)2
                                                 01/12(00) TO 01/12(00)2

DEGREE_DAYS
HEATING TOTAL     867              1101    -234     1126
 SINCE 7/1       2634              3092    -458     2555
COOLING TOTAL       0                 0       0        0
 SINCE 1/1          0                 0       0        0
...................................................

WIND (MPH)
AVERAGE WIND SPEED              9.9
RESULTANT WIND SPEED/DIRECTION   4/250
HIGHEST WIND SPEED/DIRECTION    31/320    DATE  01/12
HIGHEST GUST SPEED/DIRECTION    41/260    DATE  01/31

SKY COVER
AVERAGE SKY COVER           0.90

AVERAGE RH (PERCENT)     75

WEATHER CONDITIONS. NUMBER OF DAYS WITH
THUNDERSTORM              0     MIXED PRECIP               0
HEAVY RAIN                3     RAIN                       6
LIGHT RAIN               18     FREEZING RAIN              0
LT FREEZING RAIN          2     HAIL                       0
HEAVY SNOW                0     SNOW                       2
LIGHT SNOW               11     SLEET                      1
FOG                      19     FOG W/VIS <= 1/4 MILE      1
HAZE                      8

-  INDICATES NEGATIVE NUMBERS.
R  INDICATES RECORD WAS SET OR TIED.
MM INDICATES DATA IS MISSING.
T  INDICATES TRACE AMOUNT.

$$
