000
CXUS53 KTOP 011533 CCA
CLMCNK

CLIMATE REPORT
NATIONAL WEATHER SERVICE TOPEKA KS...CORRECTION
947 AM CDT FRI SEP 1 2017

...................................

...THE CONCORDIA KS CLIMATE SUMMARY FOR THE MONTH OF AUGUST 2017...

CLIMATE NORMAL PERIOD 1981 TO 2010
CLIMATE RECORD PERIOD 1885 TO 2017

WEATHER         OBSERVED          NORMAL  DEPART  LAST YEAR`S
                 VALUE   DATE(S)  VALUE   FROM    VALUE
                                          NORMAL
.............................................................
TEMPERATURE (F)
RECORD
 HIGH             116   08/12/1936
 LOW               41   08/23/1891
HIGHEST            94   08/20        91       3       98
LOWEST             51   08/23        68     -17       57
AVG. MAXIMUM     83.7              88.6    -4.9     86.3
AVG. MINIMUM     60.7              65.5    -4.8     66.1
MEAN             72.2              77.1    -4.9     76.2
DAYS MAX >= 90      5              13.2    -8.2       12
DAYS MAX <= 32      0               0.0     0.0        0
DAYS MIN <= 32      0               0.0     0.0        0
DAYS MIN <= 0       0               0.0     0.0        0

PRECIPITATION (INCHES)
RECORD
 MAXIMUM        10.72   1977
 MINIMUM         0.30   1947
TOTALS           3.39              3.14    0.25     6.01
DAILY AVG.       0.11              0.10    0.01     0.19
DAYS >= .01         6               8.5    -2.5       13
DAYS >= .10         5               5.8    -0.8        9
DAYS >= .50         3               2.0     1.0        4
DAYS >= 1.00        1               0.7     0.3        3
GREATEST
 24 HR. TOTAL    1.23   08/16 TO 08/16              1.46

SNOWFALL (INCHES)
RECORDS
 TOTAL              T   1954
TOTALS            0.0               0.0     0.0      0.0
SINCE 7/1         0.0               0.0     0.0      0.0
SNOWDEPTH AVG.      0                                  0
DAYS >= 1.0         0               0.0     0.0        0
GREATEST
 SNOW DEPTH         0   MM                             0
 24 HR TOTAL      0.0   08/31 TO 08/31               0.0

DEGREE_DAYS
HEATING TOTAL       0                 3      -3        0
 SINCE 7/1          0                 3      -3        1
COOLING TOTAL     230               376    -146      355
 SINCE 1/1       1138              1166     -28     1282
..............................................................

WIND (MPH)
AVERAGE WIND SPEED              7.5
HIGHEST WIND SPEED/DIRECTION    51/320    DATE  08/16
HIGHEST GUST SPEED/DIRECTION    67/310    DATE  08/16

SKY COVER
POSSIBLE SUNSHINE (PERCENT)   MM
AVERAGE SKY COVER           0.20
NUMBER OF DAYS FAIR           25
NUMBER OF DAYS PC              4
NUMBER OF DAYS CLOUDY          2

AVERAGE RH (PERCENT)     74

WEATHER CONDITIONS. NUMBER OF DAYS WITH
THUNDERSTORM              5     MIXED PRECIP               0
HEAVY RAIN                4     RAIN                       5
LIGHT RAIN                7     FREEZING RAIN              0
LT FREEZING RAIN          0     HEAVY SNOW                 0
SNOW                      0     LIGHT SNOW                 0
FOG                      15     FOG W/VIS <= 1/4 MILE      4
HAZE                      7

-  INDICATES NEGATIVE NUMBERS.
R  INDICATES RECORD WAS SET OR TIED.
MM INDICATES DATA IS MISSING.
T  INDICATES TRACE AMOUNT.

$$
