000
CXUS53 KTOP 011429
CLMCNK


CLIMATE REPORT
NATIONAL WEATHER SERVICE TOPEKA KS
819 AM CST SUN MAR 1 2015

...................................

...THE CONCORDIA KS CLIMATE SUMMARY FOR THE MONTH OF FEBRUARY 2015...

CLIMATE NORMAL PERIOD 1981 TO 2010
CLIMATE RECORD PERIOD 1885 TO 2015

WEATHER         OBSERVED          NORMAL  DEPART  LAST YEAR`S
                 VALUE   DATE(S)  VALUE   FROM    VALUE
                                          NORMAL
.............................................................
TEMPERATURE (F)
RECORD
 HIGH              81   02/28/1972
 LOW              -25   02/12/1899
HIGHEST            73   02/07        48      25       72
LOWEST             -2   02/02        19     -21       -7
AVG. MAXIMUM     39.5              43.3    -3.8     36.0
AVG. MINIMUM     15.7              22.2    -6.5     16.5
MEAN             27.6              32.7    -5.1     26.3
DAYS MAX >= 90      0               0.0     0.0        0
DAYS MAX <= 32     10               6.2     3.8       13
DAYS MIN <= 32     26              22.5     3.5       27
DAYS MIN <= 0       1               1.3    -0.3        1

PRECIPITATION (INCHES)
RECORD
 MAXIMUM         3.19   1911
 MINIMUM         0.00   1996
TOTALS           0.35              0.79   -0.44     0.76
DAILY AVG.       0.01              0.03   -0.02     0.03
DAYS >= .01         5               5.1    -0.1        5
DAYS >= .10         1               2.2    -1.2        2
DAYS >= .50         0               0.4    -0.4        1
DAYS >= 1.00        0               0.1    -0.1        0
GREATEST
 24 HR. TOTAL    0.95   01/31 TO 02/01              0.52

SNOWFALL (INCHES)
RECORDS
 TOTAL           22.0   1960
TOTALS            3.3               4.7    -1.4      9.1
SINCE 7/1        11.7              16.9    -5.2     21.0
SNOWDEPTH AVG.      0                                  3
DAYS >= 1.0         1               1.5    -0.5        2
GREATEST
 SNOW DEPTH         1   02/03                          8
                        02/02
                        02/01
 24 HR TOTAL      1.6   MM                           5.6

DEGREE_DAYS
HEATING TOTAL    1042               903     139     1077
 SINCE 7/1       4207              4207       0     4482
COOLING TOTAL       0                 0       0        0
 SINCE 1/1          0                 0       0        0
..............................................................

WIND (MPH)
AVERAGE WIND SPEED              10.3
HIGHEST WIND SPEED/DIRECTION    35/340    DATE  02/01
HIGHEST GUST SPEED/DIRECTION   124/150    DATE  02/03

SKY COVER
POSSIBLE SUNSHINE (PERCENT)   MM
AVERAGE SKY COVER           0.30
NUMBER OF DAYS FAIR           14
NUMBER OF DAYS PC             11
NUMBER OF DAYS CLOUDY          3

AVERAGE RH (PERCENT)     68

WEATHER CONDITIONS. NUMBER OF DAYS WITH
THUNDERSTORM              0     MIXED PRECIP               0
HEAVY RAIN                0     RAIN                       0
LIGHT RAIN                2     FREEZING RAIN              0
LT FREEZING RAIN          0     HEAVY SNOW                 1
SNOW                      4     LIGHT SNOW                 8
FOG                      10     FOG W/VIS <= 1/4 MILE      2
HAZE                      4

-  INDICATES NEGATIVE NUMBERS.
R  INDICATES RECORD WAS SET OR TIED.
MM INDICATES DATA IS MISSING.
T  INDICATES TRACE AMOUNT.

$$
