597
CXUS53 KTOP 011714
CLMCNK


CLIMATE REPORT
NATIONAL WEATHER SERVICE TOPEKA KS
1114 AM CST MON JAN 1 2018

...................................

...THE CONCORDIA KS CLIMATE SUMMARY FOR THE MONTH OF DECEMBER 2017...

CLIMATE NORMAL PERIOD 1981 TO 2010
CLIMATE RECORD PERIOD 1885 TO 2017

WEATHER         OBSERVED          NORMAL  DEPART  LAST YEAR`S
                 VALUE   DATE(S)  VALUE   FROM    VALUE
                                          NORMAL
.............................................................
TEMPERATURE (F)
RECORD
 HIGH              82   12/23/1964
 LOW              -26   12/22/1989
HIGHEST            68   12/03        44      24       64
LOWEST             -7   12/31        18     -25      -12
                        12/27
AVG. MAXIMUM     42.1              39.5     2.6     39.3
AVG. MINIMUM     20.4              20.5    -0.1     18.8
MEAN             31.2              30.0     1.2     29.1
DAYS MAX >= 90      0               0.0     0.0        0
DAYS MAX <= 32     10               8.8     1.2       10
DAYS MIN <= 32     28              27.8     0.2       29
DAYS MIN <= 0       2               1.5     0.5        2

PRECIPITATION (INCHES)
RECORD
 MAXIMUM         3.91   1913
 MINIMUM            T   1976
                        1922
                        1901
TOTALS           0.13              0.85   -0.72     0.93
DAILY AVG.       0.00              0.03   -0.03     0.03
DAYS >= .01         4               5.1    -1.1        6
DAYS >= .10         0               2.3    -2.3        2
DAYS >= .50         0               0.4    -0.4        0
DAYS >= 1.00        0               0.1    -0.1        0
GREATEST
 24 HR. TOTAL    0.08   12/24 TO 12/24              0.45

SNOWFALL (INCHES)
RECORDS
 TOTAL           21.1   2009
TOTALS            1.8               3.8    -2.0      2.2
SINCE 7/1         1.8               6.5    -4.7      2.2
SNOWDEPTH AVG.      0                                  0
DAYS >= 1.0         1               1.4    -0.4        1
GREATEST
 SNOW DEPTH         1   12/27                          2
                        12/26
                        12/25
 24 HR TOTAL      1.3   12/24 TO 12/24               1.8

DEGREE_DAYS
HEATING TOTAL    1036              1085     -49     1104
 SINCE 7/1       1973              2177    -204     1801
COOLING TOTAL       0                 0       0        0
 SINCE 1/1       1370              1349      21     1540
..............................................................

WIND (MPH)
AVERAGE WIND SPEED              11.0
HIGHEST WIND SPEED/DIRECTION    38/310    DATE  12/04
HIGHEST GUST SPEED/DIRECTION    52/310    DATE  12/04

SKY COVER
POSSIBLE SUNSHINE (PERCENT)   MM
AVERAGE SKY COVER           0.30
NUMBER OF DAYS FAIR           18
NUMBER OF DAYS PC             11
NUMBER OF DAYS CLOUDY          2

AVERAGE RH (PERCENT)     63

WEATHER CONDITIONS. NUMBER OF DAYS WITH
THUNDERSTORM              0     MIXED PRECIP               0
HEAVY RAIN                0     RAIN                       0
LIGHT RAIN                2     FREEZING RAIN              0
LT FREEZING RAIN          0     HEAVY SNOW                 0
SNOW                      0     LIGHT SNOW                 6
FOG                       6     FOG W/VIS <= 1/4 MILE      0
HAZE                      3

-  INDICATES NEGATIVE NUMBERS.
R  INDICATES RECORD WAS SET OR TIED.
MM INDICATES DATA IS MISSING.
T  INDICATES TRACE AMOUNT.

$$
