601
CXUS53 KICT 030250 AAA
CLMCNU

CLIMATE REPORT...ADDED NARRATIVE AT BOTTOM
NATIONAL WEATHER SERVICE WICHITA KS
850 PM CST TUE FEB 2 2016

...................................

...THE CHANUTE KS CLIMATE SUMMARY FOR THE MONTH OF JANUARY 2016...

CLIMATE NORMAL PERIOD 1981 TO 2010
CLIMATE RECORD PERIOD 1894 TO 2016

WEATHER         OBSERVED          NORMAL  DEPART  LAST YEAR`S
                 VALUE   DATE(S)  VALUE   FROM    VALUE  DATE(S)
                                          NORMAL
................................................................
TEMPERATURE (F)
RECORD
 HIGH              75   01/28/2015
                        01/28/2013
                        01/24/1950
 LOW              -23   01/30/1949
HIGHEST            71   01/29                         75  01/28
LOWEST              6   01/10                          2  01/08
                                                          01/07
AVG. MAXIMUM     43.0              42.2     0.8     46.4
AVG. MINIMUM     23.6              22.9     0.7     21.4
MEAN             33.3              32.6     0.7     33.9
DAYS MAX >= 90      0               0.0     0.0        0
DAYS MAX <= 32      8               6.6     1.4        5
DAYS MIN <= 32     27              25.4     1.6       28
DAYS MIN <= 0       0               0.9    -0.9        0

PRECIPITATION (INCHES)
RECORD
 MAXIMUM         6.43   1949
 MINIMUM         0.00   2009
                        1919
TOTALS           0.78              1.26   -0.48     0.63
DAILY AVG.       0.03              0.04   -0.01     0.02
DAYS >= .01         4               5.9    -1.9        4
DAYS >= .10         2               2.7    -0.7        2
DAYS >= .50         1               0.7     0.3        0
DAYS >= 1.00        0               0.3    -0.3        0
GREATEST
 24 HR. TOTAL    0.59   01/07 TO 01/08

DEGREE_DAYS
HEATING TOTAL     974              1006     -32      957
 SINCE 7/1       2329              2799    -470     2734
COOLING TOTAL       0                 0       0        0
.................................................................

WIND (MPH)
AVERAGE WIND SPEED              9.2
HIGHEST WIND SPEED/DIRECTION    25/280    DATE  01/25
HIGHEST GUST SPEED/DIRECTION    32/190    DATE  01/31

SKY COVER
POSSIBLE SUNSHINE (PERCENT)   MM
AVERAGE SKY COVER           0.40
NUMBER OF DAYS FAIR           17
NUMBER OF DAYS PC              6
NUMBER OF DAYS CLOUDY          8

AVERAGE RH (PERCENT)     72

WEATHER CONDITIONS. NUMBER OF DAYS WITH
THUNDERSTORM              0     MIXED PRECIP               0
HEAVY RAIN                1     RAIN                       2
LIGHT RAIN                2     FREEZING RAIN              0
LT FREEZING RAIN          1     HAIL                       0
HEAVY SNOW                0     SNOW                       0
LIGHT SNOW                3     SLEET                      0
FOG                      11     FOG W/VIS <= 1/4 MILE      0
HAZE                      6

-  INDICATES NEGATIVE NUMBERS.
R  INDICATES RECORD WAS SET OR TIED.
MM INDICATES DATA IS MISSING.
T  INDICATES TRACE AMOUNT.

&&

...JANUARY 2016 RELATIVELY DRY AND SNOW-FREE FOR MOST AREAS...

WHILE THE EASTERN U.S. WAS WALLOPED BY ONE OF THE FIVE WORST
BLIZZARDS IN HISTORY...JANUARY 2016 SAW VERY FEW SNOW EVENTS ACROSS
CENTRAL...SOUTH-CENTRAL AND SOUTHEAST KANSAS.

IN FACT...AS FAR AS THE "DEPARTMENT OF SNOW" WAS CONCERNED...THE
ONLY EVENT WORTHY OF MENTION OCCURRED ON THE 20TH AND 21ST...WHEN A
COUPLE OF "QUICK-HITTING" UPPER-LEVEL PERTURBATIONS SPRINTED EAST
ACROSS THE SOUTHERN AND CENTRAL PLAINS. THE ONLY SIGNIFICANT
SNOWFALL SUFFICIENT ENOUGH TO PROMPT WINTER WEATHER ADVISORIES
OCCURRED ACROSS CENTRAL KANSAS...WHERE 2 TO 5 INCHES WERE MEASURED
FROM THE EVENING OF THE 20TH TO THE MORNING OF THE 21ST. LINCOLN AND
RUSSELL COUNTIES RECEIVED THE GREATEST AMOUNTS...4 TO 5 INCHES. ALSO
CAUSING PROBLEMS WAS FREEZING DRIZZLE. ALTHOUGH THE GLAZING WAS
LIGHT...IT WAS SUFFICIENT TO CAUSE MANY ACCIDENTS...PRIMARILY IN
SOUTH-CENTRAL KANSAS.

DURING THE SNOW EVENT OF THE 20TH AND 21ST...ONE DAILY PRECIPITATION
RECORD WAS SET. ON THE 21ST...SALINA MEASURED 0.30 INCH WHICH BROKE
THE MARK OF 0.28 INCH SET IN 2007.

SO NEEDLESS TO SAY...MUCH OF THE AREA ENDED THE MONTH BELOW NORMAL
PRECIPITATION-WISE...WITH THE EXCEPTION OF PORTIONS OF NORTH-CENTRAL
KANSAS...WHERE JANUARY PRECIPITATION WAS AROUND 150 PERCENT OF
NORMAL.

AS IS OFTEN THE CASE DURING WINTERTIME IN KANSAS...THE DAY-TO-DAY
JANUARY TEMPERATURE GRAPH OFTEN LOOKED LIKE A ROLLER COASTER...WITH
SOME DAYS IN THE 20S AND 30S AND OTHERS IN THE 50S AND 60S. ON
AVERAGE THOUGH...MOST AREAS ACROSS THE EASTERN HALF OF KANSAS ENDED
THE MONTH NEAR TO SLIGHTLY ABOVE NORMAL TEMPERATURE-WISE...WITH WELL
ABOVE NORMAL AVERAGES OVER WESTERN KANSAS.

$$
