000
CXUS51 KGYX 021732
CLMCON

PWMCLMCON 000
TTAA00 KGYX 020001


CLIMATE REPORT
NATIONAL WEATHER SERVICE GRAY ME
131 PM EDT WED AUG 2 2017

...................................

...THE CONCORD NH CLIMATE SUMMARY FOR THE MONTH OF JULY 2017...

CLIMATE NORMAL PERIOD 1981 TO 2010
CLIMATE RECORD PERIOD 1868 TO 2017

WEATHER         OBSERVED          NORMAL  DEPART  LAST YEAR`S
                 VALUE   DATE(S)  VALUE   FROM    VALUE  DATE(S)
                                          NORMAL
................................................................
TEMPERATURE (F)
RECORD
 HIGH             102   07/03/1966
                        07/04/1911
 LOW               35   07/07/1965
HIGHEST            91   07/19        93      -2       97  07/22
LOWEST             46   07/30        45       1       47  07/03
AVG. MAXIMUM     82.0              82.3    -0.3     86.0
AVG. MINIMUM     58.0              57.7     0.3     59.0
MEAN             70.0              70.0     0.0     72.5
DAYS MAX >= 90      5               3.7     1.3       10
DAYS MAX <= 32      0               0.0     0.0        0
DAYS MIN <= 32      0               0.0     0.0        0
DAYS MIN <= 0       0               0.0     0.0        0

PRECIPITATION (INCHES)
RECORD
 MAXIMUM        10.29   1915
 MINIMUM         0.91   1910
TOTALS           1.21              3.74   -2.53     2.18
DAILY AVG.       0.04              0.12   -0.08     0.07
DAYS >= .01         8              10.9    -2.9        9
DAYS >= .10         3               6.4    -3.4        7
DAYS >= .50         0               2.5    -2.5        1
DAYS >= 1.00        0               1.0    -1.0        0
GREATEST
 24 HR. TOTAL    0.53   06/30 TO 07/01

SNOWFALL (INCHES)
RECORDS
 TOTAL            0.0
TOTALS            0.0               0.0     0.0      0.0
SINCE 7/1         0.0               0.0     0.0      0.0
SNOWDEPTH AVG.      0
DAYS >= TRACE       0               0.0     0.0        0
DAYS >= 1.0         0               0.0     0.0        0
GREATEST
 SNOW DEPTH         0
 24 HR TOTAL      0.0

DEGREE_DAYS
HEATING TOTAL      15                17      -2       11
 SINCE 7/1         15                17      -2       11
COOLING TOTAL     179               172       7      250
 SINCE 1/1        331               274      57      372
.................................................................

WIND (MPH)
AVERAGE WIND SPEED              4.3
HIGHEST WIND SPEED/DIRECTION    24/180    DATE  07/01
HIGHEST GUST SPEED/DIRECTION    35/190    DATE  07/01

SKY COVER
AVERAGE SKY COVER           0.30

AVERAGE RH (PERCENT)     71

WEATHER CONDITIONS. NUMBER OF DAYS WITH
THUNDERSTORM              2     HEAVY RAIN                 1
RAIN                      3     LIGHT RAIN                10
FREEZING RAIN             0     LT FREEZING RAIN           0
HEAVY SNOW                0     SNOW                       0
LIGHT SNOW                0     FOG                       17
FOG W/VIS <= 1/4 MILE     5     HAZE                       1

-  INDICATES NEGATIVE NUMBERS.
R  INDICATES RECORD WAS SET OR TIED.
MM INDICATES DATA IS MISSING.
T  INDICATES TRACE AMOUNT.

&&

JULY BEGAN WITH SOME WARM, SUMMER-LIKE TEMPERATURES AND MODERATE
HUMIDITY WHICH LASTED THROUGH INDEPENDENCE DAY. GRADUALLY, THOUGH,
MORE DRY AIR BEGAN MOVING INTO THE AREA ALONG WITH SOME COOLER
TEMPERATURES. THE SUMMER WARMTH RETURNED FOR THE MIDDLE OF THE
MONTH, WHEN CONCORD ENDURED A WEEK OF SUSTAINED WARMTH INCLUDING 3
STRAIGHT DAYS OF 90 DEGREES FROM THE 19TH THRU 21ST. THE SUMMER HEAT
BROKE WHEN A COLD FRONT CAME THROUGH ON THE 23RD, BRINGING
SIGNIFICANTLY COOLER WEATHER. JUST A FEW DAYS AFTER HITTING 90
DEGREES, CONCORD SAW A HIGH OF ONLY 61 DEGREES ON JULY 24 ALONG WITH
SOME RAINFALL. THIS WAS THE COLDEST JULY HIGH TEMPERATURE IN 25
YEARS (SINCE JULY 4, 1992). THE COOLER THAN NORMAL WEATHER CONTINUED
THROUGH MUCH OF THE REST OF THE MONTH.

THE AVERAGE TEMPERATURE FOR JULY WAS 70.0 DEGREES WHICH IS THE
NORMAL VALUE FOR THE MONTH AND THE COOLEST JULY SINCE 2009. THE
COLDEST JULY WAS IN 1969 WHEN THE AVERAGE TEMPERATURE WAS 65.4
DEGREES. THE WARMEST WAS IN 1872 WHEN THE AVERAGE TEMPERATURE WAS
75.2 DEGREES.

A TOTAL OF 1.21 INCHES OF PRECIPITATION FELL WHICH WAS 2.53 INCHES
BELOW NORMAL AND THE 8TH DRIEST JULY ON RECORD. THE HEAVIEST
PRECIPITATION FELL ON THE 24TH WHEN JUST UNDER HALF AN INCH OF RAIN
WAS OBSERVED. THE DRIEST JULY ON RECORD WAS IN 1910 WHEN ONLY 0.91
INCHES OF RAIN FELL. THE WETTEST WAS IN 1915 WHEN 10.29 INCHES FELL.
THE FOLLOWING TABLE LISTS THE DRIEST JULYS ON RECORD AT CONCORD.

LEAST PRECIPITATION IN JULY AT CONCORD (1868 TO PRESENT)...
RANK  PRECIP  YEAR
1       0.91  1910
2       0.96  1955
        0.96  1950
        0.96  1888
5       1.05  1973
6       1.08  1978
7       1.10  1929
8       1.21  2017 <===
9       1.22  2011
10      1.25  1913

NO DAILY RECORDS WERE SET OR TIED IN JULY 2017.

$$

KIMBLE
