000
CXUS51 KGYX 041523
CLMCON

PWMCLMCON 000
TTAA00 KGYX 030103


CLIMATE REPORT
NATIONAL WEATHER SERVICE GRAY ME
1122 AM EDT TUE AUG 4 2015

...................................

...THE CONCORD NH CLIMATE SUMMARY FOR THE MONTH OF JULY 2015...

CLIMATE NORMAL PERIOD 1981 TO 2010
CLIMATE RECORD PERIOD 1868 TO 2015

WEATHER         OBSERVED          NORMAL  DEPART  LAST YEAR`S
                 VALUE   DATE(S)  VALUE   FROM    VALUE  DATE(S)
                                          NORMAL
................................................................
TEMPERATURE (F)
RECORD
 HIGH             102   07/03/1966
                        07/04/1911
 LOW               35   07/07/1965
HIGHEST            96   07/29        93       3       92  07/02
LOWEST             48   07/17        45       3       49  07/25
                        07/16
AVG. MAXIMUM     83.4              82.3     1.1     82.3
AVG. MINIMUM     58.2              57.7     0.5     58.5
MEAN             70.8              70.0     0.8     70.4
DAYS MAX >= 90      6               3.7     2.3        3
DAYS MAX <= 32      0               0.0     0.0        0
DAYS MIN <= 32      0               0.0     0.0        0
DAYS MIN <= 0       0               0.0     0.0        0

PRECIPITATION (INCHES)
RECORD
 MAXIMUM        10.29   1915
 MINIMUM         0.91   1910
TOTALS           2.03              3.74   -1.71     7.49
DAILY AVG.       0.07              0.12   -0.05     0.24
DAYS >= .01        12              10.9     1.1       14
DAYS >= .10         2               6.4    -4.4       12
DAYS >= .50         1               2.5    -1.5        7
DAYS >= 1.00        1               1.0     0.0        2
GREATEST
 24 HR. TOTAL    1.24   07/01

SNOWFALL (INCHES)
RECORDS
 TOTAL            0.0
TOTALS            0.0               0.0     0.0      0.0
SINCE 7/1         0.0               0.0     0.0      0.0
SNOWDEPTH AVG.      0
DAYS >= TRACE       0               0.0     0.0        0
DAYS >= 1.0         0               0.0     0.0        0
GREATEST
 SNOW DEPTH         0
 24 HR TOTAL      0.0

DEGREE_DAYS
HEATING TOTAL       8                17      -9        0
 SINCE 7/1          8                17      -9        0
COOLING TOTAL     194               172      22      175
 SINCE 1/1        325               274      51      250
.................................................................

WIND (MPH)
AVERAGE WIND SPEED              4.6
HIGHEST WIND SPEED/DIRECTION    30/310    DATE  07/22
HIGHEST GUST SPEED/DIRECTION    40/300    DATE  07/22

SKY COVER
AVERAGE SKY COVER           0.30

AVERAGE RH (PERCENT)     69

WEATHER CONDITIONS. NUMBER OF DAYS WITH
THUNDERSTORM              3     HEAVY RAIN                 3
RAIN                      4     LIGHT RAIN                13
FREEZING RAIN             0     LT FREEZING RAIN           0
HEAVY SNOW                0     SNOW                       0
LIGHT SNOW                0     FOG                       22
FOG W/VIS <= 1/4 MILE     6     HAZE                       2

-  INDICATES NEGATIVE NUMBERS.
R  INDICATES RECORD WAS SET OR TIED.
MM INDICATES DATA IS MISSING.
T  INDICATES TRACE AMOUNT.

&&

JULY FEATURED A CONSTANT BATTLE BETWEEN WARM AND HUMID AIR MOVING IN
FROM THE SOUTHWEST AND COOLER AND DRIER AIR MOVING IN FROM THE
NORTH. THE WARM AIR WAS ABLE TO MOVE INTO CONCORD MORE FREQUENTLY
THAN IN AREAS FURTHER TO THE EAST, AND ON THE WHOLE THE MONTH
FINISHED SLIGHTLY ABOVE NORMAL. THE WARMEST WEATHER OCCURRED NEAR
THE END OF THE MONTH WHEN 3 STRAIGHT DAYS TOPPED 90 DEGREES
INCLUDING 96 DEGREES ON THE 29TH.

THE AVERAGE TEMPERATURE WAS 70.8 DEGREES WHICH WAS 0.8 DEGREES ABOVE
NORMAL. THE WARMEST JULY WAS 1872 WITH AN AVERAGE TEMPERATURE OF
75.0 DEGREES. THE COOLEST WAS 1969 AT 65.4 DEGREES.

A TOTAL OF 2.03 INCHES OF RAIN FELL WHICH WAS 1.71 INCHES BELOW
NORMAL AND THE DRIEST JULY SINCE 2011. THE HEAVIEST RAIN FELL ON
JULY 1 WHEN 1.24 INCHES WAS RECORDED. ALTHOUGH THERE WERE MORE DAYS
WITH RAIN THAN NORMAL, THERE WERE FEWER DAYS WITH SIGNIFICANT RAIN.
ONLY 2 DAYS IN THE MONTH RECORDED 0.10 INCHES OR HIGHER, TYING AS
THE FEWEST SUCH DAYS ON RECORD. THE LAST TIME ONLY 2 DAYS IN JULY
HAD 0.10 INCHES OR MORE WAS 1977. THE WETTEST JULY WAS 1915 WHEN
10.29 INCHES FELL. THE DRIEST WAS 1910 WITH ONLY 0.91 INCHES.

$$

KIMBLE
