000
CXUS55 KPUB 012039 CCA
CLMCOS

CLIMATE REPORT...CORRECTION
NATIONAL WEATHER SERVICE PUEBLO
833 AM MST WED MAR 1 2017

...................................

...THE COLORADO SPRINGS CO CLIMATE SUMMARY FOR THE MONTH OF FEBRUARY 2017...

CLIMATE NORMAL PERIOD 1981 TO 2010
CLIMATE RECORD PERIOD 1872 TO 2017

WEATHER         OBSERVED          NORMAL  DEPART  LAST YEAR`S
                 VALUE   DATE(S)  VALUE   FROM    VALUE  DATE(S)
                                          NORMAL
................................................................
TEMPERATURE (F)
RECORD
 HIGH              77   02/10/2017
 LOW              -27   02/01/1951
HIGHEST            77R  02/10        48      29       73  02/18
LOWEST              5   02/25        16     -11        0  02/03
AVG. MAXIMUM     53.7              44.8     8.9     50.6
AVG. MINIMUM     26.0              19.5     6.5     23.3
MEAN             39.8              32.1     7.7     37.0
DAYS MAX >= 90      0               0.0     0.0
DAYS MAX <= 32      3               4.8    -1.8
DAYS MIN <= 32     20              26.5    -6.5
DAYS MIN <= 0       0               1.4    -1.4

PRECIPITATION (INCHES)
RECORD
 MAXIMUM         2.45   1987
 MINIMUM         0.00   1921
                        1893
TOTALS           0.07              0.34   -0.27     1.00
DAILY AVG.       0.00              0.01   -0.01
DAYS >= .01         4               4.6    -0.6
DAYS >= .10         0               0.8    -0.8
DAYS >= .50         0               0.1    -0.1
DAYS >= 1.00        0               0.0     0.0
GREATEST
 24 HR. TOTAL    0.03   02/02 TO 02/02              0.87


SNOWFALL (INCHES)
RECORDS
 TOTAL           28.4   1934
TOTALS            0.7               4.9    -4.2     10.1
SINCE 7/1        13.4              24.0   -10.6     26.2
SNOWDEPTH AVG.      0
DAYS >= 1.0         0               1.4    -1.4
GREATEST
 SNOW DEPTH         T   02/25                         10
                        02/24
                        02/12
 24 HR TOTAL      0.3   02/02 TO 02/02               7.4
                        02/12 TO 02/12

DEGREE_DAYS
HEATING TOTAL     699               920    -221      806
 SINCE 7/1       3753              4563    -810     3903
COOLING TOTAL       0                 0       0        0
 SINCE 1/1          0                 0       0        0
.................................................................

WIND (MPH)
AVERAGE WIND SPEED              11.1
HIGHEST WIND SPEED/DIRECTION    44/290    DATE  02/21
HIGHEST GUST SPEED/DIRECTION    55/310    DATE  02/21

SKY COVER
POSSIBLE SUNSHINE (PERCENT)   MM
AVERAGE SKY COVER           0.50
NUMBER OF DAYS FAIR            9
NUMBER OF DAYS PC             14
NUMBER OF DAYS CLOUDY          5

AVERAGE RH (PERCENT)     41

WEATHER CONDITIONS. NUMBER OF DAYS WITH
THUNDERSTORM              0     MIXED PRECIP               0
HEAVY RAIN                0     RAIN                       0
LIGHT RAIN                0     FREEZING RAIN              2
LT FREEZING RAIN          2     HAIL                       0
HEAVY SNOW                0     SNOW                       1
LIGHT SNOW                9     SLEET                      0
FOG                       8     FOG W/VIS <= 1/4 MILE      3
HAZE                      3

-  INDICATES NEGATIVE NUMBERS.
R  INDICATES RECORD WAS SET OR TIED.
MM INDICATES DATA IS MISSING.
T  INDICATES TRACE AMOUNT.

$$
