000
CXUS51 KRLX 071802
CLMCRW


CLIMATE REPORT
NATIONAL WEATHER SERVICE CHARLESTON WV
151 PM EDT THU JUL 7 2016

...................................

...THE CHARLESTON CLIMATE SUMMARY FOR THE MONTH OF JUNE 2016...

CLIMATE NORMAL PERIOD 1981 TO 2010
CLIMATE RECORD PERIOD 1901 TO 2016

WEATHER         OBSERVED          NORMAL  DEPART  LAST YEAR`S
                 VALUE   DATE(S)  VALUE   FROM    VALUE  DATE(S)
                                          NORMAL
................................................................
TEMPERATURE (F)
RECORD
 HIGH             105   06/20/1931
 LOW               33   06/11/1972
HIGHEST            91   06/16        MM      MM       92  06/11
                        06/11
                        06/01
LOWEST             49   06/09        MM      MM       55  06/29
                                                          06/02
AVG. MAXIMUM     84.1              82.2     1.9     84.2
AVG. MINIMUM     62.2              61.6     0.6     64.0
MEAN             73.2              71.9     1.3     74.1
DAYS MAX >= 90      4               2.6     1.4        5
DAYS MAX <= 32      0               0.0     0.0        0
DAYS MIN <= 32      0               0.0     0.0        0
DAYS MIN <= 0       0               0.0     0.0        0

PRECIPITATION (INCHES)
RECORD
 MAXIMUM        10.56   1998
 MINIMUM         0.70   1966
TOTALS           4.76              4.29    0.47     5.98
DAILY AVG.       0.16              0.14    0.02     0.20
DAYS >= .01        11              12.7    -1.7       14
DAYS >= .10         5               8.1    -3.1       10
DAYS >= .50         4               3.0     1.0        5
DAYS >= 1.00        1               0.9     0.1        1
GREATEST
 24 HR. TOTAL    2.14   06/23 TO 06/23           06/26 TO 06/27
                                                          06/30 TO 06/30
                                                          06/30 TO 06/30

SNOWFALL (INCHES)
RECORDS
 TOTAL             MM   MM
TOTALS            0.0               0.0     0.0      0.0
SINCE 7/1        33.5              36.4    -2.9     29.1
SNOWDEPTH AVG.      0                MM      MM        0
DAYS >= TRACE       0
DAYS >= 1.0         0               0.0     0.0        0
GREATEST
 SNOW DEPTH         0   MM                             0  MM
 24 HR TOTAL      0.0   06/30 TO 06/30           06/30 TO 06/30
                                                          06/30 TO 06/30
                                                          06/30 TO 06/30

DEGREE_DAYS
HEATING TOTAL       3                13     -10        8
 SINCE 7/1       3719              4478    -759     4843
COOLING TOTAL     255               220      35      287
 SINCE 1/1        385               330      55      476
.................................................

WIND (MPH)
AVERAGE WIND SPEED              4.4
RESULTANT WIND SPEED/DIRECTION   2/248
HIGHEST WIND SPEED/DIRECTION    26/230    DATE  06/16
HIGHEST GUST SPEED/DIRECTION    36/230    DATE  06/16

SKY COVER
POSSIBLE SUNSHINE (PERCENT)   MM
AVERAGE SKY COVER           0.50
NUMBER OF DAYS FAIR            9
NUMBER OF DAYS PC             16
NUMBER OF DAYS CLOUDY          5

AVERAGE RH (PERCENT)     70

WEATHER CONDITIONS. NUMBER OF DAYS WITH
THUNDERSTORM              0     MIXED PRECIP               0
HEAVY RAIN                4     RAIN                       3
LIGHT RAIN               13     FREEZING RAIN              0
LT FREEZING RAIN          0     HAIL                       0
HEAVY SNOW                0     SNOW                       0
LIGHT SNOW                0     SLEET                      0
FOG                      18     FOG W/VIS <= 1/4 MILE      3
HAZE                      3

-  INDICATES NEGATIVE NUMBERS.
R  INDICATES RECORD WAS SET OR TIED.
MM INDICATES DATA IS MISSING.
T  INDICATES TRACE AMOUNT.

$$
