000
CXUS51 KRLX 041347
CLMCRW


CLIMATE REPORT
NATIONAL WEATHER SERVICE CHARLESTON WV
945 AM EDT SAT OCT 4 2014

...................................

...THE CHARLESTON CLIMATE SUMMARY FOR THE MONTH OF SEPTEMBER 2014...

CLIMATE NORMAL PERIOD 1981 TO 2010
CLIMATE RECORD PERIOD 1901 TO 2014

WEATHER         OBSERVED          NORMAL  DEPART  LAST YEAR`S
                 VALUE   DATE(S)  VALUE   FROM    VALUE  DATE(S)
                                          NORMAL
................................................................
TEMPERATURE (F)
RECORD
 HIGH             104   09/02/1932
                        09/01/1932
 LOW               32   09/29/1942
HIGHEST            88   09/05        MM      MM       90  09/10
                        09/04
LOWEST             44   09/24        MM      MM       45  09/24
                        09/23
AVG. MAXIMUM     77.9              77.8     0.1     77.8
AVG. MINIMUM     57.2              56.9     0.3     56.7
MEAN             67.6              67.3     0.3     67.2
DAYS MAX >= 90      0               1.4    -1.4        1
DAYS MAX <= 32      0               0.0     0.0        0
DAYS MIN <= 32      0               0.0     0.0        0
DAYS MIN <= 0       0               0.0     0.0        0

PRECIPITATION (INCHES)
RECORD
 MAXIMUM         7.69   2004
 MINIMUM         0.46   1908
TOTALS           4.49              3.25    1.24     2.49
DAILY AVG.       0.15              0.11    0.04     0.08
DAYS >= .01         7               9.3    -2.3        9
DAYS >= .10         4               6.0    -2.0        3
DAYS >= .50         3               2.2     0.8        3
DAYS >= 1.00        2               0.8     1.2        0
GREATEST
 24 HR. TOTAL    1.98   09/06 TO 09/06           09/21 TO 09/21
                        09/05 TO 09/06                    09/20 TO 09/21
                        09/06 TO 09/06                    09/21 TO 09/21

SNOWFALL (INCHES)
RECORDS
 TOTAL             MM   MM
TOTALS            0.0               0.0     0.0      0.0
SINCE 7/1         0.0               0.0     0.0      0.0
SNOWDEPTH AVG.      0                MM      MM        0
DAYS >= TRACE       0
DAYS >= 1.0         0               0.0     0.0        0
GREATEST
 SNOW DEPTH         0   MM                             0  MM
 24 HR TOTAL      0.0   09/30 TO 09/30           09/30 TO 09/30
                                                          09/21 TO 09/21
                                                          09/21 TO 09/21

DEGREE_DAYS
HEATING TOTAL      45                56     -11       39
 SINCE 7/1         45                58     -13       42
COOLING TOTAL     127               127       0      115
 SINCE 1/1       1034              1073     -39     1081
..................................................

WIND (MPH)
AVERAGE WIND SPEED              3.1
RESULTANT WIND SPEED/DIRECTION   0/166
HIGHEST WIND SPEED/DIRECTION    23/170    DATE  09/04
HIGHEST GUST SPEED/DIRECTION    39/280    DATE  09/02

SKY COVER
POSSIBLE SUNSHINE (PERCENT)   MM
AVERAGE SKY COVER           0.60
NUMBER OF DAYS FAIR            2
NUMBER OF DAYS PC             21
NUMBER OF DAYS CLOUDY          7

AVERAGE RH (PERCENT)     77

WEATHER CONDITIONS. NUMBER OF DAYS WITH
THUNDERSTORM              0     MIXED PRECIP               0
HEAVY RAIN                4     RAIN                       2
LIGHT RAIN                9     FREEZING RAIN              0
LT FREEZING RAIN          0     HAIL                       0
HEAVY SNOW                0     SNOW                       0
LIGHT SNOW                0     SLEET                      0
FOG                      26     FOG W/VIS <= 1/4 MILE     13
HAZE                      1

-  INDICATES NEGATIVE NUMBERS.
R  INDICATES RECORD WAS SET OR TIED.
MM INDICATES DATA IS MISSING.
T  INDICATES TRACE AMOUNT.

$$
