664
CXUS42 KFFC 011836
CLMCSG


CLIMATE REPORT
NATIONAL WEATHER SERVICE PEACHTREE CITY GA
235 PM EDT SUN OCT 1 2017

...................................

...THE COLUMBUS CLIMATE SUMMARY FOR THE MONTH OF SEPTEMBER 2017...

CLIMATE NORMAL PERIOD 1981 TO 2010
CLIMATE RECORD PERIOD 1948 TO 2017

WEATHER         OBSERVED          NORMAL  DEPART  LAST YEAR`S
                 VALUE   DATE(S)  VALUE   FROM    VALUE  DATE(S)
                                          NORMAL
................................................................
TEMPERATURE (F)
RECORD
 HIGH             100   09/07/1990
 LOW               38   09/30/1967
HIGHEST            94   09/29        MM      MM       96  09/24
                        09/28                             09/23
                        09/22                             09/09
LOWEST             57   09/08        MM      MM       56  09/30
                        09/07
AVG. MAXIMUM     87.3              86.4     0.9     91.7
AVG. MINIMUM     67.0              66.7     0.3     68.9
MEAN             77.2              76.6     0.6     80.3
DAYS MAX >= 90     15               8.8     6.2       24
DAYS MAX <= 32      0               0.0     0.0        0
DAYS MIN <= 32      0               0.0     0.0        0
DAYS MIN <= 0       0               0.0     0.0        0

PRECIPITATION (INCHES)
RECORD
 MAXIMUM         9.47   2004
 MINIMUM         0.22   1984
TOTALS           3.19              3.06    0.13     0.75
DAILY AVG.       0.11              0.10    0.01     0.03
DAYS >= .01         5               7.1    -2.1        5
DAYS >= .10         1               4.5    -3.5        2
DAYS >= .50         1               2.2    -1.2        0
DAYS >= 1.00        1               1.0     0.0        0
GREATEST
 24 HR. TOTAL    3.07   09/11 TO 09/11           09/25 TO 09/25
                                                          09/24 TO 09/25
                                                          09/25 TO 09/25

DEGREE_DAYS
HEATING TOTAL       3                 3       0        0
 SINCE 7/1          3                 3       0        0
COOLING TOTAL     373               350      23      467
 SINCE 1/1       2467              2222     245     2524
......................................................

WIND (MPH)
AVERAGE WIND SPEED              5.0
HIGHEST WIND SPEED/DIRECTION    33/020    DATE  09/11
HIGHEST GUST SPEED/DIRECTION    52/020    DATE  09/11

SKY COVER
POSSIBLE SUNSHINE (PERCENT)   MM
AVERAGE SKY COVER           0.20
NUMBER OF DAYS FAIR           24
NUMBER OF DAYS PC              4
NUMBER OF DAYS CLOUDY          2

AVERAGE RH (PERCENT)     65

WEATHER CONDITIONS. NUMBER OF DAYS WITH
THUNDERSTORM              0     MIXED PRECIP               0
HEAVY RAIN                1     RAIN                       1
LIGHT RAIN                5     FREEZING RAIN              0
LT FREEZING RAIN          0     HAIL                       0
HEAVY SNOW                0     SNOW                       0
LIGHT SNOW                0     SLEET                      0
FOG                       3     FOG W/VIS <= 1/4 MILE      0
HAZE                      3

-  INDICATES NEGATIVE NUMBERS.
R  INDICATES RECORD WAS SET OR TIED.
MM INDICATES DATA IS MISSING.
T  INDICATES TRACE AMOUNT.

$$
