000
CXUS42 KFFC 011918
CLMCSG


CLIMATE REPORT
NATIONAL WEATHER SERVICE PEACHTREE CITY GA
316 PM EDT TUE AUG 1 2017

...................................

...THE COLUMBUS CLIMATE SUMMARY FOR THE MONTH OF JULY 2017...

CLIMATE NORMAL PERIOD 1981 TO 2010
CLIMATE RECORD PERIOD 1948 TO 2017

WEATHER         OBSERVED          NORMAL  DEPART  LAST YEAR`S
                 VALUE   DATE(S)  VALUE   FROM    VALUE  DATE(S)
                                          NORMAL
................................................................
TEMPERATURE (F)
RECORD
 HIGH             105   07/01/2012
 LOW               59   07/15/1967
                        07/01/1958
                        07/02/1950
HIGHEST            98   07/21        MM      MM       99  07/20
                        07/20
LOWEST             69   07/31        MM      MM       69  07/13
                                                          07/12
AVG. MAXIMUM     93.1              92.2     0.9     95.4
AVG. MINIMUM     74.2              72.9     1.3     73.4
MEAN             83.6              82.5     1.1     84.4
DAYS MAX >= 90     26              22.5     3.5       31
DAYS MAX <= 32      0               0.0     0.0        0
DAYS MIN <= 32      0               0.0     0.0        0
DAYS MIN <= 0       0               0.0     0.0        0

PRECIPITATION (INCHES)
RECORD
 MAXIMUM        13.24   1971
 MINIMUM         0.96   2016
TOTALS           4.98              4.76    0.22     0.96
DAILY AVG.       0.16              0.15    0.01     0.03
DAYS >= .01        13              11.7     1.3       11
DAYS >= .10         8               7.7     0.3        2
DAYS >= .50         4               3.3     0.7        0
DAYS >= 1.00        1               1.1    -0.1        0
GREATEST
 24 HR. TOTAL    1.32   07/29 TO 07/29           07/05 TO 07/05
                                                          07/31 TO 07/31
                                                          07/31 TO 07/31

DEGREE_DAYS
HEATING TOTAL       0                 0       0        0
 SINCE 7/1          0                 0       0        0
COOLING TOTAL     586               544      42      607
 SINCE 1/1       1560              1348     212     1489
..................................................

WIND (MPH)
AVERAGE WIND SPEED              4.7
HIGHEST WIND SPEED/DIRECTION    29/040    DATE  07/11
HIGHEST GUST SPEED/DIRECTION    47/020    DATE  07/11

SKY COVER
POSSIBLE SUNSHINE (PERCENT)   MM
AVERAGE SKY COVER           0.30
NUMBER OF DAYS FAIR           20
NUMBER OF DAYS PC             11
NUMBER OF DAYS CLOUDY          0

AVERAGE RH (PERCENT)     69

WEATHER CONDITIONS. NUMBER OF DAYS WITH
THUNDERSTORM              0     MIXED PRECIP               0
HEAVY RAIN                6     RAIN                       8
LIGHT RAIN               16     FREEZING RAIN              0
LT FREEZING RAIN          0     HAIL                       0
HEAVY SNOW                0     SNOW                       0
LIGHT SNOW                0     SLEET                      0
FOG                      14     FOG W/VIS <= 1/4 MILE      1
HAZE                      4

-  INDICATES NEGATIVE NUMBERS.
R  INDICATES RECORD WAS SET OR TIED.
MM INDICATES DATA IS MISSING.
T  INDICATES TRACE AMOUNT.

$$
