151
CXUS53 KUNR 011608
CLMCUT


CLIMATE REPORT
NATIONAL WEATHER SERVICE RAPID CITY SD
907 AM MST WED FEB 1 2017

...................................

...THE CUSTER COUNTY AIRPORT SD CLIMATE SUMMARY FOR THE MONTH OF JANUARY 2017...

CLIMATE NORMAL PERIOD 1981 TO 2010
CLIMATE RECORD PERIOD 9999 TO 9999

WEATHER         OBSERVED          NORMAL  DEPART  LAST YEAR`S
                 VALUE   DATE(S)  VALUE   FROM    VALUE  DATE(S)
                                          NORMAL
................................................................
TEMPERATURE (F)
HIGHEST            61   01/18                         53  01/28
                                                          01/04
LOWEST            -14R  01/05                          2  01/17
AVG. MAXIMUM     32.7              35.0    -2.3     39.1
AVG. MINIMUM     11.2              13.4    -2.2     18.4
MEAN             22.0              24.2    -2.2     28.7
DAYS MAX >= 90      0                                  0
DAYS MAX <= 32     13                                  7
DAYS MIN <= 32     31                                 31
DAYS MIN <= 0       5                                  0

PRECIPITATION (INCHES)
TOTALS           0.99              0.33    0.66     0.04
DAILY AVG.       0.03              0.01    0.02     0.00
DAYS >= .01         7                                  2
DAYS >= .10         3                                  0
DAYS >= .50         0                                  0
DAYS >= 1.00        0                                  0
GREATEST
 24 HR. TOTAL    0.44   01/24 TO 01/24              0.03

DEGREE_DAYS
HEATING TOTAL    1325              1265      60     1116
 SINCE 7/1       4401              4735    -334     4105
COOLING TOTAL       0                 0       0        0
 SINCE 1/1          0                 0       0        0
.................................................................

WIND (MPH)
AVERAGE WIND SPEED              6.0
HIGHEST WIND SPEED/DIRECTION    29/300    DATE  01/30
HIGHEST GUST SPEED/DIRECTION    46/310    DATE  01/28

AVERAGE RH (PERCENT)     61

WEATHER CONDITIONS. NUMBER OF DAYS WITH
THUNDERSTORM              0     MIXED PRECIP               0
HEAVY RAIN                0     RAIN                       0
LIGHT RAIN                0     FREEZING RAIN              0
LT FREEZING RAIN          0     HAIL                       0
HEAVY SNOW                2     SNOW                       3
LIGHT SNOW               13     SLEET                      0
FOG                      14     FOG W/VIS <= 1/4 MILE      2
HAZE                     11

-  INDICATES NEGATIVE NUMBERS.
R  INDICATES RECORD WAS SET OR TIED.
MM INDICATES DATA IS MISSING.
T  INDICATES TRACE AMOUNT.

$$
