000
CXUS52 KCHS 011322
CLMCXM
CLIMATE REPORT
NATIONAL WEATHER SERVICE CHARLESTON SC
819 AM EST FRI MAR 01 2024
...................................
...THE DOWNTOWN CHARLESTON SC CLIMATE SUMMARY FOR THE MONTH OF FEBRUARY 2024...
CLIMATE NORMAL PERIOD 1991 TO 2020
CLIMATE RECORD PERIOD 1870 TO 2024
WEATHER OBSERVED NORMAL DEPART LAST YEAR`S
VALUE DATE(S) VALUE FROM VALUE DATE(S)
NORMAL
................................................................
TEMPERATURE (F)
RECORD
HIGH 83 02/27/1962
LOW 7 02/14/1899
HIGHEST 69 02/10 83 02/28
02/11
LOWEST 38 02/07 38 02/04
AVG. MAXIMUM 61.0 60.3 0.7 68.1
AVG. MINIMUM 48.5 46.1 2.4 53.2
MEAN 54.7 53.2 1.5 60.7
DAYS MAX >= 90 0 0.0 0.0 0
DAYS MAX <= 32 0 0.0 0.0 0
DAYS MIN <= 32 0 1.2 -1.2 0
DAYS MIN <= 0 0 0.0 0.0 0
PRECIPITATION (INCHES)
RECORD
MAXIMUM 8.96 1939
MINIMUM 0.28 1950
TOTALS 3.11 2.56 0.55 3.49
DAYS >= .01 5 8.0 -3.0 10
DAYS >= .10 2 4.8 -2.8 7
DAYS >= .50 2 1.8 0.2 2
DAYS >= 1.00 2 0.6 1.4 1
GREATEST
24 HR. TOTAL 1.77 02/12
DEGREE DAYS
HEATING TOTAL 293 334 -41 156
SINCE 7/1 1160 1364 -204 MM
COOLING TOTAL 0 3 -3 40
SINCE 1/1 0 5 -5 MM
................................................................
WIND (MPH)
AVERAGE WIND SPEED 9.1
HIGHEST WIND SPEED/DIRECTION 33/050
HIGHEST GUST SPEED/DIRECTION 43/060
- INDICATES NEGATIVE NUMBERS.
R INDICATES RECORD WAS SET OR TIED.
MM INDICATES DATA IS MISSING.
T INDICATES TRACE AMOUNT.
$$