000
CXUS56 KSGX 011533
CLMCZZ


CLIMATE REPORT
NATIONAL WEATHER SERVICE SAN DIEGO, CA
832 AM PDT THU SEP 1 2016

...................................

...THE CAMPO ASOS CA CLIMATE SUMMARY FOR THE MONTH OF AUGUST 2016...

CLIMATE NORMAL PERIOD 1981 TO 2010
CLIMATE RECORD PERIOD 1948 TO 2016

WEATHER         OBSERVED          NORMAL  DEPART  LAST YEAR`S
                 VALUE   DATE(S)  VALUE   FROM    VALUE  DATE(S)
                                          NORMAL
................................................................
TEMPERATURE (F)
RECORD
 HIGH             107   08/04/1998
                        08/08/1995
                        08/25/1985
 LOW               30   08/25/1978
HIGHEST           102   08/15        94       8      105  08/16
                        08/14
LOWEST             42   08/09        52     -10       44  08/10
AVG. MAXIMUM     93.6              94.4    -0.8     93.9
AVG. MINIMUM     54.9              53.1     1.8     55.3
MEAN             74.3              73.7     0.6     74.6
DAYS MAX >= 90     26              24.9     1.1       24
DAYS MAX <= 32      0               0.0     0.0        0
DAYS MAX >= 100     5                                  6
DAYS MIN <= 32      0               0.1    -0.1        0
DAYS MIN <= 0       0               0.0     0.0        0

PRECIPITATION (INCHES)
RECORD
 MAXIMUM         4.05   1983
 MINIMUM         0.00   2011
                        2010
                        2001
TOTALS           0.00R             0.70   -0.70     0.01
DAILY AVG.       0.00              0.02   -0.02     0.00
DAYS >= .01         0               2.2    -2.2        1
DAYS >= .10         0               0.9    -0.9        0
DAYS >= .50         0               0.4    -0.4        0
DAYS >= 1.00        0               0.2    -0.2        0
DAYS >= 1.50        0                                  0
DAYS >= 2.00        0                                  0
GREATEST
 24 HR. TOTAL    0.00   08/31 TO 08/31           08/25 TO 08/25
                        08/30 TO 08/30                    08/31 TO 08/31
                        08/29 TO 08/29                    08/31 TO 08/31
 STORM TOTAL       MM                                 MM
 (MM/DD(HH))            MM                    08/25(00) TO 08/25(00)
                                                 08/31(00) TO 08/31(00)1
                                                 08/31(00) TO 08/31(00)1

DEGREE_DAYS
HEATING TOTAL       0                 7      -7        0
 SINCE 7/1          0                14     -14       10
COOLING TOTAL     296               278      18      305
 SINCE 1/1        820               650     170      690

FREEZE DATES
RECORD
 EARLIEST     08/25/1978
 LATEST       06/23/1991
EARLIEST                        10/16
LATEST                          05/19
..................................................

WIND (MPH)
AVERAGE WIND SPEED              7.9
RESULTANT WIND SPEED/DIRECTION   3/242
HIGHEST WIND SPEED/DIRECTION    24/220    DATE  08/12
HIGHEST GUST SPEED/DIRECTION    30/280    DATE  08/31

AVERAGE RH (PERCENT)     45


-  INDICATES NEGATIVE NUMBERS.
R  INDICATES RECORD WAS SET OR TIED.
MM INDICATES DATA IS MISSING.
T  INDICATES TRACE AMOUNT.

$$
