000
CXUS53 KUNR 011603
CLMD07


CLIMATE REPORT
NATIONAL WEATHER SERVICE RAPID CITY SD
1002 AM MDT SUN OCT 1 2017

...................................

...THE FAITH SD CLIMATE SUMMARY FOR THE MONTH OF SEPTEMBER 2017...

CLIMATE NORMAL PERIOD 1981 TO 2010
CLIMATE RECORD PERIOD 9999 TO 9999

WEATHER         OBSERVED          NORMAL  DEPART  LAST YEAR`S
                 VALUE   DATE(S)  VALUE   FROM    VALUE  DATE(S)
                                          NORMAL
................................................................
TEMPERATURE (F)
HIGHEST            98   09/12                         93  09/11
LOWEST             35   09/17                         40  09/14
AVG. MAXIMUM     75.3              73.8     1.5     74.9
AVG. MINIMUM     47.9              46.9     1.0     50.2
MEAN             61.6              60.4     1.2     62.5
DAYS MAX >= 90      5                                  1
DAYS MAX <= 32      0                                  0
DAYS MIN <= 32      0                                  0
DAYS MIN <= 0       0                                  0

PRECIPITATION (INCHES)
TOTALS           0.97              1.36   -0.39     1.39
DAILY AVG.       0.03              0.05   -0.02     0.05
DAYS >= .01         7                                 11
DAYS >= .10         3                                  3
DAYS >= .50         1                                  1
DAYS >= 1.00        0                                  0
GREATEST
 24 HR. TOTAL    0.53   09/23 TO 09/23              0.70

DEGREE_DAYS
HEATING TOTAL     183               199     -16      112
 SINCE 7/1        195               232     -37      141
COOLING TOTAL      91                59      32       46
 SINCE 1/1        755               634     121      732
.................................................................

WIND (MPH)
AVERAGE WIND SPEED              12.2
HIGHEST WIND SPEED/DIRECTION    36/340    DATE  09/04
HIGHEST GUST SPEED/DIRECTION    45/350    DATE  09/04

AVERAGE RH (PERCENT)     63


-  INDICATES NEGATIVE NUMBERS.
R  INDICATES RECORD WAS SET OR TIED.
MM INDICATES DATA IS MISSING.
T  INDICATES TRACE AMOUNT.

$$
