000
CXUS54 KFWD 010834
CLMDFW


CLIMATE REPORT
NATIONAL WEATHER SERVICE FORT WORTH TX
233 AM CST SUN JAN 1 2017

...................................

...THE DALLAS FORT WORTH CLIMATE SUMMARY FOR THE MONTH OF DECEMBER 2016...

CLIMATE NORMAL PERIOD 1981 TO 2010
CLIMATE RECORD PERIOD 1898 TO 2016

WEATHER         OBSERVED          NORMAL  DEPART  LAST YEAR`S
                 VALUE   DATE(S)  VALUE   FROM    VALUE  DATE(S)
                                          NORMAL
................................................................
TEMPERATURE (F)
RECORD
 HIGH              90   12/30/1951
 LOW                    12/23/1989
HIGHEST            83   12/28        78       5       82  12/26
LOWEST             16   12/19        21      -5       31  12/29
                                                          12/18
AVG. MAXIMUM     59.0              57.1     1.9     64.9
AVG. MINIMUM     40.4              37.1     3.3     42.4
MEAN             49.7              47.1     2.6     53.7
DAYS MAX >= 90      0               0.0     0.0        0
DAYS MAX <= 32      1               0.9     0.1        0
DAYS MAX >= 100     0                                  0
DAYS MIN <= 32      6               8.8    -2.8        2
DAYS MIN <= 0       0               0.0     0.0        0
DAYS MIN >= 80      0                                  0

PRECIPITATION (INCHES)
RECORD
 MAXIMUM         8.75   1991
 MINIMUM            T   1950
TOTALS           0.60              2.55   -1.95     3.83
DAILY AVG.       0.02              0.08   -0.06     0.12
DAYS >= .01         6               6.7    -0.7        5
DAYS >= .10         2               4.2    -2.2        4
DAYS >= .50         0               1.7    -1.7        4
DAYS >= 1.00        0               0.6    -0.6        1
GREATEST
 24 HR. TOTAL    0.38   12/02 TO 12/03              2.04

SNOWFALL (INCHES)
RECORDS
 TOTAL            5.5   1898
 24 HR TOTAL      5.5   12/09/1898 TO 12/09/1898
TOTALS              T               0.3    -0.3        T
SINCE 7/1           T               0.3    -0.3        T
SNOWDEPTH AVG.      0                MM      MM        0
DAYS >= TRACE       1                                  1
DAYS >= 1.0         0               0.1    -0.1        0
GREATEST
 SNOW DEPTH         0   MM                             0  MM
 24 HR TOTAL        T   12/17 TO 12/17                 T

DEGREE_DAYS
HEATING TOTAL     484               558     -74      356
 SINCE 7/1        586               912    -326      571
COOLING TOTAL      16                 4      12        9
 SINCE 1/1       3223              2756     467     3010
.................................................................

WIND (MPH)
AVERAGE WIND SPEED              10.6
HIGHEST WIND SPEED/DIRECTION    37/340    DATE  12/17
HIGHEST GUST SPEED/DIRECTION    46/350    DATE  12/17

SKY COVER
POSSIBLE SUNSHINE (PERCENT)   MM
AVERAGE SKY COVER           0.80
NUMBER OF DAYS FAIR            1
NUMBER OF DAYS PC              8
NUMBER OF DAYS CLOUDY         22

AVERAGE RH (PERCENT)     63

WEATHER CONDITIONS. NUMBER OF DAYS WITH
THUNDERSTORM              0     MIXED PRECIP               0
HEAVY RAIN                0     RAIN                       2
LIGHT RAIN               10     FREEZING RAIN              0
LT FREEZING RAIN          0     HAIL                       0
HEAVY SNOW                0     SNOW                       0
LIGHT SNOW                1     SLEET                      0
FOG                      12     FOG W/VIS <= 1/4 MILE      3
HAZE                      4

-  INDICATES NEGATIVE NUMBERS.
R  INDICATES RECORD WAS SET OR TIED.
MM INDICATES DATA IS MISSING.
T  INDICATES TRACE AMOUNT.

$$
