000
CXUS53 KDDC 012145
CLMDGC


CLIMATE REPORT
NATIONAL WEATHER SERVICE DODGE CITY KS
440 PM CDT THU JUN 1 2017

...................................

...THE DODGE CITY KS CLIMATE SUMMARY FOR THE MONTH OF MAY 2017...

CLIMATE NORMAL PERIOD 1981 TO 2010
CLIMATE RECORD PERIOD 1875 TO 2017

WEATHER         OBSERVED          NORMAL  DEPART  LAST YEAR`S
                 VALUE   DATE(S)  VALUE   FROM    VALUE  DATE(S)
                                          NORMAL
................................................................
TEMPERATURE (F)
RECORD
 HIGH             106   05/29/2011
 LOW               19   05/01/1909
HIGHEST            90   05/15        76      14       85  05/25
LOWEST             34   05/01        52     -18       35  05/02
AVG. MAXIMUM     75.7              76.9    -1.2     72.9
AVG. MINIMUM     48.5              51.5    -3.0     49.1
MEAN             62.1              64.2    -2.1     61.0
DAYS MAX >= 90      1               2.9    -1.9        0
DAYS MAX <= 32      0               0.0     0.0        0
DAYS MIN <= 32      0               0.1    -0.1        0
DAYS MIN <= 0       0               0.0     0.0        0

PRECIPITATION (INCHES)
RECORD
 MAXIMUM        12.82   1881
 MINIMUM         0.25   2004
TOTALS           4.62              2.85    1.77     2.41
DAYS >= .01        13               8.9     4.1        8
DAYS >= .10         9               5.1     3.9        4
DAYS >= .50         4               2.0     2.0        2
DAYS >= 1.00        1               0.6     0.4        1
GREATEST
 24 HR. TOTAL    1.29   05/18 TO 05/18           05/24 TO 05/24

SNOWFALL (INCHES)
RECORDS
 TOTAL            1.0   2013
 24 HR TOTAL      1.0   05/02/2013
 SNOW DEPTH         1   05/02/2013
TOTALS            0.0               0.0     0.0      0.0
SINCE 7/1         7.5              21.1   -13.6     10.4
SNOWDEPTH AVG.      0                MM      MM        0
DAYS >= 1.0         0               0.0     0.0        0
GREATEST
 SNOW DEPTH         0   MM                             0  MM
 24 HR TOTAL      0.0   05/31 TO 05/31           05/31 TO 05/31

DEGREE_DAYS
HEATING TOTAL     142               115      27      162
 SINCE 7/1       4170              4954    -784     4339
COOLING TOTAL      61                90     -29       47
 SINCE 1/1        102               109      -7       58
..................................................

WIND (MPH)
AVERAGE WIND SPEED              12.4
RESULTANT WIND SPEED/DIRECTION   1/195
HIGHEST WIND SPEED/DIRECTION    39/200    DATE  05/16
HIGHEST GUST SPEED/DIRECTION    53/200    DATE  05/16

SKY COVER
POSSIBLE SUNSHINE (PERCENT)   MM
AVERAGE SKY COVER           0.20
NUMBER OF DAYS FAIR           21
NUMBER OF DAYS PC              9
NUMBER OF DAYS CLOUDY          1


WEATHER CONDITIONS. NUMBER OF DAYS WITH
THUNDERSTORM             10     MIXED PRECIP               0
HEAVY RAIN                6     RAIN                       8
LIGHT RAIN               14     FREEZING RAIN              0
LT FREEZING RAIN          0     HAIL                       0
HEAVY SNOW                0     SNOW                       0
LIGHT SNOW                0     SLEET                      0
FOG                      10     FOG W/VIS <= 1/4 MILE      1
HAZE                      3

-  INDICATES NEGATIVE NUMBERS.
R  INDICATES RECORD WAS SET OR TIED.
MM INDICATES DATA IS MISSING.
T  INDICATES TRACE AMOUNT.

$$
