000
CXUS55 KCYS 021523
CLMDGW


CLIMATE REPORT
NATIONAL WEATHER SERVICE CHEYENNE WY
923 AM MDT SUN AUG 2 2015

...................................

...THE DOUGLAS WY AIRPORT CLIMATE SUMMARY FOR THE MONTH OF JULY 2015...

CLIMATE NORMAL PERIOD 1981 TO 2010
CLIMATE RECORD PERIOD 1998 TO 2015

WEATHER         OBSERVED          NORMAL  DEPART  LAST YEAR`S
                 VALUE   DATE(S)  VALUE   FROM    VALUE
                                          NORMAL
.............................................................
TEMPERATURE (F)
RECORD
 HIGH             105   07/29/2006
                        07/18/2006
                        07/16/2005
 LOW               40   07/02/2014
                        07/08/2010
                        07/12/2008
HIGHEST            97   07/27        MM      MM       98
LOWEST             41   07/29        MM      MM       40
AVG. MAXIMUM     86.6              88.3    -1.7     87.9
AVG. MINIMUM     52.0              54.0    -2.0     54.2
MEAN             69.3              71.1    -1.8     71.0
DAYS MAX >= 90     12              14.1               14
DAYS MAX <= 32      0               0.0                0
DAYS MIN <= 32      0               0.0                0
DAYS MIN <= 0       0               0.0                0

PRECIPITATION (INCHES)
RECORD
 MAXIMUM           MM   MM
 MINIMUM           MM   MM
TOTALS           0.82              1.36   -0.54     2.15
DAYS >= .01         9                MM      MM        6
DAYS >= .10         4                MM      MM        5
DAYS >= .50         0                MM      MM        2
DAYS >= 1.00        0                MM      MM        0
GREATEST
 24 HR. TOTAL    0.27   07/01 TO 07/02

DEGREE_DAYS
HEATING TOTAL      13                15      -2       14
 SINCE 7/1         13                15      -2       14
COOLING TOTAL     154               205     -51      206
 SINCE 1/1        239               282     -43      238
..............................................................

WIND (MPH)
AVERAGE WIND SPEED              8.5
HIGHEST WIND SPEED/DIRECTION    46/290    DATE  07/15
HIGHEST GUST SPEED/DIRECTION    64/290    DATE  07/15

SKY COVER
POSSIBLE SUNSHINE (PERCENT)   MM
AVERAGE SKY COVER           0.20
NUMBER OF DAYS FAIR           26
NUMBER OF DAYS PC              5
NUMBER OF DAYS CLOUDY          0

AVERAGE RH (PERCENT)     54

WEATHER CONDITIONS. NUMBER OF DAYS WITH
THUNDERSTORM              0     MIXED PRECIP               0
HEAVY RAIN                3     RAIN                       1
LIGHT RAIN               12     FREEZING RAIN              0
LT FREEZING RAIN          0     HAIL                       0
HEAVY SNOW                0     SNOW                       0
LIGHT SNOW                0     SLEET                      0
FOG                       8     FOG W/VIS <= 1/4 MILE      0
HAZE                      6

-  INDICATES NEGATIVE NUMBERS.
R  INDICATES RECORD WAS SET OR TIED.
MM INDICATES DATA IS MISSING.
T  INDICATES TRACE AMOUNT.

$$
