000
CXUS53 KEAX 011208 RRA
CLMDMO

STLCLMWK3 000
TTAA00 KEAX 011206


CLIMATE REPORT
NATIONAL WEATHER SERVICE KANSAS CITY/PLEASANT HILL MO
605 AM CST MON FEB 1 2016

...................................

...THE SEDALIA CLIMATE SUMMARY FOR THE MONTH OF JANUARY 2016...

CLIMATE NORMAL PERIOD 1981 TO 2010
CLIMATE RECORD PERIOD 9999 TO 9999

WEATHER         OBSERVED          NORMAL  DEPART  LAST YEAR`S
                 VALUE   DATE(S)  VALUE   FROM    VALUE  DATE(S)
                                          NORMAL
................................................................
TEMPERATURE (F)
HIGHEST            63   01/29        62       1       69  01/28
LOWEST              2   01/18                 3        2  01/08
                        01/17                             01/07
AVG. MAXIMUM     41.4              40.3     1.1     43.6
AVG. MINIMUM     23.8              21.9     1.9     23.2
MEAN             32.6              31.7     0.9     33.4
DAYS MAX >= 90      0               0.0     0.0        0
DAYS MAX <= 32      7               8.9    -1.9        5
DAYS MIN <= 32     25              27.5    -2.5       25
DAYS MIN <= 0       0               2.1    -2.1        0

PRECIPITATION (INCHES)
TOTALS           0.91              1.67   -0.76     0.95
DAILY AVG.       0.03              0.05   -0.02     0.03
DAYS >= .01         2               6.7    -4.7        6
DAYS >= .10         1               3.3    -2.3        3
DAYS >= .50         1               0.8     0.2        0
DAYS >= 1.00        0               0.3    -0.3        0
GREATEST
 24 HR. TOTAL    0.86   01/07 TO 01/08

DEGREE_DAYS
HEATING TOTAL     967              1034     -67      972
 SINCE 7/1       2283              2815    -532     2797
COOLING TOTAL       0                 0       0        0
 SINCE 1/1          0                 0       0        0
.................................................................

WIND (MPH)
AVERAGE WIND SPEED              10.0
HIGHEST WIND SPEED/DIRECTION    28/210    DATE  01/14
HIGHEST GUST SPEED/DIRECTION    37/350    DATE  01/09

SKY COVER
POSSIBLE SUNSHINE (PERCENT)   MM
AVERAGE SKY COVER           0.40
NUMBER OF DAYS FAIR           16
NUMBER OF DAYS PC              9
NUMBER OF DAYS CLOUDY          6

AVERAGE RH (PERCENT)     73

WEATHER CONDITIONS. NUMBER OF DAYS WITH
THUNDERSTORM              0     MIXED PRECIP               0
HEAVY RAIN                1     RAIN                       1
LIGHT RAIN                5     FREEZING RAIN              0
LT FREEZING RAIN          0     HAIL                       0
HEAVY SNOW                0     SNOW                       0
LIGHT SNOW                5     SLEET                      0
FOG                      11     FOG W/VIS <= 1/4 MILE      0
HAZE                      4

-  INDICATES NEGATIVE NUMBERS.
R  INDICATES RECORD WAS SET OR TIED.
MM INDICATES DATA IS MISSING.
T  INDICATES TRACE AMOUNT.

$$
