000
CXUS53 KEAX 011302
CLMDMO

CLIMATE REPORT
NATIONAL WEATHER SERVICE KANSAS CITY/PLEASANT HILL MO
756 AM CDT FRI SEP 1 2017

...................................

...THE SEDALIA CLIMATE SUMMARY FOR THE MONTH OF AUGUST 2017...

CLIMATE NORMAL PERIOD 1981 TO 2010
CLIMATE RECORD PERIOD 9999 TO 9999

WEATHER         OBSERVED          NORMAL  DEPART  LAST YEAR`S
                 VALUE   DATE(S)  VALUE   FROM    VALUE  DATE(S)
                                          NORMAL
................................................................
TEMPERATURE (F)
HIGHEST            93   08/19        98      -5       95  08/11
                                                          08/04
LOWEST             53   08/05        53       0       58  08/22
                                                          08/21
AVG. MAXIMUM     83.7              89.1    -5.4     87.2
AVG. MINIMUM     63.1              67.0    -3.9     68.8
MEAN             73.4              78.1    -4.7     78.0
DAYS MAX >= 90      3              12.0    -9.0       13
DAYS MAX <= 32      0               0.0     0.0        0
DAYS MIN <= 32      0               0.0     0.0        0
DAYS MIN <= 0       0               0.0     0.0        0

PRECIPITATION (INCHES)
TOTALS           4.63              3.49    1.14     2.35
DAILY AVG.       0.15              0.11    0.04     0.08
DAYS >= .01         6               7.8    -1.8        8
DAYS >= .10         4               4.8    -0.8        3
DAYS >= .50         3               2.5     0.5        2
DAYS >= 1.00        2               0.9     1.1        1
GREATEST
 24 HR. TOTAL    2.42   08/22 TO 08/22

DEGREE_DAYS
HEATING TOTAL       5                 1       4        0
 SINCE 7/1          5                 1       4        0
COOLING TOTAL     271               405    -134      412
 SINCE 1/1       1174              1285    -111     1413
.................................................................

WIND (MPH)
AVERAGE WIND SPEED              5.8
HIGHEST WIND SPEED/DIRECTION    32/340    DATE  08/20
HIGHEST GUST SPEED/DIRECTION    43/360    DATE  08/20

SKY COVER
POSSIBLE SUNSHINE (PERCENT)   MM
AVERAGE SKY COVER           0.20
NUMBER OF DAYS FAIR           23
NUMBER OF DAYS PC              7
NUMBER OF DAYS CLOUDY          1

AVERAGE RH (PERCENT)     78

WEATHER CONDITIONS. NUMBER OF DAYS WITH
THUNDERSTORM              9     MIXED PRECIP               0
HEAVY RAIN                7     RAIN                       6
LIGHT RAIN                9     FREEZING RAIN              0
LT FREEZING RAIN          0     HAIL                       0
HEAVY SNOW                0     SNOW                       0
LIGHT SNOW                0     SLEET                      0
FOG                      13     FOG W/VIS <= 1/4 MILE      2
HAZE                      0

-  INDICATES NEGATIVE NUMBERS.
R  INDICATES RECORD WAS SET OR TIED.
MM INDICATES DATA IS MISSING.
T  INDICATES TRACE AMOUNT.

$$
